{"id":10441,"date":"2025-06-12T05:21:30","date_gmt":"2025-06-12T08:21:30","guid":{"rendered":"https:\/\/rms-enlinea.com.ar\/tienda\/producto\/impresora-laser-hp-m111w-monocromatica-usb-7md68a\/"},"modified":"2026-04-21T05:48:01","modified_gmt":"2026-04-21T08:48:01","slug":"impresora-laser-hp-m111w-monocromatica-usb-7md68a","status":"publish","type":"product","link":"https:\/\/rms-enlinea.com.ar\/tienda\/producto\/impresora-laser-hp-m111w-monocromatica-usb-7md68a\/","title":{"rendered":"Impresora Laser Hp M111w Monocromatica Usb 7md68a"},"content":{"rendered":"<p>Modelo<\/p>\n<p>M111w<br \/>Tecnolog\u00eda de impresi\u00f3n<\/p>\n<p>L\u00e1ser<br \/>Tipo de impresi\u00f3n<\/p>\n<p>Monocrom\u00e1tica<br \/>Peso<\/p>\n<p>3.8 kg<br \/>Con Wi-Fi<\/p>\n<p>S\u00ed<br \/>Tipos de papel<\/p>\n<p>Etiqueta,Normal,Sobre<br \/>Accesorios incluidos<\/p>\n<p>Cable de alimentaci\u00f3n,Cartucho de t\u00f3ner negro,Gu\u00eda de referencia<br \/>Resoluci\u00f3n m\u00e1xima de impresi\u00f3n en blanco y negro<\/p>\n<p>600 dpi x 600 dpi<br \/>L\u00ednea<\/p>\n<p>LaserJet<br \/>Marca<\/p>\n<p>HP<br \/>Capacidad m\u00e1xima de hojas<\/p>\n<p>150<br \/>Velocidad m\u00e1xima de impresi\u00f3n en blanco y negro<\/p>\n<p>20 ppm<br \/>Modelo alfanum\u00e9rico<\/p>\n<p>7MD68A<\/p>\n","protected":false},"excerpt":{"rendered":"<p>Modelo M111wTecnolog\u00eda de impresi\u00f3n L\u00e1serTipo de impresi\u00f3n Monocrom\u00e1ticaPeso 3.8 kgCon Wi-Fi S\u00edTipos de papel Etiqueta,Normal,SobreAccesorios incluidos Cable de alimentaci\u00f3n,Cartucho de t\u00f3ner negro,Gu\u00eda de referenciaResoluci\u00f3n m\u00e1xima de impresi\u00f3n en blanco y negro 600 dpi x 600 dpiL\u00ednea LaserJetMarca HPCapacidad m\u00e1xima de hojas 150Velocidad m\u00e1xima de impresi\u00f3n en blanco y negro 20 ppmModelo alfanum\u00e9rico 7MD68A<\/p>\n","protected":false},"featured_media":10442,"comment_status":"open","ping_status":"closed","template":"","meta":{"_uag_custom_page_level_css":""},"product_brand":[552],"product_cat":[110],"product_tag":[],"class_list":{"0":"post-10441","1":"product","2":"type-product","3":"status-publish","4":"has-post-thumbnail","6":"product_brand-hp","7":"product_cat-impresoras","9":"first","10":"outofstock","11":"sale","12":"taxable","13":"shipping-taxable","14":"purchasable","15":"product-type-simple"},"uagb_featured_image_src":{"full":["https:\/\/rms-enlinea.com.ar\/wp-content\/uploads\/2025\/06\/D_635931-MLU75359175571_032024-F.jpg",1198,839,false],"thumbnail":["https:\/\/rms-enlinea.com.ar\/wp-content\/uploads\/2025\/06\/D_635931-MLU75359175571_032024-F-150x150.jpg",150,150,true],"medium":["https:\/\/rms-enlinea.com.ar\/wp-content\/uploads\/2025\/06\/D_635931-MLU75359175571_032024-F-300x210.jpg",300,210,true],"medium_large":["https:\/\/rms-enlinea.com.ar\/wp-content\/uploads\/2025\/06\/D_635931-MLU75359175571_032024-F-768x538.jpg",768,538,true],"large":["https:\/\/rms-enlinea.com.ar\/wp-content\/uploads\/2025\/06\/D_635931-MLU75359175571_032024-F-1024x717.jpg",1024,717,true],"1536x1536":["https:\/\/rms-enlinea.com.ar\/wp-content\/uploads\/2025\/06\/D_635931-MLU75359175571_032024-F.jpg",1198,839,false],"2048x2048":["https:\/\/rms-enlinea.com.ar\/wp-content\/uploads\/2025\/06\/D_635931-MLU75359175571_032024-F.jpg",1198,839,false],"woocommerce_thumbnail":["https:\/\/rms-enlinea.com.ar\/wp-content\/uploads\/2025\/06\/D_635931-MLU75359175571_032024-F-450x450.jpg",450,450,true],"woocommerce_single":["https:\/\/rms-enlinea.com.ar\/wp-content\/uploads\/2025\/06\/D_635931-MLU75359175571_032024-F-600x420.jpg",600,420,true],"woocommerce_gallery_thumbnail":["https:\/\/rms-enlinea.com.ar\/wp-content\/uploads\/2025\/06\/D_635931-MLU75359175571_032024-F-100x100.jpg",100,100,true]},"uagb_author_info":{"display_name":"l0071054","author_link":"https:\/\/rms-enlinea.com.ar\/tienda\/author\/"},"uagb_comment_info":0,"uagb_excerpt":"Modelo M111wTecnolog\u00eda de impresi\u00f3n L\u00e1serTipo de impresi\u00f3n Monocrom\u00e1ticaPeso 3.8 kgCon Wi-Fi S\u00edTipos de papel Etiqueta,Normal,SobreAccesorios incluidos Cable de alimentaci\u00f3n,Cartucho de t\u00f3ner negro,Gu\u00eda de referenciaResoluci\u00f3n m\u00e1xima de impresi\u00f3n en blanco y negro 600 dpi x 600 dpiL\u00ednea LaserJetMarca HPCapacidad m\u00e1xima de hojas 150Velocidad m\u00e1xima de impresi\u00f3n en blanco y negro 20 ppmModelo alfanum\u00e9rico 7MD68A","_links":{"self":[{"href":"https:\/\/rms-enlinea.com.ar\/tienda\/wp-json\/wp\/v2\/product\/10441","targetHints":{"allow":["GET"]}}],"collection":[{"href":"https:\/\/rms-enlinea.com.ar\/tienda\/wp-json\/wp\/v2\/product"}],"about":[{"href":"https:\/\/rms-enlinea.com.ar\/tienda\/wp-json\/wp\/v2\/types\/product"}],"replies":[{"embeddable":true,"href":"https:\/\/rms-enlinea.com.ar\/tienda\/wp-json\/wp\/v2\/comments?post=10441"}],"wp:featuredmedia":[{"embeddable":true,"href":"https:\/\/rms-enlinea.com.ar\/tienda\/wp-json\/wp\/v2\/media\/10442"}],"wp:attachment":[{"href":"https:\/\/rms-enlinea.com.ar\/tienda\/wp-json\/wp\/v2\/media?parent=10441"}],"wp:term":[{"taxonomy":"product_brand","embeddable":true,"href":"https:\/\/rms-enlinea.com.ar\/tienda\/wp-json\/wp\/v2\/product_brand?post=10441"},{"taxonomy":"product_cat","embeddable":true,"href":"https:\/\/rms-enlinea.com.ar\/tienda\/wp-json\/wp\/v2\/product_cat?post=10441"},{"taxonomy":"product_tag","embeddable":true,"href":"https:\/\/rms-enlinea.com.ar\/tienda\/wp-json\/wp\/v2\/product_tag?post=10441"}],"curies":[{"name":"wp","href":"https:\/\/api.w.org\/{rel}","templated":true}]}}