{"id":10581,"date":"2025-06-12T05:24:26","date_gmt":"2025-06-12T08:24:26","guid":{"rendered":"https:\/\/rms-enlinea.com.ar\/tienda\/producto\/driver-18-sound-hd1050-1-pulgada-50w-rms-107db-agudos\/"},"modified":"2026-04-06T12:00:05","modified_gmt":"2026-04-06T15:00:05","slug":"driver-18-sound-hd1050-1-pulgada-50w-rms-107db-agudos","status":"publish","type":"product","link":"https:\/\/rms-enlinea.com.ar\/tienda\/producto\/driver-18-sound-hd1050-1-pulgada-50w-rms-107db-agudos\/","title":{"rendered":"Driver 18 Sound Hd1050 1 Pulgada 50w Rms 107db Agudos"},"content":{"rendered":"<p>Sensibilidad promedio de 1W \/ 1m: 107 dB SPL<br \/>Garganta de salida de 1 pulgada<br \/>Di\u00e1metro de la bobina de voz 44 mm (1 3\/4 pulgada)<br \/>Manejo de potencia programa de 100 WATTS<br \/>C\u00fapula de titanio sobre suspensi\u00f3n PEN<br \/>Dise\u00f1o de enchufe de fase patentado<br \/>Di\u00e1metro total 110 mm (4,3 in)<br \/>Numero de agujeros de montaje y perno 4 agujeros M6 90 \u00b0 a \u00d8 76 mm (3 in)<br \/>Di\u00e1metro del c\u00edrculo del perno 76 mm (3 in)<br \/>Profundidad total 60,5 mm (2,38 in)<br \/>Peso neto 1,6 Kg (3.52 lb)<br \/>Peso de env\u00edo 1,7 Kg (3,74 lb)<br \/>Dimensiones del embalaje 110x110x63 mm (4,3&#215;4,3&#215;2,5 in)<br \/>Di\u00e1metro nominal: 25.4 mm (1 pulgada)<br \/>Impedancia: 8 Ohm<\/p>\n","protected":false},"excerpt":{"rendered":"<p>Sensibilidad promedio de 1W \/ 1m: 107 dB SPLGarganta de salida de 1 pulgadaDi\u00e1metro de la bobina de voz 44 mm (1 3\/4 pulgada)Manejo de potencia programa de 100 WATTSC\u00fapula de titanio sobre suspensi\u00f3n PENDise\u00f1o de enchufe de fase patentadoDi\u00e1metro total 110 mm (4,3 in)Numero de agujeros de montaje y perno 4 agujeros M6 90 [&hellip;]<\/p>\n","protected":false},"featured_media":10582,"comment_status":"open","ping_status":"closed","template":"","meta":{"_uag_custom_page_level_css":""},"product_brand":[475],"product_cat":[62],"product_tag":[],"class_list":{"0":"post-10581","1":"product","2":"type-product","3":"status-publish","4":"has-post-thumbnail","6":"product_brand-18sound","7":"product_cat-drivers","9":"first","10":"instock","11":"sale","12":"taxable","13":"shipping-taxable","14":"purchasable","15":"product-type-simple"},"uagb_featured_image_src":{"full":["https:\/\/rms-enlinea.com.ar\/wp-content\/uploads\/2025\/06\/D_618898-MLA75167510175_032024-F.jpg",473,381,false],"thumbnail":["https:\/\/rms-enlinea.com.ar\/wp-content\/uploads\/2025\/06\/D_618898-MLA75167510175_032024-F-150x150.jpg",150,150,true],"medium":["https:\/\/rms-enlinea.com.ar\/wp-content\/uploads\/2025\/06\/D_618898-MLA75167510175_032024-F-300x242.jpg",300,242,true],"medium_large":["https:\/\/rms-enlinea.com.ar\/wp-content\/uploads\/2025\/06\/D_618898-MLA75167510175_032024-F.jpg",473,381,false],"large":["https:\/\/rms-enlinea.com.ar\/wp-content\/uploads\/2025\/06\/D_618898-MLA75167510175_032024-F.jpg",473,381,false],"1536x1536":["https:\/\/rms-enlinea.com.ar\/wp-content\/uploads\/2025\/06\/D_618898-MLA75167510175_032024-F.jpg",473,381,false],"2048x2048":["https:\/\/rms-enlinea.com.ar\/wp-content\/uploads\/2025\/06\/D_618898-MLA75167510175_032024-F.jpg",473,381,false],"woocommerce_thumbnail":["https:\/\/rms-enlinea.com.ar\/wp-content\/uploads\/2025\/06\/D_618898-MLA75167510175_032024-F-450x381.jpg",450,381,true],"woocommerce_single":["https:\/\/rms-enlinea.com.ar\/wp-content\/uploads\/2025\/06\/D_618898-MLA75167510175_032024-F.jpg",473,381,false],"woocommerce_gallery_thumbnail":["https:\/\/rms-enlinea.com.ar\/wp-content\/uploads\/2025\/06\/D_618898-MLA75167510175_032024-F-100x100.jpg",100,100,true]},"uagb_author_info":{"display_name":"l0071054","author_link":"https:\/\/rms-enlinea.com.ar\/tienda\/author\/"},"uagb_comment_info":0,"uagb_excerpt":"Sensibilidad promedio de 1W \/ 1m: 107 dB SPLGarganta de salida de 1 pulgadaDi\u00e1metro de la bobina de voz 44 mm (1 3\/4 pulgada)Manejo de potencia programa de 100 WATTSC\u00fapula de titanio sobre suspensi\u00f3n PENDise\u00f1o de enchufe de fase patentadoDi\u00e1metro total 110 mm (4,3 in)Numero de agujeros de montaje y perno 4 agujeros M6 90&hellip;","_links":{"self":[{"href":"https:\/\/rms-enlinea.com.ar\/tienda\/wp-json\/wp\/v2\/product\/10581","targetHints":{"allow":["GET"]}}],"collection":[{"href":"https:\/\/rms-enlinea.com.ar\/tienda\/wp-json\/wp\/v2\/product"}],"about":[{"href":"https:\/\/rms-enlinea.com.ar\/tienda\/wp-json\/wp\/v2\/types\/product"}],"replies":[{"embeddable":true,"href":"https:\/\/rms-enlinea.com.ar\/tienda\/wp-json\/wp\/v2\/comments?post=10581"}],"wp:featuredmedia":[{"embeddable":true,"href":"https:\/\/rms-enlinea.com.ar\/tienda\/wp-json\/wp\/v2\/media\/10582"}],"wp:attachment":[{"href":"https:\/\/rms-enlinea.com.ar\/tienda\/wp-json\/wp\/v2\/media?parent=10581"}],"wp:term":[{"taxonomy":"product_brand","embeddable":true,"href":"https:\/\/rms-enlinea.com.ar\/tienda\/wp-json\/wp\/v2\/product_brand?post=10581"},{"taxonomy":"product_cat","embeddable":true,"href":"https:\/\/rms-enlinea.com.ar\/tienda\/wp-json\/wp\/v2\/product_cat?post=10581"},{"taxonomy":"product_tag","embeddable":true,"href":"https:\/\/rms-enlinea.com.ar\/tienda\/wp-json\/wp\/v2\/product_tag?post=10581"}],"curies":[{"name":"wp","href":"https:\/\/api.w.org\/{rel}","templated":true}]}}