{"id":10731,"date":"2025-06-12T05:27:38","date_gmt":"2025-06-12T08:27:38","guid":{"rendered":"https:\/\/rms-enlinea.com.ar\/tienda\/producto\/ups-estabilizador-lyonn-ups-desire-500ap-led-4-tomas\/"},"modified":"2026-03-21T20:30:47","modified_gmt":"2026-03-21T23:30:47","slug":"ups-estabilizador-lyonn-ups-desire-500ap-led-4-tomas","status":"publish","type":"product","link":"https:\/\/rms-enlinea.com.ar\/tienda\/producto\/ups-estabilizador-lyonn-ups-desire-500ap-led-4-tomas\/","title":{"rendered":"Ups Estabilizador Lyonn Ups Desire-500ap Led 4 Tomas"},"content":{"rendered":"<p>Color Negro<br \/>M\u00e9todo de selecci\u00f3n de entrada bivolt Autom\u00e1tico<br \/>Marca Lyonn<br \/>C\u00f3digo universal de producto 7798126660033<br \/>Rango de voltaje de entrada 165V &#8211; 275V<br \/>L\u00ednea Desire<br \/>Modelo DESIRE 500AP<br \/>Cantidad de tomas 4<\/p>\n","protected":false},"excerpt":{"rendered":"<p>Color NegroM\u00e9todo de selecci\u00f3n de entrada bivolt Autom\u00e1ticoMarca LyonnC\u00f3digo universal de producto 7798126660033Rango de voltaje de entrada 165V &#8211; 275VL\u00ednea DesireModelo DESIRE 500APCantidad de tomas 4<\/p>\n","protected":false},"featured_media":10732,"comment_status":"open","ping_status":"closed","template":"","meta":{"_uag_custom_page_level_css":""},"product_brand":[569],"product_cat":[107],"product_tag":[],"class_list":{"0":"post-10731","1":"product","2":"type-product","3":"status-publish","4":"has-post-thumbnail","6":"product_brand-lyonn","7":"product_cat-estabilizadores-y-ups","9":"first","10":"instock","11":"sale","12":"taxable","13":"shipping-taxable","14":"purchasable","15":"product-type-simple"},"uagb_featured_image_src":{"full":["https:\/\/rms-enlinea.com.ar\/wp-content\/uploads\/2025\/06\/D_992471-MLA42212294257_062020-F.jpg",727,768,false],"thumbnail":["https:\/\/rms-enlinea.com.ar\/wp-content\/uploads\/2025\/06\/D_992471-MLA42212294257_062020-F-150x150.jpg",150,150,true],"medium":["https:\/\/rms-enlinea.com.ar\/wp-content\/uploads\/2025\/06\/D_992471-MLA42212294257_062020-F-284x300.jpg",284,300,true],"medium_large":["https:\/\/rms-enlinea.com.ar\/wp-content\/uploads\/2025\/06\/D_992471-MLA42212294257_062020-F.jpg",727,768,false],"large":["https:\/\/rms-enlinea.com.ar\/wp-content\/uploads\/2025\/06\/D_992471-MLA42212294257_062020-F.jpg",727,768,false],"1536x1536":["https:\/\/rms-enlinea.com.ar\/wp-content\/uploads\/2025\/06\/D_992471-MLA42212294257_062020-F.jpg",727,768,false],"2048x2048":["https:\/\/rms-enlinea.com.ar\/wp-content\/uploads\/2025\/06\/D_992471-MLA42212294257_062020-F.jpg",727,768,false],"woocommerce_thumbnail":["https:\/\/rms-enlinea.com.ar\/wp-content\/uploads\/2025\/06\/D_992471-MLA42212294257_062020-F-450x450.jpg",450,450,true],"woocommerce_single":["https:\/\/rms-enlinea.com.ar\/wp-content\/uploads\/2025\/06\/D_992471-MLA42212294257_062020-F-600x634.jpg",600,634,true],"woocommerce_gallery_thumbnail":["https:\/\/rms-enlinea.com.ar\/wp-content\/uploads\/2025\/06\/D_992471-MLA42212294257_062020-F-100x100.jpg",100,100,true]},"uagb_author_info":{"display_name":"l0071054","author_link":"https:\/\/rms-enlinea.com.ar\/tienda\/author\/"},"uagb_comment_info":0,"uagb_excerpt":"Color NegroM\u00e9todo de selecci\u00f3n de entrada bivolt Autom\u00e1ticoMarca LyonnC\u00f3digo universal de producto 7798126660033Rango de voltaje de entrada 165V &#8211; 275VL\u00ednea DesireModelo DESIRE 500APCantidad de tomas 4","_links":{"self":[{"href":"https:\/\/rms-enlinea.com.ar\/tienda\/wp-json\/wp\/v2\/product\/10731","targetHints":{"allow":["GET"]}}],"collection":[{"href":"https:\/\/rms-enlinea.com.ar\/tienda\/wp-json\/wp\/v2\/product"}],"about":[{"href":"https:\/\/rms-enlinea.com.ar\/tienda\/wp-json\/wp\/v2\/types\/product"}],"replies":[{"embeddable":true,"href":"https:\/\/rms-enlinea.com.ar\/tienda\/wp-json\/wp\/v2\/comments?post=10731"}],"wp:featuredmedia":[{"embeddable":true,"href":"https:\/\/rms-enlinea.com.ar\/tienda\/wp-json\/wp\/v2\/media\/10732"}],"wp:attachment":[{"href":"https:\/\/rms-enlinea.com.ar\/tienda\/wp-json\/wp\/v2\/media?parent=10731"}],"wp:term":[{"taxonomy":"product_brand","embeddable":true,"href":"https:\/\/rms-enlinea.com.ar\/tienda\/wp-json\/wp\/v2\/product_brand?post=10731"},{"taxonomy":"product_cat","embeddable":true,"href":"https:\/\/rms-enlinea.com.ar\/tienda\/wp-json\/wp\/v2\/product_cat?post=10731"},{"taxonomy":"product_tag","embeddable":true,"href":"https:\/\/rms-enlinea.com.ar\/tienda\/wp-json\/wp\/v2\/product_tag?post=10731"}],"curies":[{"name":"wp","href":"https:\/\/api.w.org\/{rel}","templated":true}]}}