{"id":10951,"date":"2025-06-12T05:32:07","date_gmt":"2025-06-12T08:32:07","guid":{"rendered":"https:\/\/rms-enlinea.com.ar\/tienda\/producto\/gabinete-gamer-asus-gx601-rog-stris-helios-mid-tower\/"},"modified":"2026-04-21T05:59:31","modified_gmt":"2026-04-21T08:59:31","slug":"gabinete-gamer-asus-gx601-rog-stris-helios-mid-tower","status":"publish","type":"product","link":"https:\/\/rms-enlinea.com.ar\/tienda\/producto\/gabinete-gamer-asus-gx601-rog-stris-helios-mid-tower\/","title":{"rendered":"Gabinete Gamer Asus Gx601 Rog Stris Helios Mid Tower"},"content":{"rendered":"<p>Color<\/p>\n<p>Negro<br \/>Largo<\/p>\n<p>56.5 cm<br \/>Marca<\/p>\n<p>Asus<br \/>Materiales de la caja<\/p>\n<p>Aluminio<br \/>Tipo de estructura<\/p>\n<p>Mid tower<br \/>Ventiladores preinstalados (traseros)<\/p>\n<p>1 x 140 mm<br \/>Ventiladores preinstalados (frente)<\/p>\n<p>3 x 140 mm<br \/>Puertos<\/p>\n<p>1 x usb 3.1 gen 2 tipo-c,4 x usb 3.1 gen 1,1 x auriculares,1 x micr\u00f3fono<br \/>Incluye fuente de alimentaci\u00f3n<\/p>\n<p>No<br \/>Altura<\/p>\n<p>59.1 cm<br \/>L\u00ednea<\/p>\n<p>ROG Strix Helios<br \/>Color principal<\/p>\n<p>Negro<\/p>\n","protected":false},"excerpt":{"rendered":"<p>Color NegroLargo 56.5 cmMarca AsusMateriales de la caja AluminioTipo de estructura Mid towerVentiladores preinstalados (traseros) 1 x 140 mmVentiladores preinstalados (frente) 3 x 140 mmPuertos 1 x usb 3.1 gen 2 tipo-c,4 x usb 3.1 gen 1,1 x auriculares,1 x micr\u00f3fonoIncluye fuente de alimentaci\u00f3n NoAltura 59.1 cmL\u00ednea ROG Strix HeliosColor principal Negro<\/p>\n","protected":false},"featured_media":10952,"comment_status":"open","ping_status":"closed","template":"","meta":{"_uag_custom_page_level_css":""},"product_brand":[586],"product_cat":[109],"product_tag":[],"class_list":{"0":"post-10951","1":"product","2":"type-product","3":"status-publish","4":"has-post-thumbnail","6":"product_brand-asus","7":"product_cat-gabinetes","9":"first","10":"outofstock","11":"sale","12":"taxable","13":"shipping-taxable","14":"purchasable","15":"product-type-simple"},"uagb_featured_image_src":{"full":["https:\/\/rms-enlinea.com.ar\/wp-content\/uploads\/2025\/06\/D_621673-MLU69895030092_062023-F.jpg",346,500,false],"thumbnail":["https:\/\/rms-enlinea.com.ar\/wp-content\/uploads\/2025\/06\/D_621673-MLU69895030092_062023-F-150x150.jpg",150,150,true],"medium":["https:\/\/rms-enlinea.com.ar\/wp-content\/uploads\/2025\/06\/D_621673-MLU69895030092_062023-F-208x300.jpg",208,300,true],"medium_large":["https:\/\/rms-enlinea.com.ar\/wp-content\/uploads\/2025\/06\/D_621673-MLU69895030092_062023-F.jpg",346,500,false],"large":["https:\/\/rms-enlinea.com.ar\/wp-content\/uploads\/2025\/06\/D_621673-MLU69895030092_062023-F.jpg",346,500,false],"1536x1536":["https:\/\/rms-enlinea.com.ar\/wp-content\/uploads\/2025\/06\/D_621673-MLU69895030092_062023-F.jpg",346,500,false],"2048x2048":["https:\/\/rms-enlinea.com.ar\/wp-content\/uploads\/2025\/06\/D_621673-MLU69895030092_062023-F.jpg",346,500,false],"woocommerce_thumbnail":["https:\/\/rms-enlinea.com.ar\/wp-content\/uploads\/2025\/06\/D_621673-MLU69895030092_062023-F-346x450.jpg",346,450,true],"woocommerce_single":["https:\/\/rms-enlinea.com.ar\/wp-content\/uploads\/2025\/06\/D_621673-MLU69895030092_062023-F.jpg",346,500,false],"woocommerce_gallery_thumbnail":["https:\/\/rms-enlinea.com.ar\/wp-content\/uploads\/2025\/06\/D_621673-MLU69895030092_062023-F-100x100.jpg",100,100,true]},"uagb_author_info":{"display_name":"l0071054","author_link":"https:\/\/rms-enlinea.com.ar\/tienda\/author\/"},"uagb_comment_info":0,"uagb_excerpt":"Color NegroLargo 56.5 cmMarca AsusMateriales de la caja AluminioTipo de estructura Mid towerVentiladores preinstalados (traseros) 1 x 140 mmVentiladores preinstalados (frente) 3 x 140 mmPuertos 1 x usb 3.1 gen 2 tipo-c,4 x usb 3.1 gen 1,1 x auriculares,1 x micr\u00f3fonoIncluye fuente de alimentaci\u00f3n NoAltura 59.1 cmL\u00ednea ROG Strix HeliosColor principal Negro","_links":{"self":[{"href":"https:\/\/rms-enlinea.com.ar\/tienda\/wp-json\/wp\/v2\/product\/10951","targetHints":{"allow":["GET"]}}],"collection":[{"href":"https:\/\/rms-enlinea.com.ar\/tienda\/wp-json\/wp\/v2\/product"}],"about":[{"href":"https:\/\/rms-enlinea.com.ar\/tienda\/wp-json\/wp\/v2\/types\/product"}],"replies":[{"embeddable":true,"href":"https:\/\/rms-enlinea.com.ar\/tienda\/wp-json\/wp\/v2\/comments?post=10951"}],"wp:featuredmedia":[{"embeddable":true,"href":"https:\/\/rms-enlinea.com.ar\/tienda\/wp-json\/wp\/v2\/media\/10952"}],"wp:attachment":[{"href":"https:\/\/rms-enlinea.com.ar\/tienda\/wp-json\/wp\/v2\/media?parent=10951"}],"wp:term":[{"taxonomy":"product_brand","embeddable":true,"href":"https:\/\/rms-enlinea.com.ar\/tienda\/wp-json\/wp\/v2\/product_brand?post=10951"},{"taxonomy":"product_cat","embeddable":true,"href":"https:\/\/rms-enlinea.com.ar\/tienda\/wp-json\/wp\/v2\/product_cat?post=10951"},{"taxonomy":"product_tag","embeddable":true,"href":"https:\/\/rms-enlinea.com.ar\/tienda\/wp-json\/wp\/v2\/product_tag?post=10951"}],"curies":[{"name":"wp","href":"https:\/\/api.w.org\/{rel}","templated":true}]}}