{"id":11103,"date":"2025-06-12T05:35:15","date_gmt":"2025-06-12T08:35:15","guid":{"rendered":"https:\/\/rms-enlinea.com.ar\/tienda\/producto\/mouse-gamer-logitech-g309-lightspeed-910-007198-25600-dpi\/"},"modified":"2026-04-13T11:21:09","modified_gmt":"2026-04-13T14:21:09","slug":"mouse-gamer-logitech-g309-lightspeed-910-007198-25600-dpi","status":"publish","type":"product","link":"https:\/\/rms-enlinea.com.ar\/tienda\/producto\/mouse-gamer-logitech-g309-lightspeed-910-007198-25600-dpi\/","title":{"rendered":"Mouse Gamer Logitech G309 Lightspeed 910-007198 25600 Dpi"},"content":{"rendered":"<p>INTERRUPTORES LIGHTFORCE interruptores h\u00edbridos \u00f3ptico-mec\u00e1nicos<\/p>\n<p>Tecnolog\u00eda inal\u00e1mbrica LIGHTSPEED<\/p>\n<p>Hasta 5 perfiles de memoria integrada<\/p>\n<p>Pies de PTFE<\/p>\n<p>Duraci\u00f3n de las bater\u00edas: La duraci\u00f3n de las bater\u00edas depende del uso y del estado de los dispositivos<\/p>\n<p>M\u00e1s de 300 horas de movimiento constante con tecnolog\u00eda inal\u00e1mbrica LIGHTSPEED, m\u00e1s de 600 con Bluetooth<\/p>\n","protected":false},"excerpt":{"rendered":"<p>INTERRUPTORES LIGHTFORCE interruptores h\u00edbridos \u00f3ptico-mec\u00e1nicos Tecnolog\u00eda inal\u00e1mbrica LIGHTSPEED Hasta 5 perfiles de memoria integrada Pies de PTFE Duraci\u00f3n de las bater\u00edas: La duraci\u00f3n de las bater\u00edas depende del uso y del estado de los dispositivos M\u00e1s de 300 horas de movimiento constante con tecnolog\u00eda inal\u00e1mbrica LIGHTSPEED, m\u00e1s de 600 con Bluetooth<\/p>\n","protected":false},"featured_media":11098,"comment_status":"open","ping_status":"closed","template":"","meta":{"_uag_custom_page_level_css":""},"product_brand":[549],"product_cat":[125],"product_tag":[],"class_list":{"0":"post-11103","1":"product","2":"type-product","3":"status-publish","4":"has-post-thumbnail","6":"product_brand-logitech","7":"product_cat-teclados-y-mouses","9":"first","10":"outofstock","11":"sale","12":"taxable","13":"shipping-taxable","14":"purchasable","15":"product-type-simple"},"uagb_featured_image_src":{"full":["https:\/\/rms-enlinea.com.ar\/wp-content\/uploads\/2025\/06\/D_815296-MLU78437780188_082024-F.jpg",582,1100,false],"thumbnail":["https:\/\/rms-enlinea.com.ar\/wp-content\/uploads\/2025\/06\/D_815296-MLU78437780188_082024-F-150x150.jpg",150,150,true],"medium":["https:\/\/rms-enlinea.com.ar\/wp-content\/uploads\/2025\/06\/D_815296-MLU78437780188_082024-F-159x300.jpg",159,300,true],"medium_large":["https:\/\/rms-enlinea.com.ar\/wp-content\/uploads\/2025\/06\/D_815296-MLU78437780188_082024-F.jpg",582,1100,false],"large":["https:\/\/rms-enlinea.com.ar\/wp-content\/uploads\/2025\/06\/D_815296-MLU78437780188_082024-F-542x1024.jpg",542,1024,true],"1536x1536":["https:\/\/rms-enlinea.com.ar\/wp-content\/uploads\/2025\/06\/D_815296-MLU78437780188_082024-F.jpg",582,1100,false],"2048x2048":["https:\/\/rms-enlinea.com.ar\/wp-content\/uploads\/2025\/06\/D_815296-MLU78437780188_082024-F.jpg",582,1100,false],"woocommerce_thumbnail":["https:\/\/rms-enlinea.com.ar\/wp-content\/uploads\/2025\/06\/D_815296-MLU78437780188_082024-F-450x450.jpg",450,450,true],"woocommerce_single":["https:\/\/rms-enlinea.com.ar\/wp-content\/uploads\/2025\/06\/D_815296-MLU78437780188_082024-F.jpg",582,1100,false],"woocommerce_gallery_thumbnail":["https:\/\/rms-enlinea.com.ar\/wp-content\/uploads\/2025\/06\/D_815296-MLU78437780188_082024-F-100x100.jpg",100,100,true]},"uagb_author_info":{"display_name":"l0071054","author_link":"https:\/\/rms-enlinea.com.ar\/tienda\/author\/"},"uagb_comment_info":0,"uagb_excerpt":"INTERRUPTORES LIGHTFORCE interruptores h\u00edbridos \u00f3ptico-mec\u00e1nicos Tecnolog\u00eda inal\u00e1mbrica LIGHTSPEED Hasta 5 perfiles de memoria integrada Pies de PTFE Duraci\u00f3n de las bater\u00edas: La duraci\u00f3n de las bater\u00edas depende del uso y del estado de los dispositivos M\u00e1s de 300 horas de movimiento constante con tecnolog\u00eda inal\u00e1mbrica LIGHTSPEED, m\u00e1s de 600 con Bluetooth","_links":{"self":[{"href":"https:\/\/rms-enlinea.com.ar\/tienda\/wp-json\/wp\/v2\/product\/11103","targetHints":{"allow":["GET"]}}],"collection":[{"href":"https:\/\/rms-enlinea.com.ar\/tienda\/wp-json\/wp\/v2\/product"}],"about":[{"href":"https:\/\/rms-enlinea.com.ar\/tienda\/wp-json\/wp\/v2\/types\/product"}],"replies":[{"embeddable":true,"href":"https:\/\/rms-enlinea.com.ar\/tienda\/wp-json\/wp\/v2\/comments?post=11103"}],"wp:featuredmedia":[{"embeddable":true,"href":"https:\/\/rms-enlinea.com.ar\/tienda\/wp-json\/wp\/v2\/media\/11098"}],"wp:attachment":[{"href":"https:\/\/rms-enlinea.com.ar\/tienda\/wp-json\/wp\/v2\/media?parent=11103"}],"wp:term":[{"taxonomy":"product_brand","embeddable":true,"href":"https:\/\/rms-enlinea.com.ar\/tienda\/wp-json\/wp\/v2\/product_brand?post=11103"},{"taxonomy":"product_cat","embeddable":true,"href":"https:\/\/rms-enlinea.com.ar\/tienda\/wp-json\/wp\/v2\/product_cat?post=11103"},{"taxonomy":"product_tag","embeddable":true,"href":"https:\/\/rms-enlinea.com.ar\/tienda\/wp-json\/wp\/v2\/product_tag?post=11103"}],"curies":[{"name":"wp","href":"https:\/\/api.w.org\/{rel}","templated":true}]}}