{"id":11123,"date":"2025-06-12T05:35:50","date_gmt":"2025-06-12T08:35:50","guid":{"rendered":"https:\/\/rms-enlinea.com.ar\/tienda\/producto\/plancha-a-vapor-liliana-rpv301-base-ceramica\/"},"modified":"2026-04-21T06:06:03","modified_gmt":"2026-04-21T09:06:03","slug":"plancha-a-vapor-liliana-rpv301-base-ceramica","status":"publish","type":"product","link":"https:\/\/rms-enlinea.com.ar\/tienda\/producto\/plancha-a-vapor-liliana-rpv301-base-ceramica\/","title":{"rendered":"Plancha A Vapor Liliana Rpv301 Base Ceramica"},"content":{"rendered":"<p>Modelo alfanum\u00e9rico<\/p>\n<p>RPV301<br \/>Marca<\/p>\n<p>Liliana<br \/>Tipo de plancha<\/p>\n<p>A vapor<br \/>Uso de la plancha<\/p>\n<p>Dom\u00e9stica<br \/>Es vaporizador<\/p>\n<p>No<br \/>Es estaci\u00f3n de planchado<\/p>\n<p>No<br \/>L\u00ednea<\/p>\n<p>Vapor<br \/>Modelo<\/p>\n<p>Ceramic<br \/>Material de la base<\/p>\n<p>Cer\u00e1mica<br \/>Voltaje<\/p>\n<p>220V &#8211; 240V<br \/>Con vapor ajustable<\/p>\n<p>S\u00ed<br \/>Con sistema antisarro<\/p>\n<p>No<br \/>Con base antiadherente<\/p>\n<p>No<br \/>Con vapor extra<\/p>\n<p>S\u00ed<br \/>Con cable giratorio<\/p>\n<p>S\u00ed<br \/>Con control de temperatura<\/p>\n<p>S\u00ed<br \/>Con funci\u00f3n de planchado vertical<\/p>\n<p>S\u00ed<\/p>\n","protected":false},"excerpt":{"rendered":"<p>Modelo alfanum\u00e9rico RPV301Marca LilianaTipo de plancha A vaporUso de la plancha Dom\u00e9sticaEs vaporizador NoEs estaci\u00f3n de planchado NoL\u00ednea VaporModelo CeramicMaterial de la base Cer\u00e1micaVoltaje 220V &#8211; 240VCon vapor ajustable S\u00edCon sistema antisarro NoCon base antiadherente NoCon vapor extra S\u00edCon cable giratorio S\u00edCon control de temperatura S\u00edCon funci\u00f3n de planchado vertical S\u00ed<\/p>\n","protected":false},"featured_media":11124,"comment_status":"open","ping_status":"closed","template":"","meta":{"_uag_custom_page_level_css":""},"product_brand":[533],"product_cat":[31],"product_tag":[],"class_list":{"0":"post-11123","1":"product","2":"type-product","3":"status-publish","4":"has-post-thumbnail","6":"product_brand-liliana","7":"product_cat-electrodomesticos","9":"first","10":"outofstock","11":"sale","12":"taxable","13":"shipping-taxable","14":"purchasable","15":"product-type-simple"},"uagb_featured_image_src":{"full":["https:\/\/rms-enlinea.com.ar\/wp-content\/uploads\/2025\/06\/D_876926-MLU72748114160_112023-F.jpg",1200,910,false],"thumbnail":["https:\/\/rms-enlinea.com.ar\/wp-content\/uploads\/2025\/06\/D_876926-MLU72748114160_112023-F-150x150.jpg",150,150,true],"medium":["https:\/\/rms-enlinea.com.ar\/wp-content\/uploads\/2025\/06\/D_876926-MLU72748114160_112023-F-300x228.jpg",300,228,true],"medium_large":["https:\/\/rms-enlinea.com.ar\/wp-content\/uploads\/2025\/06\/D_876926-MLU72748114160_112023-F-768x582.jpg",768,582,true],"large":["https:\/\/rms-enlinea.com.ar\/wp-content\/uploads\/2025\/06\/D_876926-MLU72748114160_112023-F-1024x777.jpg",1024,777,true],"1536x1536":["https:\/\/rms-enlinea.com.ar\/wp-content\/uploads\/2025\/06\/D_876926-MLU72748114160_112023-F.jpg",1200,910,false],"2048x2048":["https:\/\/rms-enlinea.com.ar\/wp-content\/uploads\/2025\/06\/D_876926-MLU72748114160_112023-F.jpg",1200,910,false],"woocommerce_thumbnail":["https:\/\/rms-enlinea.com.ar\/wp-content\/uploads\/2025\/06\/D_876926-MLU72748114160_112023-F-450x450.jpg",450,450,true],"woocommerce_single":["https:\/\/rms-enlinea.com.ar\/wp-content\/uploads\/2025\/06\/D_876926-MLU72748114160_112023-F-600x455.jpg",600,455,true],"woocommerce_gallery_thumbnail":["https:\/\/rms-enlinea.com.ar\/wp-content\/uploads\/2025\/06\/D_876926-MLU72748114160_112023-F-100x100.jpg",100,100,true]},"uagb_author_info":{"display_name":"l0071054","author_link":"https:\/\/rms-enlinea.com.ar\/tienda\/author\/"},"uagb_comment_info":0,"uagb_excerpt":"Modelo alfanum\u00e9rico RPV301Marca LilianaTipo de plancha A vaporUso de la plancha Dom\u00e9sticaEs vaporizador NoEs estaci\u00f3n de planchado NoL\u00ednea VaporModelo CeramicMaterial de la base Cer\u00e1micaVoltaje 220V &#8211; 240VCon vapor ajustable S\u00edCon sistema antisarro NoCon base antiadherente NoCon vapor extra S\u00edCon cable giratorio S\u00edCon control de temperatura S\u00edCon funci\u00f3n de planchado vertical S\u00ed","_links":{"self":[{"href":"https:\/\/rms-enlinea.com.ar\/tienda\/wp-json\/wp\/v2\/product\/11123","targetHints":{"allow":["GET"]}}],"collection":[{"href":"https:\/\/rms-enlinea.com.ar\/tienda\/wp-json\/wp\/v2\/product"}],"about":[{"href":"https:\/\/rms-enlinea.com.ar\/tienda\/wp-json\/wp\/v2\/types\/product"}],"replies":[{"embeddable":true,"href":"https:\/\/rms-enlinea.com.ar\/tienda\/wp-json\/wp\/v2\/comments?post=11123"}],"wp:featuredmedia":[{"embeddable":true,"href":"https:\/\/rms-enlinea.com.ar\/tienda\/wp-json\/wp\/v2\/media\/11124"}],"wp:attachment":[{"href":"https:\/\/rms-enlinea.com.ar\/tienda\/wp-json\/wp\/v2\/media?parent=11123"}],"wp:term":[{"taxonomy":"product_brand","embeddable":true,"href":"https:\/\/rms-enlinea.com.ar\/tienda\/wp-json\/wp\/v2\/product_brand?post=11123"},{"taxonomy":"product_cat","embeddable":true,"href":"https:\/\/rms-enlinea.com.ar\/tienda\/wp-json\/wp\/v2\/product_cat?post=11123"},{"taxonomy":"product_tag","embeddable":true,"href":"https:\/\/rms-enlinea.com.ar\/tienda\/wp-json\/wp\/v2\/product_tag?post=11123"}],"curies":[{"name":"wp","href":"https:\/\/api.w.org\/{rel}","templated":true}]}}