{"id":11195,"date":"2025-06-12T05:37:25","date_gmt":"2025-06-12T08:37:25","guid":{"rendered":"https:\/\/rms-enlinea.com.ar\/tienda\/producto\/kit-teclado-y-mouse-inalambrico-genius-slimstar-800se\/"},"modified":"2026-04-21T14:11:18","modified_gmt":"2026-04-21T17:11:18","slug":"kit-teclado-y-mouse-inalambrico-genius-slimstar-800se","status":"publish","type":"product","link":"https:\/\/rms-enlinea.com.ar\/tienda\/producto\/kit-teclado-y-mouse-inalambrico-genius-slimstar-800se\/","title":{"rendered":"Kit Teclado Y Mouse Inalambrico Genius Slimstar 800se"},"content":{"rendered":"<p>Marca Genius<br \/>Incluye bater\u00eda S\u00ed<br \/>Incluye auriculares No<br \/>Incluye mouse pad No<br \/>Incluye parlantes No<br \/>Es gamer No<br \/>Es teclado para una mano No<br \/>Es recargable No<br \/>Es inal\u00e1mbrico S\u00ed<br \/>Condici\u00f3n del \u00edtem Nuevo<br \/>Idioma del teclado Espa\u00f1ol<br \/>Modelo SlimStar 800se<br \/>Resoluci\u00f3n del sensor del mouse 1000 dpi<br \/>Tipo de sensor del mouse \u00d3ptico<\/p>\n","protected":false},"excerpt":{"rendered":"<p>Marca GeniusIncluye bater\u00eda S\u00edIncluye auriculares NoIncluye mouse pad NoIncluye parlantes NoEs gamer NoEs teclado para una mano NoEs recargable NoEs inal\u00e1mbrico S\u00edCondici\u00f3n del \u00edtem NuevoIdioma del teclado Espa\u00f1olModelo SlimStar 800seResoluci\u00f3n del sensor del mouse 1000 dpiTipo de sensor del mouse \u00d3ptico<\/p>\n","protected":false},"featured_media":11196,"comment_status":"open","ping_status":"closed","template":"","meta":{"_uag_custom_page_level_css":""},"product_brand":[550],"product_cat":[125],"product_tag":[],"class_list":{"0":"post-11195","1":"product","2":"type-product","3":"status-publish","4":"has-post-thumbnail","6":"product_brand-genius","7":"product_cat-teclados-y-mouses","9":"first","10":"outofstock","11":"sale","12":"taxable","13":"shipping-taxable","14":"purchasable","15":"product-type-simple"},"uagb_featured_image_src":{"full":["https:\/\/rms-enlinea.com.ar\/wp-content\/uploads\/2025\/06\/D_853057-MLA78709030777_082024-F.jpg",1200,282,false],"thumbnail":["https:\/\/rms-enlinea.com.ar\/wp-content\/uploads\/2025\/06\/D_853057-MLA78709030777_082024-F-150x150.jpg",150,150,true],"medium":["https:\/\/rms-enlinea.com.ar\/wp-content\/uploads\/2025\/06\/D_853057-MLA78709030777_082024-F-300x71.jpg",300,71,true],"medium_large":["https:\/\/rms-enlinea.com.ar\/wp-content\/uploads\/2025\/06\/D_853057-MLA78709030777_082024-F-768x180.jpg",768,180,true],"large":["https:\/\/rms-enlinea.com.ar\/wp-content\/uploads\/2025\/06\/D_853057-MLA78709030777_082024-F-1024x241.jpg",1024,241,true],"1536x1536":["https:\/\/rms-enlinea.com.ar\/wp-content\/uploads\/2025\/06\/D_853057-MLA78709030777_082024-F.jpg",1200,282,false],"2048x2048":["https:\/\/rms-enlinea.com.ar\/wp-content\/uploads\/2025\/06\/D_853057-MLA78709030777_082024-F.jpg",1200,282,false],"woocommerce_thumbnail":["https:\/\/rms-enlinea.com.ar\/wp-content\/uploads\/2025\/06\/D_853057-MLA78709030777_082024-F-450x282.jpg",450,282,true],"woocommerce_single":["https:\/\/rms-enlinea.com.ar\/wp-content\/uploads\/2025\/06\/D_853057-MLA78709030777_082024-F-600x141.jpg",600,141,true],"woocommerce_gallery_thumbnail":["https:\/\/rms-enlinea.com.ar\/wp-content\/uploads\/2025\/06\/D_853057-MLA78709030777_082024-F-100x100.jpg",100,100,true]},"uagb_author_info":{"display_name":"l0071054","author_link":"https:\/\/rms-enlinea.com.ar\/tienda\/author\/"},"uagb_comment_info":0,"uagb_excerpt":"Marca GeniusIncluye bater\u00eda S\u00edIncluye auriculares NoIncluye mouse pad NoIncluye parlantes NoEs gamer NoEs teclado para una mano NoEs recargable NoEs inal\u00e1mbrico S\u00edCondici\u00f3n del \u00edtem NuevoIdioma del teclado Espa\u00f1olModelo SlimStar 800seResoluci\u00f3n del sensor del mouse 1000 dpiTipo de sensor del mouse \u00d3ptico","_links":{"self":[{"href":"https:\/\/rms-enlinea.com.ar\/tienda\/wp-json\/wp\/v2\/product\/11195","targetHints":{"allow":["GET"]}}],"collection":[{"href":"https:\/\/rms-enlinea.com.ar\/tienda\/wp-json\/wp\/v2\/product"}],"about":[{"href":"https:\/\/rms-enlinea.com.ar\/tienda\/wp-json\/wp\/v2\/types\/product"}],"replies":[{"embeddable":true,"href":"https:\/\/rms-enlinea.com.ar\/tienda\/wp-json\/wp\/v2\/comments?post=11195"}],"wp:featuredmedia":[{"embeddable":true,"href":"https:\/\/rms-enlinea.com.ar\/tienda\/wp-json\/wp\/v2\/media\/11196"}],"wp:attachment":[{"href":"https:\/\/rms-enlinea.com.ar\/tienda\/wp-json\/wp\/v2\/media?parent=11195"}],"wp:term":[{"taxonomy":"product_brand","embeddable":true,"href":"https:\/\/rms-enlinea.com.ar\/tienda\/wp-json\/wp\/v2\/product_brand?post=11195"},{"taxonomy":"product_cat","embeddable":true,"href":"https:\/\/rms-enlinea.com.ar\/tienda\/wp-json\/wp\/v2\/product_cat?post=11195"},{"taxonomy":"product_tag","embeddable":true,"href":"https:\/\/rms-enlinea.com.ar\/tienda\/wp-json\/wp\/v2\/product_tag?post=11195"}],"curies":[{"name":"wp","href":"https:\/\/api.w.org\/{rel}","templated":true}]}}