{"id":11214,"date":"2025-06-12T05:37:48","date_gmt":"2025-06-12T08:37:48","guid":{"rendered":"https:\/\/rms-enlinea.com.ar\/tienda\/producto\/soporte-de-monitor-13-a-32-vesa-100x100-intelaid-it-dbsl\/"},"modified":"2026-03-21T20:10:49","modified_gmt":"2026-03-21T23:10:49","slug":"soporte-de-monitor-13-a-32-vesa-100x100-intelaid-it-dbsl","status":"publish","type":"product","link":"https:\/\/rms-enlinea.com.ar\/tienda\/producto\/soporte-de-monitor-13-a-32-vesa-100x100-intelaid-it-dbsl\/","title":{"rendered":"Soporte De Monitor 13 A 32 Vesa 100&#215;100 Intelaid It-dbsl"},"content":{"rendered":"<p>Marca<\/p>\n<p>Intelaid<br \/>Tipos de pantallas soportadas<\/p>\n<p>TV \/ LED \/LCD<br \/>C\u00f3digo universal de producto<\/p>\n<p>4805726470658<br \/>Altura<\/p>\n<p>440 mm<br \/>Incluye organizador de cables<\/p>\n<p>S\u00ed<br \/>Es articulado<\/p>\n<p>S\u00ed<br \/>Es fijo<\/p>\n<p>No<br \/>Es inclinable<\/p>\n<p>S\u00ed<br \/>Inclinaci\u00f3n inferior<\/p>\n<p>45 \u00b0<br \/>Materiales<\/p>\n<p>Acero<br \/>Tama\u00f1o m\u00e1ximo de la pantalla<\/p>\n<p>32 &#8220;<br \/>Peso m\u00e1ximo soportado<\/p>\n<p>8 kg<br \/>Tama\u00f1o m\u00ednimo de la pantalla<\/p>\n<p>13 &#8220;<br \/>Modelo<\/p>\n<p>IT-DBSL<br \/>Lugar de montaje<\/p>\n<p>Mesa<br \/>\u00c1ngulo de rotaci\u00f3n<\/p>\n<p>180\u00b0<br \/>Est\u00e1ndares VESA<\/p>\n<p>75&#215;75,100&#215;100<br \/>Cantidad de pantallas soportadas<\/p>\n<p>1<br \/>Inclinaci\u00f3n superior<\/p>\n<p>45 \u00b0<\/p>\n","protected":false},"excerpt":{"rendered":"<p>Marca IntelaidTipos de pantallas soportadas TV \/ LED \/LCDC\u00f3digo universal de producto 4805726470658Altura 440 mmIncluye organizador de cables S\u00edEs articulado S\u00edEs fijo NoEs inclinable S\u00edInclinaci\u00f3n inferior 45 \u00b0Materiales AceroTama\u00f1o m\u00e1ximo de la pantalla 32 &#8220;Peso m\u00e1ximo soportado 8 kgTama\u00f1o m\u00ednimo de la pantalla 13 &#8220;Modelo IT-DBSLLugar de montaje Mesa\u00c1ngulo de rotaci\u00f3n 180\u00b0Est\u00e1ndares VESA 75&#215;75,100&#215;100Cantidad de [&hellip;]<\/p>\n","protected":false},"featured_media":11215,"comment_status":"open","ping_status":"closed","template":"","meta":{"_uag_custom_page_level_css":""},"product_brand":[575],"product_cat":[461],"product_tag":[],"class_list":{"0":"post-11214","1":"product","2":"type-product","3":"status-publish","4":"has-post-thumbnail","6":"product_brand-intelaid","7":"product_cat-soportes-computacion","9":"first","10":"outofstock","11":"sale","12":"taxable","13":"shipping-taxable","14":"purchasable","15":"product-type-simple"},"uagb_featured_image_src":{"full":["https:\/\/rms-enlinea.com.ar\/wp-content\/uploads\/2025\/06\/D_664400-MLA77362556339_062024-F.jpg",806,1056,false],"thumbnail":["https:\/\/rms-enlinea.com.ar\/wp-content\/uploads\/2025\/06\/D_664400-MLA77362556339_062024-F-150x150.jpg",150,150,true],"medium":["https:\/\/rms-enlinea.com.ar\/wp-content\/uploads\/2025\/06\/D_664400-MLA77362556339_062024-F-229x300.jpg",229,300,true],"medium_large":["https:\/\/rms-enlinea.com.ar\/wp-content\/uploads\/2025\/06\/D_664400-MLA77362556339_062024-F-768x1006.jpg",768,1006,true],"large":["https:\/\/rms-enlinea.com.ar\/wp-content\/uploads\/2025\/06\/D_664400-MLA77362556339_062024-F-782x1024.jpg",782,1024,true],"1536x1536":["https:\/\/rms-enlinea.com.ar\/wp-content\/uploads\/2025\/06\/D_664400-MLA77362556339_062024-F.jpg",806,1056,false],"2048x2048":["https:\/\/rms-enlinea.com.ar\/wp-content\/uploads\/2025\/06\/D_664400-MLA77362556339_062024-F.jpg",806,1056,false],"woocommerce_thumbnail":["https:\/\/rms-enlinea.com.ar\/wp-content\/uploads\/2025\/06\/D_664400-MLA77362556339_062024-F-450x450.jpg",450,450,true],"woocommerce_single":["https:\/\/rms-enlinea.com.ar\/wp-content\/uploads\/2025\/06\/D_664400-MLA77362556339_062024-F-600x786.jpg",600,786,true],"woocommerce_gallery_thumbnail":["https:\/\/rms-enlinea.com.ar\/wp-content\/uploads\/2025\/06\/D_664400-MLA77362556339_062024-F-100x100.jpg",100,100,true]},"uagb_author_info":{"display_name":"l0071054","author_link":"https:\/\/rms-enlinea.com.ar\/tienda\/author\/"},"uagb_comment_info":0,"uagb_excerpt":"Marca IntelaidTipos de pantallas soportadas TV \/ LED \/LCDC\u00f3digo universal de producto 4805726470658Altura 440 mmIncluye organizador de cables S\u00edEs articulado S\u00edEs fijo NoEs inclinable S\u00edInclinaci\u00f3n inferior 45 \u00b0Materiales AceroTama\u00f1o m\u00e1ximo de la pantalla 32 &#8220;Peso m\u00e1ximo soportado 8 kgTama\u00f1o m\u00ednimo de la pantalla 13 &#8220;Modelo IT-DBSLLugar de montaje Mesa\u00c1ngulo de rotaci\u00f3n 180\u00b0Est\u00e1ndares VESA 75&#215;75,100&#215;100Cantidad de&hellip;","_links":{"self":[{"href":"https:\/\/rms-enlinea.com.ar\/tienda\/wp-json\/wp\/v2\/product\/11214","targetHints":{"allow":["GET"]}}],"collection":[{"href":"https:\/\/rms-enlinea.com.ar\/tienda\/wp-json\/wp\/v2\/product"}],"about":[{"href":"https:\/\/rms-enlinea.com.ar\/tienda\/wp-json\/wp\/v2\/types\/product"}],"replies":[{"embeddable":true,"href":"https:\/\/rms-enlinea.com.ar\/tienda\/wp-json\/wp\/v2\/comments?post=11214"}],"wp:featuredmedia":[{"embeddable":true,"href":"https:\/\/rms-enlinea.com.ar\/tienda\/wp-json\/wp\/v2\/media\/11215"}],"wp:attachment":[{"href":"https:\/\/rms-enlinea.com.ar\/tienda\/wp-json\/wp\/v2\/media?parent=11214"}],"wp:term":[{"taxonomy":"product_brand","embeddable":true,"href":"https:\/\/rms-enlinea.com.ar\/tienda\/wp-json\/wp\/v2\/product_brand?post=11214"},{"taxonomy":"product_cat","embeddable":true,"href":"https:\/\/rms-enlinea.com.ar\/tienda\/wp-json\/wp\/v2\/product_cat?post=11214"},{"taxonomy":"product_tag","embeddable":true,"href":"https:\/\/rms-enlinea.com.ar\/tienda\/wp-json\/wp\/v2\/product_tag?post=11214"}],"curies":[{"name":"wp","href":"https:\/\/api.w.org\/{rel}","templated":true}]}}