{"id":11246,"date":"2025-06-12T05:38:13","date_gmt":"2025-06-12T08:38:13","guid":{"rendered":"https:\/\/rms-enlinea.com.ar\/tienda\/producto\/soporte-tv-37-a-70-600x400-hasta-37kg-intelaid-it-ts5c\/"},"modified":"2026-04-21T04:29:35","modified_gmt":"2026-04-21T07:29:35","slug":"soporte-tv-37-a-70-600x400-hasta-37kg-intelaid-it-ts5c","status":"publish","type":"product","link":"https:\/\/rms-enlinea.com.ar\/tienda\/producto\/soporte-tv-37-a-70-600x400-hasta-37kg-intelaid-it-ts5c\/","title":{"rendered":"Soporte Tv 37 A 70 600&#215;400 Hasta 37kg Intelaid It-ts5c"},"content":{"rendered":"<p>Marca<\/p>\n<p>Intelaid<br \/>Tipos de pantallas soportadas<\/p>\n<p>LED:LCD<br \/>Es articulado<\/p>\n<p>S\u00ed<br \/>Es fijo<\/p>\n<p>No<br \/>Es inclinable<\/p>\n<p>S\u00ed<br \/>Tama\u00f1o m\u00e1ximo de la pantalla<\/p>\n<p>70 &#8220;<br \/>Tama\u00f1o m\u00ednimo de la pantalla<\/p>\n<p>37 &#8220;<br \/>Modelo<\/p>\n<p>IT-TS5C<br \/>Lugar de montaje<\/p>\n<p>Pared<br \/>Est\u00e1ndares VESA<\/p>\n<p>600&#215;400<\/p>\n","protected":false},"excerpt":{"rendered":"<p>Marca IntelaidTipos de pantallas soportadas LED:LCDEs articulado S\u00edEs fijo NoEs inclinable S\u00edTama\u00f1o m\u00e1ximo de la pantalla 70 &#8220;Tama\u00f1o m\u00ednimo de la pantalla 37 &#8220;Modelo IT-TS5CLugar de montaje ParedEst\u00e1ndares VESA 600&#215;400<\/p>\n","protected":false},"featured_media":11247,"comment_status":"open","ping_status":"closed","template":"","meta":{"_uag_custom_page_level_css":""},"product_brand":[575],"product_cat":[461],"product_tag":[],"class_list":{"0":"post-11246","1":"product","2":"type-product","3":"status-publish","4":"has-post-thumbnail","6":"product_brand-intelaid","7":"product_cat-soportes-computacion","9":"first","10":"outofstock","11":"sale","12":"taxable","13":"shipping-taxable","14":"purchasable","15":"product-type-simple"},"uagb_featured_image_src":{"full":["https:\/\/rms-enlinea.com.ar\/wp-content\/uploads\/2025\/06\/D_822158-MLA77148034178_062024-F.jpg",848,898,false],"thumbnail":["https:\/\/rms-enlinea.com.ar\/wp-content\/uploads\/2025\/06\/D_822158-MLA77148034178_062024-F-150x150.jpg",150,150,true],"medium":["https:\/\/rms-enlinea.com.ar\/wp-content\/uploads\/2025\/06\/D_822158-MLA77148034178_062024-F-283x300.jpg",283,300,true],"medium_large":["https:\/\/rms-enlinea.com.ar\/wp-content\/uploads\/2025\/06\/D_822158-MLA77148034178_062024-F-768x813.jpg",768,813,true],"large":["https:\/\/rms-enlinea.com.ar\/wp-content\/uploads\/2025\/06\/D_822158-MLA77148034178_062024-F.jpg",848,898,false],"1536x1536":["https:\/\/rms-enlinea.com.ar\/wp-content\/uploads\/2025\/06\/D_822158-MLA77148034178_062024-F.jpg",848,898,false],"2048x2048":["https:\/\/rms-enlinea.com.ar\/wp-content\/uploads\/2025\/06\/D_822158-MLA77148034178_062024-F.jpg",848,898,false],"woocommerce_thumbnail":["https:\/\/rms-enlinea.com.ar\/wp-content\/uploads\/2025\/06\/D_822158-MLA77148034178_062024-F-450x450.jpg",450,450,true],"woocommerce_single":["https:\/\/rms-enlinea.com.ar\/wp-content\/uploads\/2025\/06\/D_822158-MLA77148034178_062024-F-600x635.jpg",600,635,true],"woocommerce_gallery_thumbnail":["https:\/\/rms-enlinea.com.ar\/wp-content\/uploads\/2025\/06\/D_822158-MLA77148034178_062024-F-100x100.jpg",100,100,true]},"uagb_author_info":{"display_name":"l0071054","author_link":"https:\/\/rms-enlinea.com.ar\/tienda\/author\/"},"uagb_comment_info":0,"uagb_excerpt":"Marca IntelaidTipos de pantallas soportadas LED:LCDEs articulado S\u00edEs fijo NoEs inclinable S\u00edTama\u00f1o m\u00e1ximo de la pantalla 70 &#8220;Tama\u00f1o m\u00ednimo de la pantalla 37 &#8220;Modelo IT-TS5CLugar de montaje ParedEst\u00e1ndares VESA 600&#215;400","_links":{"self":[{"href":"https:\/\/rms-enlinea.com.ar\/tienda\/wp-json\/wp\/v2\/product\/11246","targetHints":{"allow":["GET"]}}],"collection":[{"href":"https:\/\/rms-enlinea.com.ar\/tienda\/wp-json\/wp\/v2\/product"}],"about":[{"href":"https:\/\/rms-enlinea.com.ar\/tienda\/wp-json\/wp\/v2\/types\/product"}],"replies":[{"embeddable":true,"href":"https:\/\/rms-enlinea.com.ar\/tienda\/wp-json\/wp\/v2\/comments?post=11246"}],"wp:featuredmedia":[{"embeddable":true,"href":"https:\/\/rms-enlinea.com.ar\/tienda\/wp-json\/wp\/v2\/media\/11247"}],"wp:attachment":[{"href":"https:\/\/rms-enlinea.com.ar\/tienda\/wp-json\/wp\/v2\/media?parent=11246"}],"wp:term":[{"taxonomy":"product_brand","embeddable":true,"href":"https:\/\/rms-enlinea.com.ar\/tienda\/wp-json\/wp\/v2\/product_brand?post=11246"},{"taxonomy":"product_cat","embeddable":true,"href":"https:\/\/rms-enlinea.com.ar\/tienda\/wp-json\/wp\/v2\/product_cat?post=11246"},{"taxonomy":"product_tag","embeddable":true,"href":"https:\/\/rms-enlinea.com.ar\/tienda\/wp-json\/wp\/v2\/product_tag?post=11246"}],"curies":[{"name":"wp","href":"https:\/\/api.w.org\/{rel}","templated":true}]}}