{"id":11259,"date":"2025-06-12T05:38:21","date_gmt":"2025-06-12T08:38:21","guid":{"rendered":"https:\/\/rms-enlinea.com.ar\/tienda\/producto\/soporte-de-tv-37-a-70-600x400mm-hasta-75kg-intelaid-it-fre\/"},"modified":"2025-07-06T02:54:30","modified_gmt":"2025-07-06T05:54:30","slug":"soporte-de-tv-37-a-70-600x400mm-hasta-75kg-intelaid-it-fre-2","status":"publish","type":"product","link":"https:\/\/rms-enlinea.com.ar\/tienda\/producto\/soporte-de-tv-37-a-70-600x400mm-hasta-75kg-intelaid-it-fre-2\/","title":{"rendered":"Soporte De Tv 37 A 70 600x400mm Hasta 75kg Intelaid It-fre"},"content":{"rendered":"<p>Tama\u00f1o de pantalla recomendado<\/p>\n<p>37 a 70 pulgadas<br \/>Peso Maximo<\/p>\n<p>75KG<br \/>Kit de Instalacion<\/p>\n<p>Si<br \/>Nivelador<\/p>\n<p>incluido<br \/>Apto TV curvo<\/p>\n<p>Si<br \/>Marca<\/p>\n<p>Intelaid<br \/>Tipos de pantallas soportadas<\/p>\n<p>LED:LCD<br \/>Incluye kit de instalaci\u00f3n<\/p>\n<p>S\u00ed<br \/>Es inclinable<\/p>\n<p>S\u00ed<br \/>Tama\u00f1o m\u00e1ximo de la pantalla<\/p>\n<p>42 &#8220;<br \/>Tama\u00f1o m\u00ednimo de la pantalla<\/p>\n<p>23 &#8220;<\/p>\n","protected":false},"excerpt":{"rendered":"<p>Tama\u00f1o de pantalla recomendado 37 a 70 pulgadasPeso Maximo 75KGKit de Instalacion SiNivelador incluidoApto TV curvo SiMarca IntelaidTipos de pantallas soportadas LED:LCDIncluye kit de instalaci\u00f3n S\u00edEs inclinable S\u00edTama\u00f1o m\u00e1ximo de la pantalla 42 &#8220;Tama\u00f1o m\u00ednimo de la pantalla 23 &#8220;<\/p>\n","protected":false},"featured_media":11262,"comment_status":"open","ping_status":"closed","template":"","meta":{"_uag_custom_page_level_css":""},"product_brand":[575],"product_cat":[461],"product_tag":[],"class_list":{"0":"post-11259","1":"product","2":"type-product","3":"status-publish","4":"has-post-thumbnail","6":"product_brand-intelaid","7":"product_cat-soportes-computacion","9":"first","10":"instock","11":"sale","12":"taxable","13":"shipping-taxable","14":"purchasable","15":"product-type-variable"},"uagb_featured_image_src":{"full":["https:\/\/rms-enlinea.com.ar\/wp-content\/uploads\/2025\/06\/D_664175-MLA77361027355_062024-F-1.jpg",1200,885,false],"thumbnail":["https:\/\/rms-enlinea.com.ar\/wp-content\/uploads\/2025\/06\/D_664175-MLA77361027355_062024-F-1-150x150.jpg",150,150,true],"medium":["https:\/\/rms-enlinea.com.ar\/wp-content\/uploads\/2025\/06\/D_664175-MLA77361027355_062024-F-1-300x221.jpg",300,221,true],"medium_large":["https:\/\/rms-enlinea.com.ar\/wp-content\/uploads\/2025\/06\/D_664175-MLA77361027355_062024-F-1-768x566.jpg",768,566,true],"large":["https:\/\/rms-enlinea.com.ar\/wp-content\/uploads\/2025\/06\/D_664175-MLA77361027355_062024-F-1-1024x755.jpg",1024,755,true],"1536x1536":["https:\/\/rms-enlinea.com.ar\/wp-content\/uploads\/2025\/06\/D_664175-MLA77361027355_062024-F-1.jpg",1200,885,false],"2048x2048":["https:\/\/rms-enlinea.com.ar\/wp-content\/uploads\/2025\/06\/D_664175-MLA77361027355_062024-F-1.jpg",1200,885,false],"woocommerce_thumbnail":["https:\/\/rms-enlinea.com.ar\/wp-content\/uploads\/2025\/06\/D_664175-MLA77361027355_062024-F-1-450x450.jpg",450,450,true],"woocommerce_single":["https:\/\/rms-enlinea.com.ar\/wp-content\/uploads\/2025\/06\/D_664175-MLA77361027355_062024-F-1-600x443.jpg",600,443,true],"woocommerce_gallery_thumbnail":["https:\/\/rms-enlinea.com.ar\/wp-content\/uploads\/2025\/06\/D_664175-MLA77361027355_062024-F-1-100x100.jpg",100,100,true]},"uagb_author_info":{"display_name":"l0071054","author_link":"https:\/\/rms-enlinea.com.ar\/tienda\/author\/"},"uagb_comment_info":0,"uagb_excerpt":"Tama\u00f1o de pantalla recomendado 37 a 70 pulgadasPeso Maximo 75KGKit de Instalacion SiNivelador incluidoApto TV curvo SiMarca IntelaidTipos de pantallas soportadas LED:LCDIncluye kit de instalaci\u00f3n S\u00edEs inclinable S\u00edTama\u00f1o m\u00e1ximo de la pantalla 42 &#8220;Tama\u00f1o m\u00ednimo de la pantalla 23 &#8220;","_links":{"self":[{"href":"https:\/\/rms-enlinea.com.ar\/tienda\/wp-json\/wp\/v2\/product\/11259","targetHints":{"allow":["GET"]}}],"collection":[{"href":"https:\/\/rms-enlinea.com.ar\/tienda\/wp-json\/wp\/v2\/product"}],"about":[{"href":"https:\/\/rms-enlinea.com.ar\/tienda\/wp-json\/wp\/v2\/types\/product"}],"replies":[{"embeddable":true,"href":"https:\/\/rms-enlinea.com.ar\/tienda\/wp-json\/wp\/v2\/comments?post=11259"}],"wp:featuredmedia":[{"embeddable":true,"href":"https:\/\/rms-enlinea.com.ar\/tienda\/wp-json\/wp\/v2\/media\/11262"}],"wp:attachment":[{"href":"https:\/\/rms-enlinea.com.ar\/tienda\/wp-json\/wp\/v2\/media?parent=11259"}],"wp:term":[{"taxonomy":"product_brand","embeddable":true,"href":"https:\/\/rms-enlinea.com.ar\/tienda\/wp-json\/wp\/v2\/product_brand?post=11259"},{"taxonomy":"product_cat","embeddable":true,"href":"https:\/\/rms-enlinea.com.ar\/tienda\/wp-json\/wp\/v2\/product_cat?post=11259"},{"taxonomy":"product_tag","embeddable":true,"href":"https:\/\/rms-enlinea.com.ar\/tienda\/wp-json\/wp\/v2\/product_tag?post=11259"}],"curies":[{"name":"wp","href":"https:\/\/api.w.org\/{rel}","templated":true}]}}