{"id":11433,"date":"2025-06-12T05:41:43","date_gmt":"2025-06-12T08:41:43","guid":{"rendered":"https:\/\/rms-enlinea.com.ar\/tienda\/producto\/mesa-para-pie-de-microfono-metalica-gator-gfw-shelf1115\/"},"modified":"2026-04-11T07:41:17","modified_gmt":"2026-04-11T10:41:17","slug":"mesa-para-pie-de-microfono-metalica-gator-gfw-shelf1115","status":"publish","type":"product","link":"https:\/\/rms-enlinea.com.ar\/tienda\/producto\/mesa-para-pie-de-microfono-metalica-gator-gfw-shelf1115\/","title":{"rendered":"Mesa Para Pie De Microfono Metalica Gator Gfw-shelf1115"},"content":{"rendered":"<p>TIPO DE PRODUCTO: BANDEJA PORTA OBJETO<br \/>\nTIPO: PARA PIE DE MICROFONO<br \/>\n\u00c1REA DE SUPERFICIE DE 11 &#8220;X 15&#8243;<br \/>\nLABIOS LEVANTADOS ALREDEDOR DE LOS BORDES PARA EVITAR QUE LOS ART\u00cdCULOS SE DESLICEN<br \/>\nIDEAL PARA PORTAR COMPUTADORAS PORT\u00c1TILES DE TAMA\u00d1O MEDIANO Y ACCESORIOS<br \/>\nSE ADAPTA A TUBOS DE HASTA 40 MM<br \/>\nACABADO EN POLVO NEGRO<br \/>\nCONSTRUCCI\u00d3N DE ACERO<br \/>\nCAPACIDAD DE PESO DE 10 LIBRAS<\/p>\n<p>ESPECIFICACIONES<br \/>\nDIMENSIONES:<br \/>\nCAPACIDAD DE PESO: 10 LIBRAS<br \/>\nANCHO EXT .: 11 &#8221;<br \/>\nALTURA EXT: 1.3&#8243;<\/p>\n<p>NO INCLUYE TRIPODE<\/p>\n","protected":false},"excerpt":{"rendered":"<p>TIPO DE PRODUCTO: BANDEJA PORTA OBJETO TIPO: PARA PIE DE MICROFONO \u00c1REA DE SUPERFICIE DE 11 &#8220;X 15&#8243; LABIOS LEVANTADOS ALREDEDOR DE LOS BORDES PARA EVITAR QUE LOS ART\u00cdCULOS SE DESLICEN IDEAL PARA PORTAR COMPUTADORAS PORT\u00c1TILES DE TAMA\u00d1O MEDIANO Y ACCESORIOS SE ADAPTA A TUBOS DE HASTA 40 MM ACABADO EN POLVO NEGRO CONSTRUCCI\u00d3N DE [&hellip;]<\/p>\n","protected":false},"featured_media":11434,"comment_status":"open","ping_status":"closed","template":"","meta":{"_uag_custom_page_level_css":""},"product_brand":[525],"product_cat":[77],"product_tag":[],"class_list":{"0":"post-11433","1":"product","2":"type-product","3":"status-publish","4":"has-post-thumbnail","6":"product_brand-gator","7":"product_cat-pies-de-microfono-y-soportes","9":"first","10":"outofstock","11":"sale","12":"taxable","13":"shipping-taxable","14":"purchasable","15":"product-type-simple"},"uagb_featured_image_src":{"full":["https:\/\/rms-enlinea.com.ar\/wp-content\/uploads\/2025\/06\/D_643097-MLA31621712005_072019-F.jpg",660,808,false],"thumbnail":["https:\/\/rms-enlinea.com.ar\/wp-content\/uploads\/2025\/06\/D_643097-MLA31621712005_072019-F-150x150.jpg",150,150,true],"medium":["https:\/\/rms-enlinea.com.ar\/wp-content\/uploads\/2025\/06\/D_643097-MLA31621712005_072019-F-245x300.jpg",245,300,true],"medium_large":["https:\/\/rms-enlinea.com.ar\/wp-content\/uploads\/2025\/06\/D_643097-MLA31621712005_072019-F.jpg",660,808,false],"large":["https:\/\/rms-enlinea.com.ar\/wp-content\/uploads\/2025\/06\/D_643097-MLA31621712005_072019-F.jpg",660,808,false],"1536x1536":["https:\/\/rms-enlinea.com.ar\/wp-content\/uploads\/2025\/06\/D_643097-MLA31621712005_072019-F.jpg",660,808,false],"2048x2048":["https:\/\/rms-enlinea.com.ar\/wp-content\/uploads\/2025\/06\/D_643097-MLA31621712005_072019-F.jpg",660,808,false],"woocommerce_thumbnail":["https:\/\/rms-enlinea.com.ar\/wp-content\/uploads\/2025\/06\/D_643097-MLA31621712005_072019-F-450x450.jpg",450,450,true],"woocommerce_single":["https:\/\/rms-enlinea.com.ar\/wp-content\/uploads\/2025\/06\/D_643097-MLA31621712005_072019-F-600x735.jpg",600,735,true],"woocommerce_gallery_thumbnail":["https:\/\/rms-enlinea.com.ar\/wp-content\/uploads\/2025\/06\/D_643097-MLA31621712005_072019-F-100x100.jpg",100,100,true]},"uagb_author_info":{"display_name":"l0071054","author_link":"https:\/\/rms-enlinea.com.ar\/tienda\/author\/"},"uagb_comment_info":0,"uagb_excerpt":"TIPO DE PRODUCTO: BANDEJA PORTA OBJETO TIPO: PARA PIE DE MICROFONO \u00c1REA DE SUPERFICIE DE 11 &#8220;X 15&#8243; LABIOS LEVANTADOS ALREDEDOR DE LOS BORDES PARA EVITAR QUE LOS ART\u00cdCULOS SE DESLICEN IDEAL PARA PORTAR COMPUTADORAS PORT\u00c1TILES DE TAMA\u00d1O MEDIANO Y ACCESORIOS SE ADAPTA A TUBOS DE HASTA 40 MM ACABADO EN POLVO NEGRO CONSTRUCCI\u00d3N DE&hellip;","_links":{"self":[{"href":"https:\/\/rms-enlinea.com.ar\/tienda\/wp-json\/wp\/v2\/product\/11433","targetHints":{"allow":["GET"]}}],"collection":[{"href":"https:\/\/rms-enlinea.com.ar\/tienda\/wp-json\/wp\/v2\/product"}],"about":[{"href":"https:\/\/rms-enlinea.com.ar\/tienda\/wp-json\/wp\/v2\/types\/product"}],"replies":[{"embeddable":true,"href":"https:\/\/rms-enlinea.com.ar\/tienda\/wp-json\/wp\/v2\/comments?post=11433"}],"wp:featuredmedia":[{"embeddable":true,"href":"https:\/\/rms-enlinea.com.ar\/tienda\/wp-json\/wp\/v2\/media\/11434"}],"wp:attachment":[{"href":"https:\/\/rms-enlinea.com.ar\/tienda\/wp-json\/wp\/v2\/media?parent=11433"}],"wp:term":[{"taxonomy":"product_brand","embeddable":true,"href":"https:\/\/rms-enlinea.com.ar\/tienda\/wp-json\/wp\/v2\/product_brand?post=11433"},{"taxonomy":"product_cat","embeddable":true,"href":"https:\/\/rms-enlinea.com.ar\/tienda\/wp-json\/wp\/v2\/product_cat?post=11433"},{"taxonomy":"product_tag","embeddable":true,"href":"https:\/\/rms-enlinea.com.ar\/tienda\/wp-json\/wp\/v2\/product_tag?post=11433"}],"curies":[{"name":"wp","href":"https:\/\/api.w.org\/{rel}","templated":true}]}}