{"id":11596,"date":"2025-06-12T05:44:44","date_gmt":"2025-06-12T08:44:44","guid":{"rendered":"https:\/\/rms-enlinea.com.ar\/tienda\/producto\/switch-tp-link-sg3452-48-puertos-jetstream-4-sfp-gigabit\/"},"modified":"2026-04-15T00:00:23","modified_gmt":"2026-04-15T03:00:23","slug":"switch-tp-link-sg3452-48-puertos-jetstream-4-sfp-gigabit","status":"publish","type":"product","link":"https:\/\/rms-enlinea.com.ar\/tienda\/producto\/switch-tp-link-sg3452-48-puertos-jetstream-4-sfp-gigabit\/","title":{"rendered":"Switch Tp-link Sg3452 48 Puertos Jetstream + 4 Sfp Gigabit"},"content":{"rendered":"<p>Puertos Gigabit completos: 48 puertos Gigabit RJ45 y 4 ranuras SFP Gigabit proporcionan conexiones de alta velocidad.<\/p>\n<p>Integrado en Omada SDN: Zero-Touch Provisioning (ZTP)*, gesti\u00f3n centralizada de la nube y supervisi\u00f3n inteligente.<\/p>\n<p>CARACTER\u00cdSTICAS DE HARDWARE <br \/>Interfaz\t\u2022 48 puertos RJ45 de 10\/100\/1000 Mbps<br \/> \t\u2022 4 ranuras Gigabit SFP<br \/> \t\u2022 1 puerto de consola RJ45<br \/> \t\u2022 1 puerto de consola micro-USB<br \/>Cantidad de Ventiladores\tSin ventilador<br \/>Fuente de Alimentaci\u00f3n\t100-240 V AC~50\/60 Hz<br \/>Dimensiones\t17.3\u00d78.7\u00d71.7 in (440\u00d7220\u00d744 mm)<br \/>Montaje\tMontaje en rack<br \/>Consumo de Potencia M\u00e1ximo\t32.8 W (220 V\/ 50 Hz)<br \/>Disipaci\u00f3n m\u00e1xima de calor\t111.91 BTU\/h (220 V \/ 50 Hz)<\/p>\n","protected":false},"excerpt":{"rendered":"<p>Puertos Gigabit completos: 48 puertos Gigabit RJ45 y 4 ranuras SFP Gigabit proporcionan conexiones de alta velocidad. Integrado en Omada SDN: Zero-Touch Provisioning (ZTP)*, gesti\u00f3n centralizada de la nube y supervisi\u00f3n inteligente. CARACTER\u00cdSTICAS DE HARDWARE Interfaz \u2022 48 puertos RJ45 de 10\/100\/1000 Mbps \u2022 4 ranuras Gigabit SFP \u2022 1 puerto de consola RJ45 \u2022 [&hellip;]<\/p>\n","protected":false},"featured_media":11597,"comment_status":"open","ping_status":"closed","template":"","meta":{"_uag_custom_page_level_css":""},"product_brand":[546],"product_cat":[122],"product_tag":[],"class_list":{"0":"post-11596","1":"product","2":"type-product","3":"status-publish","4":"has-post-thumbnail","6":"product_brand-tplink","7":"product_cat-redes-y-conectividad","9":"first","10":"instock","11":"sale","12":"taxable","13":"shipping-taxable","14":"purchasable","15":"product-type-simple"},"uagb_featured_image_src":{"full":["https:\/\/rms-enlinea.com.ar\/wp-content\/uploads\/2025\/06\/D_684956-MLU74836978308_032024-F.jpg",1200,250,false],"thumbnail":["https:\/\/rms-enlinea.com.ar\/wp-content\/uploads\/2025\/06\/D_684956-MLU74836978308_032024-F-150x150.jpg",150,150,true],"medium":["https:\/\/rms-enlinea.com.ar\/wp-content\/uploads\/2025\/06\/D_684956-MLU74836978308_032024-F-300x63.jpg",300,63,true],"medium_large":["https:\/\/rms-enlinea.com.ar\/wp-content\/uploads\/2025\/06\/D_684956-MLU74836978308_032024-F-768x160.jpg",768,160,true],"large":["https:\/\/rms-enlinea.com.ar\/wp-content\/uploads\/2025\/06\/D_684956-MLU74836978308_032024-F-1024x213.jpg",1024,213,true],"1536x1536":["https:\/\/rms-enlinea.com.ar\/wp-content\/uploads\/2025\/06\/D_684956-MLU74836978308_032024-F.jpg",1200,250,false],"2048x2048":["https:\/\/rms-enlinea.com.ar\/wp-content\/uploads\/2025\/06\/D_684956-MLU74836978308_032024-F.jpg",1200,250,false],"woocommerce_thumbnail":["https:\/\/rms-enlinea.com.ar\/wp-content\/uploads\/2025\/06\/D_684956-MLU74836978308_032024-F-450x250.jpg",450,250,true],"woocommerce_single":["https:\/\/rms-enlinea.com.ar\/wp-content\/uploads\/2025\/06\/D_684956-MLU74836978308_032024-F-600x125.jpg",600,125,true],"woocommerce_gallery_thumbnail":["https:\/\/rms-enlinea.com.ar\/wp-content\/uploads\/2025\/06\/D_684956-MLU74836978308_032024-F-100x100.jpg",100,100,true]},"uagb_author_info":{"display_name":"l0071054","author_link":"https:\/\/rms-enlinea.com.ar\/tienda\/author\/"},"uagb_comment_info":0,"uagb_excerpt":"Puertos Gigabit completos: 48 puertos Gigabit RJ45 y 4 ranuras SFP Gigabit proporcionan conexiones de alta velocidad. Integrado en Omada SDN: Zero-Touch Provisioning (ZTP)*, gesti\u00f3n centralizada de la nube y supervisi\u00f3n inteligente. CARACTER\u00cdSTICAS DE HARDWARE Interfaz \u2022 48 puertos RJ45 de 10\/100\/1000 Mbps \u2022 4 ranuras Gigabit SFP \u2022 1 puerto de consola RJ45 \u2022&hellip;","_links":{"self":[{"href":"https:\/\/rms-enlinea.com.ar\/tienda\/wp-json\/wp\/v2\/product\/11596","targetHints":{"allow":["GET"]}}],"collection":[{"href":"https:\/\/rms-enlinea.com.ar\/tienda\/wp-json\/wp\/v2\/product"}],"about":[{"href":"https:\/\/rms-enlinea.com.ar\/tienda\/wp-json\/wp\/v2\/types\/product"}],"replies":[{"embeddable":true,"href":"https:\/\/rms-enlinea.com.ar\/tienda\/wp-json\/wp\/v2\/comments?post=11596"}],"wp:featuredmedia":[{"embeddable":true,"href":"https:\/\/rms-enlinea.com.ar\/tienda\/wp-json\/wp\/v2\/media\/11597"}],"wp:attachment":[{"href":"https:\/\/rms-enlinea.com.ar\/tienda\/wp-json\/wp\/v2\/media?parent=11596"}],"wp:term":[{"taxonomy":"product_brand","embeddable":true,"href":"https:\/\/rms-enlinea.com.ar\/tienda\/wp-json\/wp\/v2\/product_brand?post=11596"},{"taxonomy":"product_cat","embeddable":true,"href":"https:\/\/rms-enlinea.com.ar\/tienda\/wp-json\/wp\/v2\/product_cat?post=11596"},{"taxonomy":"product_tag","embeddable":true,"href":"https:\/\/rms-enlinea.com.ar\/tienda\/wp-json\/wp\/v2\/product_tag?post=11596"}],"curies":[{"name":"wp","href":"https:\/\/api.w.org\/{rel}","templated":true}]}}