{"id":11610,"date":"2025-06-12T05:45:01","date_gmt":"2025-06-12T08:45:01","guid":{"rendered":"https:\/\/rms-enlinea.com.ar\/tienda\/producto\/gabinete-corsair-2500x-dual-chamber-mid-tower-sin-coolers\/"},"modified":"2026-04-06T11:59:06","modified_gmt":"2026-04-06T14:59:06","slug":"gabinete-corsair-2500x-dual-chamber-mid-tower-sin-coolers","status":"publish","type":"product","link":"https:\/\/rms-enlinea.com.ar\/tienda\/producto\/gabinete-corsair-2500x-dual-chamber-mid-tower-sin-coolers\/","title":{"rendered":"Gabinete Corsair 2500x Dual Chamber Mid Tower Sin Coolers"},"content":{"rendered":"<p>Alto\t376<br \/>Largo\t469<br \/>Ancho\t304<br \/>Material\tAcero, vidrio templado, pl\u00e1stico.<br \/>Soporte de placa base\tMini-ITX, Micro-ATX<br \/>Color\tNEGRO<br \/>Peso\t13.39<br \/>Compatibilidad del radiador\t120 mm, 140 mm, 240 mm, 280 mm, 360 mm<br \/>Longitud m\u00e1xima de GPU\t400 mm<br \/>Altura m\u00e1xima del enfriador de CPU\t180 mm<br \/>Longitud m\u00e1xima de la fuente de alimentaci\u00f3n\t225 mm<br \/>Refrigeradores l\u00edquidos compatibles\tH60, H100i, H115i, H150i (todas las series)<br \/>Fuente de alimentaci\u00f3n\tATX<br \/>Ranuras de expansi\u00f3n\t4 horizontales (4 verticales con accesorio)<br \/>Caja frontal IO\t(1x) USB 3.2 Gen 2 Tipo-C, (2x) USB 3.2 Gen 1 Tipo-A, (1x) Entrada\/salida de audio<br \/>Ventana del gabinete\tVidrio templado<br \/>Bah\u00edas de unidad internas de 3,5&#8243;\t2 (Armazones\/soportes se venden por separado)<br \/>Bah\u00edas de unidad internas de 2,5&#8243;\t2 (Armazones\/soportes se venden por separado)<br \/>Soporte del radiador &#8211; Superior\t360 mm, 280 mm, 240 mm<br \/>Soporte de radiador delantero\tNinguno (Panel de vidrio)<br \/>Soporte del radiador &#8211; inferior\t360 mm, 280 mm, 240 mm<br \/>Soporte de radiador &#8211; lateral\t240 mm<br \/>Soporte del radiador trasero\t120 mm<br \/>Soporte de los fans &#8211; Top\t3 x 120 mm, 3 x 140 mm<br \/>Soporte de ventilador &#8211; Delantero\tNinguno (Panel de vidrio)<br \/>Soporte para ventiladores &#8211; Parte inferior\t3 x 120 mm, 3 x 140 mm<br \/>Soporte de ventilador &#8211; Lateral\t2&#215;120 mm<br \/>Soporte de ventilador trasero\t1&#215;120 mm<br \/>Conexiones frontales de la placa base\t1x audio HD; 1x USB 3.2 Gen1; 1x USB-3.2 Gen2 Tipo-E; 1x F_PANEL<br \/>Soporte para placa base con conector inverso\tS\u00ed<br \/>Filtraci\u00f3n de polvo\tS\u00ed<br \/>Rapid Route incluido\tCompatible (se vende por separado)<br \/>Panel lateral izquierdo\tVidrio templado<br \/>Panel lateral derecho\tMalla<br \/>Soporte de montaje vertical\tCompatible (el kit de montaje vertical se vende por separado)<\/p>\n","protected":false},"excerpt":{"rendered":"<p>Alto 376Largo 469Ancho 304Material Acero, vidrio templado, pl\u00e1stico.Soporte de placa base Mini-ITX, Micro-ATXColor NEGROPeso 13.39Compatibilidad del radiador 120 mm, 140 mm, 240 mm, 280 mm, 360 mmLongitud m\u00e1xima de GPU 400 mmAltura m\u00e1xima del enfriador de CPU 180 mmLongitud m\u00e1xima de la fuente de alimentaci\u00f3n 225 mmRefrigeradores l\u00edquidos compatibles H60, H100i, H115i, H150i (todas las [&hellip;]<\/p>\n","protected":false},"featured_media":11611,"comment_status":"open","ping_status":"closed","template":"","meta":{"_uag_custom_page_level_css":""},"product_brand":[555],"product_cat":[109],"product_tag":[],"class_list":{"0":"post-11610","1":"product","2":"type-product","3":"status-publish","4":"has-post-thumbnail","6":"product_brand-corsair","7":"product_cat-gabinetes","9":"first","10":"instock","11":"sale","12":"taxable","13":"shipping-taxable","14":"purchasable","15":"product-type-simple"},"uagb_featured_image_src":{"full":["https:\/\/rms-enlinea.com.ar\/wp-content\/uploads\/2025\/06\/D_970108-MLA81876040517_012025-F.jpg",1200,1038,false],"thumbnail":["https:\/\/rms-enlinea.com.ar\/wp-content\/uploads\/2025\/06\/D_970108-MLA81876040517_012025-F-150x150.jpg",150,150,true],"medium":["https:\/\/rms-enlinea.com.ar\/wp-content\/uploads\/2025\/06\/D_970108-MLA81876040517_012025-F-300x260.jpg",300,260,true],"medium_large":["https:\/\/rms-enlinea.com.ar\/wp-content\/uploads\/2025\/06\/D_970108-MLA81876040517_012025-F-768x664.jpg",768,664,true],"large":["https:\/\/rms-enlinea.com.ar\/wp-content\/uploads\/2025\/06\/D_970108-MLA81876040517_012025-F-1024x886.jpg",1024,886,true],"1536x1536":["https:\/\/rms-enlinea.com.ar\/wp-content\/uploads\/2025\/06\/D_970108-MLA81876040517_012025-F.jpg",1200,1038,false],"2048x2048":["https:\/\/rms-enlinea.com.ar\/wp-content\/uploads\/2025\/06\/D_970108-MLA81876040517_012025-F.jpg",1200,1038,false],"woocommerce_thumbnail":["https:\/\/rms-enlinea.com.ar\/wp-content\/uploads\/2025\/06\/D_970108-MLA81876040517_012025-F-450x450.jpg",450,450,true],"woocommerce_single":["https:\/\/rms-enlinea.com.ar\/wp-content\/uploads\/2025\/06\/D_970108-MLA81876040517_012025-F-600x519.jpg",600,519,true],"woocommerce_gallery_thumbnail":["https:\/\/rms-enlinea.com.ar\/wp-content\/uploads\/2025\/06\/D_970108-MLA81876040517_012025-F-100x100.jpg",100,100,true]},"uagb_author_info":{"display_name":"l0071054","author_link":"https:\/\/rms-enlinea.com.ar\/tienda\/author\/"},"uagb_comment_info":0,"uagb_excerpt":"Alto 376Largo 469Ancho 304Material Acero, vidrio templado, pl\u00e1stico.Soporte de placa base Mini-ITX, Micro-ATXColor NEGROPeso 13.39Compatibilidad del radiador 120 mm, 140 mm, 240 mm, 280 mm, 360 mmLongitud m\u00e1xima de GPU 400 mmAltura m\u00e1xima del enfriador de CPU 180 mmLongitud m\u00e1xima de la fuente de alimentaci\u00f3n 225 mmRefrigeradores l\u00edquidos compatibles H60, H100i, H115i, H150i (todas las&hellip;","_links":{"self":[{"href":"https:\/\/rms-enlinea.com.ar\/tienda\/wp-json\/wp\/v2\/product\/11610","targetHints":{"allow":["GET"]}}],"collection":[{"href":"https:\/\/rms-enlinea.com.ar\/tienda\/wp-json\/wp\/v2\/product"}],"about":[{"href":"https:\/\/rms-enlinea.com.ar\/tienda\/wp-json\/wp\/v2\/types\/product"}],"replies":[{"embeddable":true,"href":"https:\/\/rms-enlinea.com.ar\/tienda\/wp-json\/wp\/v2\/comments?post=11610"}],"wp:featuredmedia":[{"embeddable":true,"href":"https:\/\/rms-enlinea.com.ar\/tienda\/wp-json\/wp\/v2\/media\/11611"}],"wp:attachment":[{"href":"https:\/\/rms-enlinea.com.ar\/tienda\/wp-json\/wp\/v2\/media?parent=11610"}],"wp:term":[{"taxonomy":"product_brand","embeddable":true,"href":"https:\/\/rms-enlinea.com.ar\/tienda\/wp-json\/wp\/v2\/product_brand?post=11610"},{"taxonomy":"product_cat","embeddable":true,"href":"https:\/\/rms-enlinea.com.ar\/tienda\/wp-json\/wp\/v2\/product_cat?post=11610"},{"taxonomy":"product_tag","embeddable":true,"href":"https:\/\/rms-enlinea.com.ar\/tienda\/wp-json\/wp\/v2\/product_tag?post=11610"}],"curies":[{"name":"wp","href":"https:\/\/api.w.org\/{rel}","templated":true}]}}