{"id":11642,"date":"2025-06-12T05:45:42","date_gmt":"2025-06-12T08:45:42","guid":{"rendered":"https:\/\/rms-enlinea.com.ar\/tienda\/producto\/rack-plastico-proel-foabsr3us-3-unidades-19-pulgadas-audio\/"},"modified":"2026-03-31T20:31:51","modified_gmt":"2026-03-31T23:31:51","slug":"rack-plastico-proel-foabsr3us-3-unidades-19-pulgadas-audio","status":"publish","type":"product","link":"https:\/\/rms-enlinea.com.ar\/tienda\/producto\/rack-plastico-proel-foabsr3us-3-unidades-19-pulgadas-audio\/","title":{"rendered":"Rack Plastico Proel Foabsr3us 3 Unidades 19 Pulgadas Audio"},"content":{"rendered":"<p>Campos de aplicaci\u00f3n: Equipos de rack de perfil bajo de 19&#8242; &#8211; sistemas de micr\u00f3fonos inal\u00e1mbricos<br \/>Materiales de construcci\u00f3n: Polietileno FORCE &#8211; Aluminio<br \/>Profundidad interior utilizable: 208 mm<br \/>Acabado: Polietileno FORCE<br \/>Color: Fondo FORCE &#8211; negro y gris<br \/>Unidades de rack: 3U<br \/>Pestillo: 4<br \/>Manijas: 2<br \/>Colores disponibles: Fondo FORCE &#8211; negro y gris<br \/>Paquete maestro: 1 pieza<br \/>Notas: Tapas equipadas con un pr\u00e1ctico bolsillo de malla con cremallera para guardar cables y accesorios.<\/p>\n","protected":false},"excerpt":{"rendered":"<p>Campos de aplicaci\u00f3n: Equipos de rack de perfil bajo de 19&#8242; &#8211; sistemas de micr\u00f3fonos inal\u00e1mbricosMateriales de construcci\u00f3n: Polietileno FORCE &#8211; AluminioProfundidad interior utilizable: 208 mmAcabado: Polietileno FORCEColor: Fondo FORCE &#8211; negro y grisUnidades de rack: 3UPestillo: 4Manijas: 2Colores disponibles: Fondo FORCE &#8211; negro y grisPaquete maestro: 1 piezaNotas: Tapas equipadas con un pr\u00e1ctico bolsillo [&hellip;]<\/p>\n","protected":false},"featured_media":11643,"comment_status":"open","ping_status":"closed","template":"","meta":{"_uag_custom_page_level_css":""},"product_brand":[501],"product_cat":[15],"product_tag":[],"class_list":{"0":"post-11642","1":"product","2":"type-product","3":"status-publish","4":"has-post-thumbnail","6":"product_brand-proel","7":"product_cat-sin-categorizar","9":"first","10":"outofstock","11":"sale","12":"taxable","13":"shipping-taxable","14":"purchasable","15":"product-type-simple"},"uagb_featured_image_src":{"full":["https:\/\/rms-enlinea.com.ar\/wp-content\/uploads\/2025\/06\/D_722349-MLA81832590627_012025-F.jpg",915,518,false],"thumbnail":["https:\/\/rms-enlinea.com.ar\/wp-content\/uploads\/2025\/06\/D_722349-MLA81832590627_012025-F-150x150.jpg",150,150,true],"medium":["https:\/\/rms-enlinea.com.ar\/wp-content\/uploads\/2025\/06\/D_722349-MLA81832590627_012025-F-300x170.jpg",300,170,true],"medium_large":["https:\/\/rms-enlinea.com.ar\/wp-content\/uploads\/2025\/06\/D_722349-MLA81832590627_012025-F-768x435.jpg",768,435,true],"large":["https:\/\/rms-enlinea.com.ar\/wp-content\/uploads\/2025\/06\/D_722349-MLA81832590627_012025-F.jpg",915,518,false],"1536x1536":["https:\/\/rms-enlinea.com.ar\/wp-content\/uploads\/2025\/06\/D_722349-MLA81832590627_012025-F.jpg",915,518,false],"2048x2048":["https:\/\/rms-enlinea.com.ar\/wp-content\/uploads\/2025\/06\/D_722349-MLA81832590627_012025-F.jpg",915,518,false],"woocommerce_thumbnail":["https:\/\/rms-enlinea.com.ar\/wp-content\/uploads\/2025\/06\/D_722349-MLA81832590627_012025-F-450x450.jpg",450,450,true],"woocommerce_single":["https:\/\/rms-enlinea.com.ar\/wp-content\/uploads\/2025\/06\/D_722349-MLA81832590627_012025-F-600x340.jpg",600,340,true],"woocommerce_gallery_thumbnail":["https:\/\/rms-enlinea.com.ar\/wp-content\/uploads\/2025\/06\/D_722349-MLA81832590627_012025-F-100x100.jpg",100,100,true]},"uagb_author_info":{"display_name":"l0071054","author_link":"https:\/\/rms-enlinea.com.ar\/tienda\/author\/"},"uagb_comment_info":0,"uagb_excerpt":"Campos de aplicaci\u00f3n: Equipos de rack de perfil bajo de 19&#8242; &#8211; sistemas de micr\u00f3fonos inal\u00e1mbricosMateriales de construcci\u00f3n: Polietileno FORCE &#8211; AluminioProfundidad interior utilizable: 208 mmAcabado: Polietileno FORCEColor: Fondo FORCE &#8211; negro y grisUnidades de rack: 3UPestillo: 4Manijas: 2Colores disponibles: Fondo FORCE &#8211; negro y grisPaquete maestro: 1 piezaNotas: Tapas equipadas con un pr\u00e1ctico bolsillo&hellip;","_links":{"self":[{"href":"https:\/\/rms-enlinea.com.ar\/tienda\/wp-json\/wp\/v2\/product\/11642","targetHints":{"allow":["GET"]}}],"collection":[{"href":"https:\/\/rms-enlinea.com.ar\/tienda\/wp-json\/wp\/v2\/product"}],"about":[{"href":"https:\/\/rms-enlinea.com.ar\/tienda\/wp-json\/wp\/v2\/types\/product"}],"replies":[{"embeddable":true,"href":"https:\/\/rms-enlinea.com.ar\/tienda\/wp-json\/wp\/v2\/comments?post=11642"}],"wp:featuredmedia":[{"embeddable":true,"href":"https:\/\/rms-enlinea.com.ar\/tienda\/wp-json\/wp\/v2\/media\/11643"}],"wp:attachment":[{"href":"https:\/\/rms-enlinea.com.ar\/tienda\/wp-json\/wp\/v2\/media?parent=11642"}],"wp:term":[{"taxonomy":"product_brand","embeddable":true,"href":"https:\/\/rms-enlinea.com.ar\/tienda\/wp-json\/wp\/v2\/product_brand?post=11642"},{"taxonomy":"product_cat","embeddable":true,"href":"https:\/\/rms-enlinea.com.ar\/tienda\/wp-json\/wp\/v2\/product_cat?post=11642"},{"taxonomy":"product_tag","embeddable":true,"href":"https:\/\/rms-enlinea.com.ar\/tienda\/wp-json\/wp\/v2\/product_tag?post=11642"}],"curies":[{"name":"wp","href":"https:\/\/api.w.org\/{rel}","templated":true}]}}