{"id":11740,"date":"2025-06-12T05:47:33","date_gmt":"2025-06-12T08:47:33","guid":{"rendered":"https:\/\/rms-enlinea.com.ar\/tienda\/producto\/procesador-amd-ryzen-9-5900xt-am4-s-video-s-cooler-16-nucleo\/"},"modified":"2026-02-20T20:53:42","modified_gmt":"2026-02-20T23:53:42","slug":"procesador-amd-ryzen-9-5900xt-am4-s-video-s-cooler-16-nucleo","status":"publish","type":"product","link":"https:\/\/rms-enlinea.com.ar\/tienda\/producto\/procesador-amd-ryzen-9-5900xt-am4-s-video-s-cooler-16-nucleo\/","title":{"rendered":"Procesador Amd Ryzen 9 5900xt Am4 S\/video S\/cooler 16 Nucleo"},"content":{"rendered":"<p>Arquitectura Zen 3<br \/>\nN.\u00ba de n\u00facleos de CPU<br \/>\n16<br \/>\nM\u00faltiples subprocesos (SMT)<br \/>\nS\u00ed<br \/>\nN.\u00ba de subprocesos<br \/>\n32<br \/>\nReloj turbo m\u00e1ximo<br \/>\nHasta 4.8 GHz<br \/>\nReloj base<br \/>\n3.3 GHz<br \/>\nCach\u00e9 L1<br \/>\n1024 KB<br \/>\nCach\u00e9 L2<br \/>\n8 MB<br \/>\nCach\u00e9 L3<br \/>\n64 MB<br \/>\nTDP predeterminada<br \/>\n105W<br \/>\nTecnolog\u00eda de procesador para n\u00facleos de CPU<br \/>\nTSMC 7nm FinFET<br \/>\nTecnolog\u00eda de procesador para chip de E\/S<br \/>\n12nm (Globalfoundries)<br \/>\nTama\u00f1o del chip de procesamiento de CPU (CCD)<br \/>\n74mm\u00b2<br \/>\nTama\u00f1o del chip de E\/S (IOD)<br \/>\n125mm\u00b2<br \/>\nRecuento del chip del paquete<br \/>\n3<br \/>\nDesbloqueado para overclocking<br \/>\nS\u00ed<br \/>\nSocket de CPU<br \/>\nAM4<br \/>\nSupporting Chipsets<br \/>\nX570 , B550 , A520 , X470 , B450<br \/>\nCPU Boost Technology<br \/>\nPrecision Boost 2<br \/>\nConjunto de instrucciones<br \/>\nx86-64<br \/>\nExtensiones compatibles<br \/>\nAES , AMD-V , AVX , AVX2 , FMA3 , MMX-plus , SHA , SSE , SSE2 , SSE3 , SSE4.1 , SSE4.2 , SSE4A , SSSE3 , x86-64<br \/>\nSoluci\u00f3n t\u00e9rmica (producto en caja)<br \/>\nNo incluido<\/p>\n","protected":false},"excerpt":{"rendered":"<p>Arquitectura Zen 3 N.\u00ba de n\u00facleos de CPU 16 M\u00faltiples subprocesos (SMT) S\u00ed N.\u00ba de subprocesos 32 Reloj turbo m\u00e1ximo Hasta 4.8 GHz Reloj base 3.3 GHz Cach\u00e9 L1 1024 KB Cach\u00e9 L2 8 MB Cach\u00e9 L3 64 MB TDP predeterminada 105W Tecnolog\u00eda de procesador para n\u00facleos de CPU TSMC 7nm FinFET Tecnolog\u00eda de procesador [&hellip;]<\/p>\n","protected":false},"featured_media":4738,"comment_status":"open","ping_status":"closed","template":"","meta":{"_uag_custom_page_level_css":""},"product_brand":[531],"product_cat":[121],"product_tag":[],"class_list":{"0":"post-11740","1":"product","2":"type-product","3":"status-publish","4":"has-post-thumbnail","6":"product_brand-amd","7":"product_cat-procesadores-computacion","9":"first","10":"outofstock","11":"sale","12":"taxable","13":"shipping-taxable","14":"purchasable","15":"product-type-simple"},"uagb_featured_image_src":{"full":["https:\/\/rms-enlinea.com.ar\/wp-content\/uploads\/2025\/06\/D_950685-MLU78670387783_082024-F.jpg",1117,1200,false],"thumbnail":["https:\/\/rms-enlinea.com.ar\/wp-content\/uploads\/2025\/06\/D_950685-MLU78670387783_082024-F-150x150.jpg",150,150,true],"medium":["https:\/\/rms-enlinea.com.ar\/wp-content\/uploads\/2025\/06\/D_950685-MLU78670387783_082024-F-279x300.jpg",279,300,true],"medium_large":["https:\/\/rms-enlinea.com.ar\/wp-content\/uploads\/2025\/06\/D_950685-MLU78670387783_082024-F-768x825.jpg",768,825,true],"large":["https:\/\/rms-enlinea.com.ar\/wp-content\/uploads\/2025\/06\/D_950685-MLU78670387783_082024-F-953x1024.jpg",953,1024,true],"1536x1536":["https:\/\/rms-enlinea.com.ar\/wp-content\/uploads\/2025\/06\/D_950685-MLU78670387783_082024-F.jpg",1117,1200,false],"2048x2048":["https:\/\/rms-enlinea.com.ar\/wp-content\/uploads\/2025\/06\/D_950685-MLU78670387783_082024-F.jpg",1117,1200,false],"woocommerce_thumbnail":["https:\/\/rms-enlinea.com.ar\/wp-content\/uploads\/2025\/06\/D_950685-MLU78670387783_082024-F-450x450.jpg",450,450,true],"woocommerce_single":["https:\/\/rms-enlinea.com.ar\/wp-content\/uploads\/2025\/06\/D_950685-MLU78670387783_082024-F-600x645.jpg",600,645,true],"woocommerce_gallery_thumbnail":["https:\/\/rms-enlinea.com.ar\/wp-content\/uploads\/2025\/06\/D_950685-MLU78670387783_082024-F-100x100.jpg",100,100,true]},"uagb_author_info":{"display_name":"l0071054","author_link":"https:\/\/rms-enlinea.com.ar\/tienda\/author\/"},"uagb_comment_info":0,"uagb_excerpt":"Arquitectura Zen 3 N.\u00ba de n\u00facleos de CPU 16 M\u00faltiples subprocesos (SMT) S\u00ed N.\u00ba de subprocesos 32 Reloj turbo m\u00e1ximo Hasta 4.8 GHz Reloj base 3.3 GHz Cach\u00e9 L1 1024 KB Cach\u00e9 L2 8 MB Cach\u00e9 L3 64 MB TDP predeterminada 105W Tecnolog\u00eda de procesador para n\u00facleos de CPU TSMC 7nm FinFET Tecnolog\u00eda de procesador&hellip;","_links":{"self":[{"href":"https:\/\/rms-enlinea.com.ar\/tienda\/wp-json\/wp\/v2\/product\/11740","targetHints":{"allow":["GET"]}}],"collection":[{"href":"https:\/\/rms-enlinea.com.ar\/tienda\/wp-json\/wp\/v2\/product"}],"about":[{"href":"https:\/\/rms-enlinea.com.ar\/tienda\/wp-json\/wp\/v2\/types\/product"}],"replies":[{"embeddable":true,"href":"https:\/\/rms-enlinea.com.ar\/tienda\/wp-json\/wp\/v2\/comments?post=11740"}],"wp:featuredmedia":[{"embeddable":true,"href":"https:\/\/rms-enlinea.com.ar\/tienda\/wp-json\/wp\/v2\/media\/4738"}],"wp:attachment":[{"href":"https:\/\/rms-enlinea.com.ar\/tienda\/wp-json\/wp\/v2\/media?parent=11740"}],"wp:term":[{"taxonomy":"product_brand","embeddable":true,"href":"https:\/\/rms-enlinea.com.ar\/tienda\/wp-json\/wp\/v2\/product_brand?post=11740"},{"taxonomy":"product_cat","embeddable":true,"href":"https:\/\/rms-enlinea.com.ar\/tienda\/wp-json\/wp\/v2\/product_cat?post=11740"},{"taxonomy":"product_tag","embeddable":true,"href":"https:\/\/rms-enlinea.com.ar\/tienda\/wp-json\/wp\/v2\/product_tag?post=11740"}],"curies":[{"name":"wp","href":"https:\/\/api.w.org\/{rel}","templated":true}]}}