{"id":11904,"date":"2025-06-12T05:51:14","date_gmt":"2025-06-12T08:51:14","guid":{"rendered":"https:\/\/rms-enlinea.com.ar\/tienda\/producto\/procesador-amd-ryzen-7-9700x-am5-zen-5-8-nucleos-16-hilos\/"},"modified":"2026-04-02T18:59:59","modified_gmt":"2026-04-02T21:59:59","slug":"procesador-amd-ryzen-7-9700x-am5-zen-5-8-nucleos-16-hilos","status":"publish","type":"product","link":"https:\/\/rms-enlinea.com.ar\/tienda\/producto\/procesador-amd-ryzen-7-9700x-am5-zen-5-8-nucleos-16-hilos\/","title":{"rendered":"Procesador Amd Ryzen 7 9700x Am5 Zen 5 8 Nucleos 16 Hilos"},"content":{"rendered":"<p>N.\u00ba de n\u00facleos de CPU<\/p>\n<p>8<br \/>\nReloj turbo m\u00e1ximo<\/p>\n<p>Hasta 5.5 GHz<br \/>\nSupporting Chipsets<\/p>\n<p>A620 , X670E , X670 , B650E , B650 , X870E , X870<br \/>\nDesbloqueado para overclocking<\/p>\n<p>S\u00ed<br \/>\nSerie<\/p>\n<p>Ryzen 9000 Series<br \/>\nCach\u00e9 L3<\/p>\n<p>32 MB<br \/>\nArquitectura<\/p>\n<p>Zen 5<br \/>\nTemperatura de funcionamiento m\u00e1xima<\/p>\n<p>95\u00b0C<br \/>\nSocket de CPU<\/p>\n<p>AM5<br \/>\nReloj base<\/p>\n<p>3.8 GHz<br \/>\nN.\u00ba de subprocesos<\/p>\n<p>16<br \/>\nNombre<\/p>\n<p>AMD Ryzen\u2122 7 9700X<br \/>\nTDP predeterminada<\/p>\n<p>65W<\/p>\n","protected":false},"excerpt":{"rendered":"<p>N.\u00ba de n\u00facleos de CPU 8 Reloj turbo m\u00e1ximo Hasta 5.5 GHz Supporting Chipsets A620 , X670E , X670 , B650E , B650 , X870E , X870 Desbloqueado para overclocking S\u00ed Serie Ryzen 9000 Series Cach\u00e9 L3 32 MB Arquitectura Zen 5 Temperatura de funcionamiento m\u00e1xima 95\u00b0C Socket de CPU AM5 Reloj base 3.8 GHz [&hellip;]<\/p>\n","protected":false},"featured_media":6694,"comment_status":"open","ping_status":"closed","template":"","meta":{"_uag_custom_page_level_css":""},"product_brand":[531],"product_cat":[121],"product_tag":[],"class_list":{"0":"post-11904","1":"product","2":"type-product","3":"status-publish","4":"has-post-thumbnail","6":"product_brand-amd","7":"product_cat-procesadores-computacion","9":"first","10":"instock","11":"sale","12":"taxable","13":"shipping-taxable","14":"purchasable","15":"product-type-simple"},"uagb_featured_image_src":{"full":["https:\/\/rms-enlinea.com.ar\/wp-content\/uploads\/2025\/06\/D_674223-MLU78443291514_082024-F.jpg",941,1079,false],"thumbnail":["https:\/\/rms-enlinea.com.ar\/wp-content\/uploads\/2025\/06\/D_674223-MLU78443291514_082024-F-150x150.jpg",150,150,true],"medium":["https:\/\/rms-enlinea.com.ar\/wp-content\/uploads\/2025\/06\/D_674223-MLU78443291514_082024-F-262x300.jpg",262,300,true],"medium_large":["https:\/\/rms-enlinea.com.ar\/wp-content\/uploads\/2025\/06\/D_674223-MLU78443291514_082024-F-768x881.jpg",768,881,true],"large":["https:\/\/rms-enlinea.com.ar\/wp-content\/uploads\/2025\/06\/D_674223-MLU78443291514_082024-F-893x1024.jpg",893,1024,true],"1536x1536":["https:\/\/rms-enlinea.com.ar\/wp-content\/uploads\/2025\/06\/D_674223-MLU78443291514_082024-F.jpg",941,1079,false],"2048x2048":["https:\/\/rms-enlinea.com.ar\/wp-content\/uploads\/2025\/06\/D_674223-MLU78443291514_082024-F.jpg",941,1079,false],"woocommerce_thumbnail":["https:\/\/rms-enlinea.com.ar\/wp-content\/uploads\/2025\/06\/D_674223-MLU78443291514_082024-F-450x450.jpg",450,450,true],"woocommerce_single":["https:\/\/rms-enlinea.com.ar\/wp-content\/uploads\/2025\/06\/D_674223-MLU78443291514_082024-F-600x688.jpg",600,688,true],"woocommerce_gallery_thumbnail":["https:\/\/rms-enlinea.com.ar\/wp-content\/uploads\/2025\/06\/D_674223-MLU78443291514_082024-F-100x100.jpg",100,100,true]},"uagb_author_info":{"display_name":"l0071054","author_link":"https:\/\/rms-enlinea.com.ar\/tienda\/author\/"},"uagb_comment_info":0,"uagb_excerpt":"N.\u00ba de n\u00facleos de CPU 8 Reloj turbo m\u00e1ximo Hasta 5.5 GHz Supporting Chipsets A620 , X670E , X670 , B650E , B650 , X870E , X870 Desbloqueado para overclocking S\u00ed Serie Ryzen 9000 Series Cach\u00e9 L3 32 MB Arquitectura Zen 5 Temperatura de funcionamiento m\u00e1xima 95\u00b0C Socket de CPU AM5 Reloj base 3.8 GHz&hellip;","_links":{"self":[{"href":"https:\/\/rms-enlinea.com.ar\/tienda\/wp-json\/wp\/v2\/product\/11904","targetHints":{"allow":["GET"]}}],"collection":[{"href":"https:\/\/rms-enlinea.com.ar\/tienda\/wp-json\/wp\/v2\/product"}],"about":[{"href":"https:\/\/rms-enlinea.com.ar\/tienda\/wp-json\/wp\/v2\/types\/product"}],"replies":[{"embeddable":true,"href":"https:\/\/rms-enlinea.com.ar\/tienda\/wp-json\/wp\/v2\/comments?post=11904"}],"wp:featuredmedia":[{"embeddable":true,"href":"https:\/\/rms-enlinea.com.ar\/tienda\/wp-json\/wp\/v2\/media\/6694"}],"wp:attachment":[{"href":"https:\/\/rms-enlinea.com.ar\/tienda\/wp-json\/wp\/v2\/media?parent=11904"}],"wp:term":[{"taxonomy":"product_brand","embeddable":true,"href":"https:\/\/rms-enlinea.com.ar\/tienda\/wp-json\/wp\/v2\/product_brand?post=11904"},{"taxonomy":"product_cat","embeddable":true,"href":"https:\/\/rms-enlinea.com.ar\/tienda\/wp-json\/wp\/v2\/product_cat?post=11904"},{"taxonomy":"product_tag","embeddable":true,"href":"https:\/\/rms-enlinea.com.ar\/tienda\/wp-json\/wp\/v2\/product_tag?post=11904"}],"curies":[{"name":"wp","href":"https:\/\/api.w.org\/{rel}","templated":true}]}}