{"id":12001,"date":"2025-06-12T05:52:48","date_gmt":"2025-06-12T08:52:48","guid":{"rendered":"https:\/\/rms-enlinea.com.ar\/tienda\/producto\/teclado-genius-slimstar-820-con-retroiluminacion-usb-esp\/"},"modified":"2026-04-14T19:00:21","modified_gmt":"2026-04-14T22:00:21","slug":"teclado-genius-slimstar-820-con-retroiluminacion-usb-esp","status":"publish","type":"product","link":"https:\/\/rms-enlinea.com.ar\/tienda\/producto\/teclado-genius-slimstar-820-con-retroiluminacion-usb-esp\/","title":{"rendered":"Teclado Genius Slimstar 820 Con Retroiluminacion Usb Esp"},"content":{"rendered":"<p>Con Bluetooth<\/p>\n<p>No<br \/>Con teclas silenciosas<\/p>\n<p>No<br \/>Con teclas anti-ghost<\/p>\n<p>No<br \/>Con retroiluminaci\u00f3n<\/p>\n<p>S\u00ed<br \/>Marca<\/p>\n<p>Genius<br \/>Color de la retroiluminaci\u00f3n<\/p>\n<p>Blanco<br \/>Idioma<\/p>\n<p>Espa\u00f1ol<br \/>Layout<\/p>\n<p>QWERTY<br \/>Tipo de conector<\/p>\n<p>USB<br \/>Modelo<\/p>\n<p>slimstar 820<br \/>Con pad num\u00e9rico<\/p>\n<p>S\u00ed<br \/>Arquitectura<\/p>\n<p>Membrana<\/p>\n","protected":false},"excerpt":{"rendered":"<p>Con Bluetooth NoCon teclas silenciosas NoCon teclas anti-ghost NoCon retroiluminaci\u00f3n S\u00edMarca GeniusColor de la retroiluminaci\u00f3n BlancoIdioma Espa\u00f1olLayout QWERTYTipo de conector USBModelo slimstar 820Con pad num\u00e9rico S\u00edArquitectura Membrana<\/p>\n","protected":false},"featured_media":12002,"comment_status":"open","ping_status":"closed","template":"","meta":{"_uag_custom_page_level_css":""},"product_brand":[550],"product_cat":[125],"product_tag":[],"class_list":{"0":"post-12001","1":"product","2":"type-product","3":"status-publish","4":"has-post-thumbnail","6":"product_brand-genius","7":"product_cat-teclados-y-mouses","9":"first","10":"outofstock","11":"sale","12":"taxable","13":"shipping-taxable","14":"purchasable","15":"product-type-simple"},"uagb_featured_image_src":{"full":["https:\/\/rms-enlinea.com.ar\/wp-content\/uploads\/2025\/06\/D_807905-MLA78743646931_082024-F.jpg",1200,400,false],"thumbnail":["https:\/\/rms-enlinea.com.ar\/wp-content\/uploads\/2025\/06\/D_807905-MLA78743646931_082024-F-150x150.jpg",150,150,true],"medium":["https:\/\/rms-enlinea.com.ar\/wp-content\/uploads\/2025\/06\/D_807905-MLA78743646931_082024-F-300x100.jpg",300,100,true],"medium_large":["https:\/\/rms-enlinea.com.ar\/wp-content\/uploads\/2025\/06\/D_807905-MLA78743646931_082024-F-768x256.jpg",768,256,true],"large":["https:\/\/rms-enlinea.com.ar\/wp-content\/uploads\/2025\/06\/D_807905-MLA78743646931_082024-F-1024x341.jpg",1024,341,true],"1536x1536":["https:\/\/rms-enlinea.com.ar\/wp-content\/uploads\/2025\/06\/D_807905-MLA78743646931_082024-F.jpg",1200,400,false],"2048x2048":["https:\/\/rms-enlinea.com.ar\/wp-content\/uploads\/2025\/06\/D_807905-MLA78743646931_082024-F.jpg",1200,400,false],"woocommerce_thumbnail":["https:\/\/rms-enlinea.com.ar\/wp-content\/uploads\/2025\/06\/D_807905-MLA78743646931_082024-F-450x400.jpg",450,400,true],"woocommerce_single":["https:\/\/rms-enlinea.com.ar\/wp-content\/uploads\/2025\/06\/D_807905-MLA78743646931_082024-F-600x200.jpg",600,200,true],"woocommerce_gallery_thumbnail":["https:\/\/rms-enlinea.com.ar\/wp-content\/uploads\/2025\/06\/D_807905-MLA78743646931_082024-F-100x100.jpg",100,100,true]},"uagb_author_info":{"display_name":"l0071054","author_link":"https:\/\/rms-enlinea.com.ar\/tienda\/author\/"},"uagb_comment_info":0,"uagb_excerpt":"Con Bluetooth NoCon teclas silenciosas NoCon teclas anti-ghost NoCon retroiluminaci\u00f3n S\u00edMarca GeniusColor de la retroiluminaci\u00f3n BlancoIdioma Espa\u00f1olLayout QWERTYTipo de conector USBModelo slimstar 820Con pad num\u00e9rico S\u00edArquitectura Membrana","_links":{"self":[{"href":"https:\/\/rms-enlinea.com.ar\/tienda\/wp-json\/wp\/v2\/product\/12001","targetHints":{"allow":["GET"]}}],"collection":[{"href":"https:\/\/rms-enlinea.com.ar\/tienda\/wp-json\/wp\/v2\/product"}],"about":[{"href":"https:\/\/rms-enlinea.com.ar\/tienda\/wp-json\/wp\/v2\/types\/product"}],"replies":[{"embeddable":true,"href":"https:\/\/rms-enlinea.com.ar\/tienda\/wp-json\/wp\/v2\/comments?post=12001"}],"wp:featuredmedia":[{"embeddable":true,"href":"https:\/\/rms-enlinea.com.ar\/tienda\/wp-json\/wp\/v2\/media\/12002"}],"wp:attachment":[{"href":"https:\/\/rms-enlinea.com.ar\/tienda\/wp-json\/wp\/v2\/media?parent=12001"}],"wp:term":[{"taxonomy":"product_brand","embeddable":true,"href":"https:\/\/rms-enlinea.com.ar\/tienda\/wp-json\/wp\/v2\/product_brand?post=12001"},{"taxonomy":"product_cat","embeddable":true,"href":"https:\/\/rms-enlinea.com.ar\/tienda\/wp-json\/wp\/v2\/product_cat?post=12001"},{"taxonomy":"product_tag","embeddable":true,"href":"https:\/\/rms-enlinea.com.ar\/tienda\/wp-json\/wp\/v2\/product_tag?post=12001"}],"curies":[{"name":"wp","href":"https:\/\/api.w.org\/{rel}","templated":true}]}}