{"id":12473,"date":"2025-06-12T06:01:55","date_gmt":"2025-06-12T09:01:55","guid":{"rendered":"https:\/\/rms-enlinea.com.ar\/tienda\/producto\/soporte-tv-de-23-a-55-vesa-400x400mm-intelaid-it-ets44\/"},"modified":"2026-04-06T14:39:26","modified_gmt":"2026-04-06T17:39:26","slug":"soporte-tv-de-23-a-55-vesa-400x400mm-intelaid-it-ets44","status":"publish","type":"product","link":"https:\/\/rms-enlinea.com.ar\/tienda\/producto\/soporte-tv-de-23-a-55-vesa-400x400mm-intelaid-it-ets44\/","title":{"rendered":"Soporte Tv De 23 A 55 Vesa 400x400mm Intelaid It-ets44"},"content":{"rendered":"<p>Marca<\/p>\n<p>Intelaid<br \/>Color<\/p>\n<p>Negro<br \/>Tipos de pantallas soportadas<\/p>\n<p>LED<br \/>C\u00f3digo universal de producto<\/p>\n<p>719392166125<br \/>Es articulado<\/p>\n<p>S\u00ed<br \/>Es fijo<\/p>\n<p>S\u00ed<br \/>Es inclinable<\/p>\n<p>S\u00ed<br \/>Tama\u00f1o m\u00e1ximo de la pantalla<\/p>\n<p>55 &#8220;<br \/>Tama\u00f1o m\u00ednimo de la pantalla<\/p>\n<p>23 &#8220;<br \/>Modelo<\/p>\n<p>IT-ETS44<br \/>Lugar de montaje<\/p>\n<p>Pared<br \/>SKU<\/p>\n<p>IT-ETS44<br \/>Est\u00e1ndares VESA<\/p>\n<p>400&#215;400<\/p>\n","protected":false},"excerpt":{"rendered":"<p>Marca IntelaidColor NegroTipos de pantallas soportadas LEDC\u00f3digo universal de producto 719392166125Es articulado S\u00edEs fijo S\u00edEs inclinable S\u00edTama\u00f1o m\u00e1ximo de la pantalla 55 &#8220;Tama\u00f1o m\u00ednimo de la pantalla 23 &#8220;Modelo IT-ETS44Lugar de montaje ParedSKU IT-ETS44Est\u00e1ndares VESA 400&#215;400<\/p>\n","protected":false},"featured_media":12474,"comment_status":"open","ping_status":"closed","template":"","meta":{"_uag_custom_page_level_css":""},"product_brand":[575],"product_cat":[461],"product_tag":[],"class_list":{"0":"post-12473","1":"product","2":"type-product","3":"status-publish","4":"has-post-thumbnail","6":"product_brand-intelaid","7":"product_cat-soportes-computacion","9":"first","10":"instock","11":"sale","12":"taxable","13":"shipping-taxable","14":"purchasable","15":"product-type-simple"},"uagb_featured_image_src":{"full":["https:\/\/rms-enlinea.com.ar\/wp-content\/uploads\/2025\/06\/D_949168-MLA77360898745_062024-F.jpg",551,976,false],"thumbnail":["https:\/\/rms-enlinea.com.ar\/wp-content\/uploads\/2025\/06\/D_949168-MLA77360898745_062024-F-150x150.jpg",150,150,true],"medium":["https:\/\/rms-enlinea.com.ar\/wp-content\/uploads\/2025\/06\/D_949168-MLA77360898745_062024-F-169x300.jpg",169,300,true],"medium_large":["https:\/\/rms-enlinea.com.ar\/wp-content\/uploads\/2025\/06\/D_949168-MLA77360898745_062024-F.jpg",551,976,false],"large":["https:\/\/rms-enlinea.com.ar\/wp-content\/uploads\/2025\/06\/D_949168-MLA77360898745_062024-F.jpg",551,976,false],"1536x1536":["https:\/\/rms-enlinea.com.ar\/wp-content\/uploads\/2025\/06\/D_949168-MLA77360898745_062024-F.jpg",551,976,false],"2048x2048":["https:\/\/rms-enlinea.com.ar\/wp-content\/uploads\/2025\/06\/D_949168-MLA77360898745_062024-F.jpg",551,976,false],"woocommerce_thumbnail":["https:\/\/rms-enlinea.com.ar\/wp-content\/uploads\/2025\/06\/D_949168-MLA77360898745_062024-F-450x450.jpg",450,450,true],"woocommerce_single":["https:\/\/rms-enlinea.com.ar\/wp-content\/uploads\/2025\/06\/D_949168-MLA77360898745_062024-F.jpg",551,976,false],"woocommerce_gallery_thumbnail":["https:\/\/rms-enlinea.com.ar\/wp-content\/uploads\/2025\/06\/D_949168-MLA77360898745_062024-F-100x100.jpg",100,100,true]},"uagb_author_info":{"display_name":"l0071054","author_link":"https:\/\/rms-enlinea.com.ar\/tienda\/author\/"},"uagb_comment_info":0,"uagb_excerpt":"Marca IntelaidColor NegroTipos de pantallas soportadas LEDC\u00f3digo universal de producto 719392166125Es articulado S\u00edEs fijo S\u00edEs inclinable S\u00edTama\u00f1o m\u00e1ximo de la pantalla 55 &#8220;Tama\u00f1o m\u00ednimo de la pantalla 23 &#8220;Modelo IT-ETS44Lugar de montaje ParedSKU IT-ETS44Est\u00e1ndares VESA 400&#215;400","_links":{"self":[{"href":"https:\/\/rms-enlinea.com.ar\/tienda\/wp-json\/wp\/v2\/product\/12473","targetHints":{"allow":["GET"]}}],"collection":[{"href":"https:\/\/rms-enlinea.com.ar\/tienda\/wp-json\/wp\/v2\/product"}],"about":[{"href":"https:\/\/rms-enlinea.com.ar\/tienda\/wp-json\/wp\/v2\/types\/product"}],"replies":[{"embeddable":true,"href":"https:\/\/rms-enlinea.com.ar\/tienda\/wp-json\/wp\/v2\/comments?post=12473"}],"wp:featuredmedia":[{"embeddable":true,"href":"https:\/\/rms-enlinea.com.ar\/tienda\/wp-json\/wp\/v2\/media\/12474"}],"wp:attachment":[{"href":"https:\/\/rms-enlinea.com.ar\/tienda\/wp-json\/wp\/v2\/media?parent=12473"}],"wp:term":[{"taxonomy":"product_brand","embeddable":true,"href":"https:\/\/rms-enlinea.com.ar\/tienda\/wp-json\/wp\/v2\/product_brand?post=12473"},{"taxonomy":"product_cat","embeddable":true,"href":"https:\/\/rms-enlinea.com.ar\/tienda\/wp-json\/wp\/v2\/product_cat?post=12473"},{"taxonomy":"product_tag","embeddable":true,"href":"https:\/\/rms-enlinea.com.ar\/tienda\/wp-json\/wp\/v2\/product_tag?post=12473"}],"curies":[{"name":"wp","href":"https:\/\/api.w.org\/{rel}","templated":true}]}}