{"id":12515,"date":"2025-06-12T06:02:36","date_gmt":"2025-06-12T09:02:36","guid":{"rendered":"https:\/\/rms-enlinea.com.ar\/tienda\/producto\/teclado-usb-genius-slimstar-m200-espanol-membrana\/"},"modified":"2026-04-15T14:01:20","modified_gmt":"2026-04-15T17:01:20","slug":"teclado-usb-genius-slimstar-m200-espanol-membrana","status":"publish","type":"product","link":"https:\/\/rms-enlinea.com.ar\/tienda\/producto\/teclado-usb-genius-slimstar-m200-espanol-membrana\/","title":{"rendered":"Teclado Usb Genius Slimstar M200 Espa\u00f1ol Membrana"},"content":{"rendered":"<p>Puerto<\/p>\n<p>USB<br \/>Marca<\/p>\n<p>Genius<br \/>Modelo<\/p>\n<p>KB-M200<br \/>SKU<\/p>\n<p>091163236689<br \/>Con Bluetooth<\/p>\n<p>No<br \/>Con recepci\u00f3n inal\u00e1mbrica<\/p>\n<p>No<br \/>N\u00famero de teclas de acceso r\u00e1pido<\/p>\n<p>8<\/p>\n","protected":false},"excerpt":{"rendered":"<p>Puerto USBMarca GeniusModelo KB-M200SKU 091163236689Con Bluetooth NoCon recepci\u00f3n inal\u00e1mbrica NoN\u00famero de teclas de acceso r\u00e1pido 8<\/p>\n","protected":false},"featured_media":12516,"comment_status":"open","ping_status":"closed","template":"","meta":{"_uag_custom_page_level_css":""},"product_brand":[550],"product_cat":[125],"product_tag":[],"class_list":{"0":"post-12515","1":"product","2":"type-product","3":"status-publish","4":"has-post-thumbnail","6":"product_brand-genius","7":"product_cat-teclados-y-mouses","9":"first","10":"instock","11":"sale","12":"taxable","13":"shipping-taxable","14":"purchasable","15":"product-type-simple"},"uagb_featured_image_src":{"full":["https:\/\/rms-enlinea.com.ar\/wp-content\/uploads\/2025\/06\/D_895890-MLA82171499153_012025-F.jpg",1114,506,false],"thumbnail":["https:\/\/rms-enlinea.com.ar\/wp-content\/uploads\/2025\/06\/D_895890-MLA82171499153_012025-F-150x150.jpg",150,150,true],"medium":["https:\/\/rms-enlinea.com.ar\/wp-content\/uploads\/2025\/06\/D_895890-MLA82171499153_012025-F-300x136.jpg",300,136,true],"medium_large":["https:\/\/rms-enlinea.com.ar\/wp-content\/uploads\/2025\/06\/D_895890-MLA82171499153_012025-F-768x349.jpg",768,349,true],"large":["https:\/\/rms-enlinea.com.ar\/wp-content\/uploads\/2025\/06\/D_895890-MLA82171499153_012025-F-1024x465.jpg",1024,465,true],"1536x1536":["https:\/\/rms-enlinea.com.ar\/wp-content\/uploads\/2025\/06\/D_895890-MLA82171499153_012025-F.jpg",1114,506,false],"2048x2048":["https:\/\/rms-enlinea.com.ar\/wp-content\/uploads\/2025\/06\/D_895890-MLA82171499153_012025-F.jpg",1114,506,false],"woocommerce_thumbnail":["https:\/\/rms-enlinea.com.ar\/wp-content\/uploads\/2025\/06\/D_895890-MLA82171499153_012025-F-450x450.jpg",450,450,true],"woocommerce_single":["https:\/\/rms-enlinea.com.ar\/wp-content\/uploads\/2025\/06\/D_895890-MLA82171499153_012025-F-600x273.jpg",600,273,true],"woocommerce_gallery_thumbnail":["https:\/\/rms-enlinea.com.ar\/wp-content\/uploads\/2025\/06\/D_895890-MLA82171499153_012025-F-100x100.jpg",100,100,true]},"uagb_author_info":{"display_name":"l0071054","author_link":"https:\/\/rms-enlinea.com.ar\/tienda\/author\/"},"uagb_comment_info":0,"uagb_excerpt":"Puerto USBMarca GeniusModelo KB-M200SKU 091163236689Con Bluetooth NoCon recepci\u00f3n inal\u00e1mbrica NoN\u00famero de teclas de acceso r\u00e1pido 8","_links":{"self":[{"href":"https:\/\/rms-enlinea.com.ar\/tienda\/wp-json\/wp\/v2\/product\/12515","targetHints":{"allow":["GET"]}}],"collection":[{"href":"https:\/\/rms-enlinea.com.ar\/tienda\/wp-json\/wp\/v2\/product"}],"about":[{"href":"https:\/\/rms-enlinea.com.ar\/tienda\/wp-json\/wp\/v2\/types\/product"}],"replies":[{"embeddable":true,"href":"https:\/\/rms-enlinea.com.ar\/tienda\/wp-json\/wp\/v2\/comments?post=12515"}],"wp:featuredmedia":[{"embeddable":true,"href":"https:\/\/rms-enlinea.com.ar\/tienda\/wp-json\/wp\/v2\/media\/12516"}],"wp:attachment":[{"href":"https:\/\/rms-enlinea.com.ar\/tienda\/wp-json\/wp\/v2\/media?parent=12515"}],"wp:term":[{"taxonomy":"product_brand","embeddable":true,"href":"https:\/\/rms-enlinea.com.ar\/tienda\/wp-json\/wp\/v2\/product_brand?post=12515"},{"taxonomy":"product_cat","embeddable":true,"href":"https:\/\/rms-enlinea.com.ar\/tienda\/wp-json\/wp\/v2\/product_cat?post=12515"},{"taxonomy":"product_tag","embeddable":true,"href":"https:\/\/rms-enlinea.com.ar\/tienda\/wp-json\/wp\/v2\/product_tag?post=12515"}],"curies":[{"name":"wp","href":"https:\/\/api.w.org\/{rel}","templated":true}]}}