{"id":12946,"date":"2025-06-12T06:12:58","date_gmt":"2025-06-12T09:12:58","guid":{"rendered":"https:\/\/rms-enlinea.com.ar\/tienda\/producto\/microfono-vocal-electro-condenser-jts-nx-8-8\/"},"modified":"2026-04-11T06:50:21","modified_gmt":"2026-04-11T09:50:21","slug":"microfono-vocal-electro-condenser-jts-nx-8-8","status":"publish","type":"product","link":"https:\/\/rms-enlinea.com.ar\/tienda\/producto\/microfono-vocal-electro-condenser-jts-nx-8-8\/","title":{"rendered":"Microfono Vocal Electro Condenser Jts Nx-8.8"},"content":{"rendered":"<p>TIPO DE PRODUCTO: MICROFONO<br \/>USO: VOCAL \/ INSTRUMENTO<br \/>CARCASA: METALICA<br \/>ELECTRO CONDENSER<br \/>RESPUESTA FRECUENTE: 60-18,000 HZ<br \/>PATR\u00d3N POLAR: SUPERCARDIOIDE, ROTACIONALMENTE SIM\u00c9TRICO SOBRE EL EJE DEL MICR\u00d3FONO, UNIFORME CON FRECUENCIA<br \/>SENSIBILIDAD (A 1,000HZ): -70DB * (0.32MV) * 0DB = 1V \/ \u00bfBAR<br \/>IMPEDANCIA DE SALIDA: 400O<br \/>CONECTOR: XLR TIPO MACHO PROFESIONAL <br \/>PESO NETO: 275 GRAMOS<br \/>FUENTE DE ALIMENTACI\u00d3N 9-52V PHANTOM POWER<\/p>\n","protected":false},"excerpt":{"rendered":"<p>TIPO DE PRODUCTO: MICROFONOUSO: VOCAL \/ INSTRUMENTOCARCASA: METALICAELECTRO CONDENSERRESPUESTA FRECUENTE: 60-18,000 HZPATR\u00d3N POLAR: SUPERCARDIOIDE, ROTACIONALMENTE SIM\u00c9TRICO SOBRE EL EJE DEL MICR\u00d3FONO, UNIFORME CON FRECUENCIASENSIBILIDAD (A 1,000HZ): -70DB * (0.32MV) * 0DB = 1V \/ \u00bfBARIMPEDANCIA DE SALIDA: 400OCONECTOR: XLR TIPO MACHO PROFESIONAL PESO NETO: 275 GRAMOSFUENTE DE ALIMENTACI\u00d3N 9-52V PHANTOM POWER<\/p>\n","protected":false},"featured_media":12947,"comment_status":"open","ping_status":"closed","template":"","meta":{"_uag_custom_page_level_css":""},"product_brand":[],"product_cat":[75],"product_tag":[],"class_list":{"0":"post-12946","1":"product","2":"type-product","3":"status-publish","4":"has-post-thumbnail","6":"product_cat-microfonos","8":"first","9":"outofstock","10":"sale","11":"taxable","12":"shipping-taxable","13":"purchasable","14":"product-type-simple"},"uagb_featured_image_src":{"full":["https:\/\/rms-enlinea.com.ar\/wp-content\/uploads\/2025\/06\/D_906384-MLA48002147333_102021-F.jpg",407,828,false],"thumbnail":["https:\/\/rms-enlinea.com.ar\/wp-content\/uploads\/2025\/06\/D_906384-MLA48002147333_102021-F-150x150.jpg",150,150,true],"medium":["https:\/\/rms-enlinea.com.ar\/wp-content\/uploads\/2025\/06\/D_906384-MLA48002147333_102021-F-147x300.jpg",147,300,true],"medium_large":["https:\/\/rms-enlinea.com.ar\/wp-content\/uploads\/2025\/06\/D_906384-MLA48002147333_102021-F.jpg",407,828,false],"large":["https:\/\/rms-enlinea.com.ar\/wp-content\/uploads\/2025\/06\/D_906384-MLA48002147333_102021-F.jpg",407,828,false],"1536x1536":["https:\/\/rms-enlinea.com.ar\/wp-content\/uploads\/2025\/06\/D_906384-MLA48002147333_102021-F.jpg",407,828,false],"2048x2048":["https:\/\/rms-enlinea.com.ar\/wp-content\/uploads\/2025\/06\/D_906384-MLA48002147333_102021-F.jpg",407,828,false],"woocommerce_thumbnail":["https:\/\/rms-enlinea.com.ar\/wp-content\/uploads\/2025\/06\/D_906384-MLA48002147333_102021-F-407x450.jpg",407,450,true],"woocommerce_single":["https:\/\/rms-enlinea.com.ar\/wp-content\/uploads\/2025\/06\/D_906384-MLA48002147333_102021-F.jpg",407,828,false],"woocommerce_gallery_thumbnail":["https:\/\/rms-enlinea.com.ar\/wp-content\/uploads\/2025\/06\/D_906384-MLA48002147333_102021-F-100x100.jpg",100,100,true]},"uagb_author_info":{"display_name":"l0071054","author_link":"https:\/\/rms-enlinea.com.ar\/tienda\/author\/"},"uagb_comment_info":0,"uagb_excerpt":"TIPO DE PRODUCTO: MICROFONOUSO: VOCAL \/ INSTRUMENTOCARCASA: METALICAELECTRO CONDENSERRESPUESTA FRECUENTE: 60-18,000 HZPATR\u00d3N POLAR: SUPERCARDIOIDE, ROTACIONALMENTE SIM\u00c9TRICO SOBRE EL EJE DEL MICR\u00d3FONO, UNIFORME CON FRECUENCIASENSIBILIDAD (A 1,000HZ): -70DB * (0.32MV) * 0DB = 1V \/ \u00bfBARIMPEDANCIA DE SALIDA: 400OCONECTOR: XLR TIPO MACHO PROFESIONAL PESO NETO: 275 GRAMOSFUENTE DE ALIMENTACI\u00d3N 9-52V PHANTOM POWER","_links":{"self":[{"href":"https:\/\/rms-enlinea.com.ar\/tienda\/wp-json\/wp\/v2\/product\/12946","targetHints":{"allow":["GET"]}}],"collection":[{"href":"https:\/\/rms-enlinea.com.ar\/tienda\/wp-json\/wp\/v2\/product"}],"about":[{"href":"https:\/\/rms-enlinea.com.ar\/tienda\/wp-json\/wp\/v2\/types\/product"}],"replies":[{"embeddable":true,"href":"https:\/\/rms-enlinea.com.ar\/tienda\/wp-json\/wp\/v2\/comments?post=12946"}],"wp:featuredmedia":[{"embeddable":true,"href":"https:\/\/rms-enlinea.com.ar\/tienda\/wp-json\/wp\/v2\/media\/12947"}],"wp:attachment":[{"href":"https:\/\/rms-enlinea.com.ar\/tienda\/wp-json\/wp\/v2\/media?parent=12946"}],"wp:term":[{"taxonomy":"product_brand","embeddable":true,"href":"https:\/\/rms-enlinea.com.ar\/tienda\/wp-json\/wp\/v2\/product_brand?post=12946"},{"taxonomy":"product_cat","embeddable":true,"href":"https:\/\/rms-enlinea.com.ar\/tienda\/wp-json\/wp\/v2\/product_cat?post=12946"},{"taxonomy":"product_tag","embeddable":true,"href":"https:\/\/rms-enlinea.com.ar\/tienda\/wp-json\/wp\/v2\/product_tag?post=12946"}],"curies":[{"name":"wp","href":"https:\/\/api.w.org\/{rel}","templated":true}]}}