{"id":13077,"date":"2025-06-12T06:15:55","date_gmt":"2025-06-12T09:15:55","guid":{"rendered":"https:\/\/rms-enlinea.com.ar\/tienda\/producto\/ficha-powercon-chasis-electricidad-power-xpro-cxp-pccma\/"},"modified":"2026-04-21T06:14:15","modified_gmt":"2026-04-21T09:14:15","slug":"ficha-powercon-chasis-electricidad-power-xpro-cxp-pccma","status":"publish","type":"product","link":"https:\/\/rms-enlinea.com.ar\/tienda\/producto\/ficha-powercon-chasis-electricidad-power-xpro-cxp-pccma\/","title":{"rendered":"Ficha Powercon Chasis Electricidad Power Xpro Cxp-pccma"},"content":{"rendered":"<p>TIPO DE PRODUCTO: CONECTOR CHASIS<br \/>TIPO: POWERCON ENTRADA<br \/>SOPORTE DE TENSION: 250V<br \/>SOPORTE DE CORRIENTE: 15A<br \/>CANTIDAD DE CONTACTOS: 3<br \/>COLOR: AZUL<br \/>SISTEMA DE BLOQUEO DE GIRO R\u00c1PIDO Y F\u00c1CIL<br \/>EXTREMADAMENTE ROBUSTO Y CONFIABLE<br \/>DISE\u00d1O ERGONOMICO<br \/>DISE\u00d1O DE PESTILLO F\u00c1CIL DE USAR PARA UN F\u00c1CIL MANEJO<\/p>\n","protected":false},"excerpt":{"rendered":"<p>TIPO DE PRODUCTO: CONECTOR CHASISTIPO: POWERCON ENTRADASOPORTE DE TENSION: 250VSOPORTE DE CORRIENTE: 15ACANTIDAD DE CONTACTOS: 3COLOR: AZULSISTEMA DE BLOQUEO DE GIRO R\u00c1PIDO Y F\u00c1CILEXTREMADAMENTE ROBUSTO Y CONFIABLEDISE\u00d1O ERGONOMICODISE\u00d1O DE PESTILLO F\u00c1CIL DE USAR PARA UN F\u00c1CIL MANEJO<\/p>\n","protected":false},"featured_media":13078,"comment_status":"open","ping_status":"closed","template":"","meta":{"_uag_custom_page_level_css":""},"product_brand":[],"product_cat":[58,86],"product_tag":[],"class_list":{"0":"post-13077","1":"product","2":"type-product","3":"status-publish","4":"has-post-thumbnail","6":"product_cat-conectores-fichas-y-adaptadores","7":"product_cat-onectores-fichas-y-adaptadores","9":"first","10":"outofstock","11":"sale","12":"taxable","13":"shipping-taxable","14":"purchasable","15":"product-type-simple"},"uagb_featured_image_src":{"full":["https:\/\/rms-enlinea.com.ar\/wp-content\/uploads\/2025\/06\/D_708895-MLA32020907476_082019-F.jpg",712,826,false],"thumbnail":["https:\/\/rms-enlinea.com.ar\/wp-content\/uploads\/2025\/06\/D_708895-MLA32020907476_082019-F-150x150.jpg",150,150,true],"medium":["https:\/\/rms-enlinea.com.ar\/wp-content\/uploads\/2025\/06\/D_708895-MLA32020907476_082019-F-259x300.jpg",259,300,true],"medium_large":["https:\/\/rms-enlinea.com.ar\/wp-content\/uploads\/2025\/06\/D_708895-MLA32020907476_082019-F.jpg",712,826,false],"large":["https:\/\/rms-enlinea.com.ar\/wp-content\/uploads\/2025\/06\/D_708895-MLA32020907476_082019-F.jpg",712,826,false],"1536x1536":["https:\/\/rms-enlinea.com.ar\/wp-content\/uploads\/2025\/06\/D_708895-MLA32020907476_082019-F.jpg",712,826,false],"2048x2048":["https:\/\/rms-enlinea.com.ar\/wp-content\/uploads\/2025\/06\/D_708895-MLA32020907476_082019-F.jpg",712,826,false],"woocommerce_thumbnail":["https:\/\/rms-enlinea.com.ar\/wp-content\/uploads\/2025\/06\/D_708895-MLA32020907476_082019-F-450x450.jpg",450,450,true],"woocommerce_single":["https:\/\/rms-enlinea.com.ar\/wp-content\/uploads\/2025\/06\/D_708895-MLA32020907476_082019-F-600x696.jpg",600,696,true],"woocommerce_gallery_thumbnail":["https:\/\/rms-enlinea.com.ar\/wp-content\/uploads\/2025\/06\/D_708895-MLA32020907476_082019-F-100x100.jpg",100,100,true]},"uagb_author_info":{"display_name":"l0071054","author_link":"https:\/\/rms-enlinea.com.ar\/tienda\/author\/"},"uagb_comment_info":0,"uagb_excerpt":"TIPO DE PRODUCTO: CONECTOR CHASISTIPO: POWERCON ENTRADASOPORTE DE TENSION: 250VSOPORTE DE CORRIENTE: 15ACANTIDAD DE CONTACTOS: 3COLOR: AZULSISTEMA DE BLOQUEO DE GIRO R\u00c1PIDO Y F\u00c1CILEXTREMADAMENTE ROBUSTO Y CONFIABLEDISE\u00d1O ERGONOMICODISE\u00d1O DE PESTILLO F\u00c1CIL DE USAR PARA UN F\u00c1CIL MANEJO","_links":{"self":[{"href":"https:\/\/rms-enlinea.com.ar\/tienda\/wp-json\/wp\/v2\/product\/13077","targetHints":{"allow":["GET"]}}],"collection":[{"href":"https:\/\/rms-enlinea.com.ar\/tienda\/wp-json\/wp\/v2\/product"}],"about":[{"href":"https:\/\/rms-enlinea.com.ar\/tienda\/wp-json\/wp\/v2\/types\/product"}],"replies":[{"embeddable":true,"href":"https:\/\/rms-enlinea.com.ar\/tienda\/wp-json\/wp\/v2\/comments?post=13077"}],"wp:featuredmedia":[{"embeddable":true,"href":"https:\/\/rms-enlinea.com.ar\/tienda\/wp-json\/wp\/v2\/media\/13078"}],"wp:attachment":[{"href":"https:\/\/rms-enlinea.com.ar\/tienda\/wp-json\/wp\/v2\/media?parent=13077"}],"wp:term":[{"taxonomy":"product_brand","embeddable":true,"href":"https:\/\/rms-enlinea.com.ar\/tienda\/wp-json\/wp\/v2\/product_brand?post=13077"},{"taxonomy":"product_cat","embeddable":true,"href":"https:\/\/rms-enlinea.com.ar\/tienda\/wp-json\/wp\/v2\/product_cat?post=13077"},{"taxonomy":"product_tag","embeddable":true,"href":"https:\/\/rms-enlinea.com.ar\/tienda\/wp-json\/wp\/v2\/product_tag?post=13077"}],"curies":[{"name":"wp","href":"https:\/\/api.w.org\/{rel}","templated":true}]}}