{"id":13148,"date":"2025-06-12T06:17:19","date_gmt":"2025-06-12T09:17:19","guid":{"rendered":"https:\/\/rms-enlinea.com.ar\/tienda\/producto\/teclado-gamer-trust-thado-gxt833-tkl-espanol-membrana\/"},"modified":"2026-04-21T03:38:07","modified_gmt":"2026-04-21T06:38:07","slug":"teclado-gamer-trust-thado-gxt833-tkl-espanol-membrana","status":"publish","type":"product","link":"https:\/\/rms-enlinea.com.ar\/tienda\/producto\/teclado-gamer-trust-thado-gxt833-tkl-espanol-membrana\/","title":{"rendered":"Teclado Gamer Trust Thado Gxt833 Tkl Espa\u00f1ol Membrana"},"content":{"rendered":"<p>Marca<\/p>\n<p>Trust<br \/>Tipo de conector<\/p>\n<p>USB-A<br \/>C\u00f3digo universal de producto<\/p>\n<p>8713439236989<br \/>Es ergon\u00f3mica<\/p>\n<p>No<br \/>Es gamer<\/p>\n<p>S\u00ed<br \/>Es resistente a salpicaduras<\/p>\n<p>No<br \/>Profundidad del teclado<\/p>\n<p>135 mm<br \/>Altura del teclado<\/p>\n<p>40 mm<br \/>Ancho del teclado<\/p>\n<p>359 mm<br \/>Modelo<\/p>\n<p>GXT 833<br \/>Arquitectura<\/p>\n<p>Membrana<br \/>Con Bluetooth<\/p>\n<p>No<br \/>Con pantalla<\/p>\n<p>No<br \/>Con interfaz USB<\/p>\n<p>S\u00ed<br \/>Con cable removible<\/p>\n<p>No<br \/>Con retroiluminaci\u00f3n<\/p>\n<p>S\u00ed<br \/>Con recepci\u00f3n inal\u00e1mbrica<\/p>\n<p>No<\/p>\n","protected":false},"excerpt":{"rendered":"<p>Marca TrustTipo de conector USB-AC\u00f3digo universal de producto 8713439236989Es ergon\u00f3mica NoEs gamer S\u00edEs resistente a salpicaduras NoProfundidad del teclado 135 mmAltura del teclado 40 mmAncho del teclado 359 mmModelo GXT 833Arquitectura MembranaCon Bluetooth NoCon pantalla NoCon interfaz USB S\u00edCon cable removible NoCon retroiluminaci\u00f3n S\u00edCon recepci\u00f3n inal\u00e1mbrica No<\/p>\n","protected":false},"featured_media":13149,"comment_status":"open","ping_status":"closed","template":"","meta":{"_uag_custom_page_level_css":""},"product_brand":[542],"product_cat":[125],"product_tag":[],"class_list":{"0":"post-13148","1":"product","2":"type-product","3":"status-publish","4":"has-post-thumbnail","6":"product_brand-trustgaming","7":"product_cat-teclados-y-mouses","9":"first","10":"outofstock","11":"sale","12":"taxable","13":"shipping-taxable","14":"purchasable","15":"product-type-simple"},"uagb_featured_image_src":{"full":["https:\/\/rms-enlinea.com.ar\/wp-content\/uploads\/2025\/06\/D_754582-MLA76177033715_052024-F.jpg",1200,547,false],"thumbnail":["https:\/\/rms-enlinea.com.ar\/wp-content\/uploads\/2025\/06\/D_754582-MLA76177033715_052024-F-150x150.jpg",150,150,true],"medium":["https:\/\/rms-enlinea.com.ar\/wp-content\/uploads\/2025\/06\/D_754582-MLA76177033715_052024-F-300x137.jpg",300,137,true],"medium_large":["https:\/\/rms-enlinea.com.ar\/wp-content\/uploads\/2025\/06\/D_754582-MLA76177033715_052024-F-768x350.jpg",768,350,true],"large":["https:\/\/rms-enlinea.com.ar\/wp-content\/uploads\/2025\/06\/D_754582-MLA76177033715_052024-F-1024x467.jpg",1024,467,true],"1536x1536":["https:\/\/rms-enlinea.com.ar\/wp-content\/uploads\/2025\/06\/D_754582-MLA76177033715_052024-F.jpg",1200,547,false],"2048x2048":["https:\/\/rms-enlinea.com.ar\/wp-content\/uploads\/2025\/06\/D_754582-MLA76177033715_052024-F.jpg",1200,547,false],"woocommerce_thumbnail":["https:\/\/rms-enlinea.com.ar\/wp-content\/uploads\/2025\/06\/D_754582-MLA76177033715_052024-F-450x450.jpg",450,450,true],"woocommerce_single":["https:\/\/rms-enlinea.com.ar\/wp-content\/uploads\/2025\/06\/D_754582-MLA76177033715_052024-F-600x274.jpg",600,274,true],"woocommerce_gallery_thumbnail":["https:\/\/rms-enlinea.com.ar\/wp-content\/uploads\/2025\/06\/D_754582-MLA76177033715_052024-F-100x100.jpg",100,100,true]},"uagb_author_info":{"display_name":"l0071054","author_link":"https:\/\/rms-enlinea.com.ar\/tienda\/author\/"},"uagb_comment_info":0,"uagb_excerpt":"Marca TrustTipo de conector USB-AC\u00f3digo universal de producto 8713439236989Es ergon\u00f3mica NoEs gamer S\u00edEs resistente a salpicaduras NoProfundidad del teclado 135 mmAltura del teclado 40 mmAncho del teclado 359 mmModelo GXT 833Arquitectura MembranaCon Bluetooth NoCon pantalla NoCon interfaz USB S\u00edCon cable removible NoCon retroiluminaci\u00f3n S\u00edCon recepci\u00f3n inal\u00e1mbrica No","_links":{"self":[{"href":"https:\/\/rms-enlinea.com.ar\/tienda\/wp-json\/wp\/v2\/product\/13148","targetHints":{"allow":["GET"]}}],"collection":[{"href":"https:\/\/rms-enlinea.com.ar\/tienda\/wp-json\/wp\/v2\/product"}],"about":[{"href":"https:\/\/rms-enlinea.com.ar\/tienda\/wp-json\/wp\/v2\/types\/product"}],"replies":[{"embeddable":true,"href":"https:\/\/rms-enlinea.com.ar\/tienda\/wp-json\/wp\/v2\/comments?post=13148"}],"wp:featuredmedia":[{"embeddable":true,"href":"https:\/\/rms-enlinea.com.ar\/tienda\/wp-json\/wp\/v2\/media\/13149"}],"wp:attachment":[{"href":"https:\/\/rms-enlinea.com.ar\/tienda\/wp-json\/wp\/v2\/media?parent=13148"}],"wp:term":[{"taxonomy":"product_brand","embeddable":true,"href":"https:\/\/rms-enlinea.com.ar\/tienda\/wp-json\/wp\/v2\/product_brand?post=13148"},{"taxonomy":"product_cat","embeddable":true,"href":"https:\/\/rms-enlinea.com.ar\/tienda\/wp-json\/wp\/v2\/product_cat?post=13148"},{"taxonomy":"product_tag","embeddable":true,"href":"https:\/\/rms-enlinea.com.ar\/tienda\/wp-json\/wp\/v2\/product_tag?post=13148"}],"curies":[{"name":"wp","href":"https:\/\/api.w.org\/{rel}","templated":true}]}}