{"id":13288,"date":"2025-06-12T06:20:16","date_gmt":"2025-06-12T09:20:16","guid":{"rendered":"https:\/\/rms-enlinea.com.ar\/tienda\/producto\/procesador-amd-ryzen-5-5600gt-am4-3-6-ghz-6-nucleos\/"},"modified":"2026-04-15T13:01:50","modified_gmt":"2026-04-15T16:01:50","slug":"procesador-amd-ryzen-5-5600gt-am4-3-6-ghz-6-nucleos","status":"publish","type":"product","link":"https:\/\/rms-enlinea.com.ar\/tienda\/producto\/procesador-amd-ryzen-5-5600gt-am4-3-6-ghz-6-nucleos\/","title":{"rendered":"Procesador Amd Ryzen 5 5600gt Am4 3.6 Ghz 6 N\u00facleos"},"content":{"rendered":"<p>Cantidad de n\u00facleos de CPU<\/p>\n<p>6<br \/>Frecuencia m\u00e1xima de reloj<\/p>\n<p>4.6 GHz<br \/>Frecuencia m\u00ednima de reloj<\/p>\n<p>3.6 GHz<br \/>Z\u00f3calos compatibles<\/p>\n<p>AM4<br \/>Marca<\/p>\n<p>AMD<br \/>Modelo alfanum\u00e9rico<\/p>\n<p>100-100001488BOX<br \/>Cach\u00e9<\/p>\n<p>384 KB<br \/>Modelo<\/p>\n<p>5600GT<br \/>Tipos de memoria RAM soportadas<\/p>\n<p>DDR4<br \/>Condici\u00f3n del \u00edtem<\/p>\n<p>Nuevo<\/p>\n","protected":false},"excerpt":{"rendered":"<p>Cantidad de n\u00facleos de CPU 6Frecuencia m\u00e1xima de reloj 4.6 GHzFrecuencia m\u00ednima de reloj 3.6 GHzZ\u00f3calos compatibles AM4Marca AMDModelo alfanum\u00e9rico 100-100001488BOXCach\u00e9 384 KBModelo 5600GTTipos de memoria RAM soportadas DDR4Condici\u00f3n del \u00edtem Nuevo<\/p>\n","protected":false},"featured_media":13289,"comment_status":"open","ping_status":"closed","template":"","meta":{"_uag_custom_page_level_css":""},"product_brand":[531],"product_cat":[121],"product_tag":[],"class_list":{"0":"post-13288","1":"product","2":"type-product","3":"status-publish","4":"has-post-thumbnail","6":"product_brand-amd","7":"product_cat-procesadores-computacion","9":"first","10":"instock","11":"sale","12":"taxable","13":"shipping-taxable","14":"purchasable","15":"product-type-simple"},"uagb_featured_image_src":{"full":["https:\/\/rms-enlinea.com.ar\/wp-content\/uploads\/2025\/06\/D_700279-MLU74407388281_022024-F.jpg",896,985,false],"thumbnail":["https:\/\/rms-enlinea.com.ar\/wp-content\/uploads\/2025\/06\/D_700279-MLU74407388281_022024-F-150x150.jpg",150,150,true],"medium":["https:\/\/rms-enlinea.com.ar\/wp-content\/uploads\/2025\/06\/D_700279-MLU74407388281_022024-F-273x300.jpg",273,300,true],"medium_large":["https:\/\/rms-enlinea.com.ar\/wp-content\/uploads\/2025\/06\/D_700279-MLU74407388281_022024-F-768x844.jpg",768,844,true],"large":["https:\/\/rms-enlinea.com.ar\/wp-content\/uploads\/2025\/06\/D_700279-MLU74407388281_022024-F.jpg",896,985,false],"1536x1536":["https:\/\/rms-enlinea.com.ar\/wp-content\/uploads\/2025\/06\/D_700279-MLU74407388281_022024-F.jpg",896,985,false],"2048x2048":["https:\/\/rms-enlinea.com.ar\/wp-content\/uploads\/2025\/06\/D_700279-MLU74407388281_022024-F.jpg",896,985,false],"woocommerce_thumbnail":["https:\/\/rms-enlinea.com.ar\/wp-content\/uploads\/2025\/06\/D_700279-MLU74407388281_022024-F-450x450.jpg",450,450,true],"woocommerce_single":["https:\/\/rms-enlinea.com.ar\/wp-content\/uploads\/2025\/06\/D_700279-MLU74407388281_022024-F-600x660.jpg",600,660,true],"woocommerce_gallery_thumbnail":["https:\/\/rms-enlinea.com.ar\/wp-content\/uploads\/2025\/06\/D_700279-MLU74407388281_022024-F-100x100.jpg",100,100,true]},"uagb_author_info":{"display_name":"l0071054","author_link":"https:\/\/rms-enlinea.com.ar\/tienda\/author\/"},"uagb_comment_info":0,"uagb_excerpt":"Cantidad de n\u00facleos de CPU 6Frecuencia m\u00e1xima de reloj 4.6 GHzFrecuencia m\u00ednima de reloj 3.6 GHzZ\u00f3calos compatibles AM4Marca AMDModelo alfanum\u00e9rico 100-100001488BOXCach\u00e9 384 KBModelo 5600GTTipos de memoria RAM soportadas DDR4Condici\u00f3n del \u00edtem Nuevo","_links":{"self":[{"href":"https:\/\/rms-enlinea.com.ar\/tienda\/wp-json\/wp\/v2\/product\/13288","targetHints":{"allow":["GET"]}}],"collection":[{"href":"https:\/\/rms-enlinea.com.ar\/tienda\/wp-json\/wp\/v2\/product"}],"about":[{"href":"https:\/\/rms-enlinea.com.ar\/tienda\/wp-json\/wp\/v2\/types\/product"}],"replies":[{"embeddable":true,"href":"https:\/\/rms-enlinea.com.ar\/tienda\/wp-json\/wp\/v2\/comments?post=13288"}],"wp:featuredmedia":[{"embeddable":true,"href":"https:\/\/rms-enlinea.com.ar\/tienda\/wp-json\/wp\/v2\/media\/13289"}],"wp:attachment":[{"href":"https:\/\/rms-enlinea.com.ar\/tienda\/wp-json\/wp\/v2\/media?parent=13288"}],"wp:term":[{"taxonomy":"product_brand","embeddable":true,"href":"https:\/\/rms-enlinea.com.ar\/tienda\/wp-json\/wp\/v2\/product_brand?post=13288"},{"taxonomy":"product_cat","embeddable":true,"href":"https:\/\/rms-enlinea.com.ar\/tienda\/wp-json\/wp\/v2\/product_cat?post=13288"},{"taxonomy":"product_tag","embeddable":true,"href":"https:\/\/rms-enlinea.com.ar\/tienda\/wp-json\/wp\/v2\/product_tag?post=13288"}],"curies":[{"name":"wp","href":"https:\/\/api.w.org\/{rel}","templated":true}]}}