{"id":13428,"date":"2025-06-12T06:23:05","date_gmt":"2025-06-12T09:23:05","guid":{"rendered":"https:\/\/rms-enlinea.com.ar\/tienda\/producto\/motherboard-gigabyte-b760m-ds3h-ax-lga1700-intel-12-13-wifi\/"},"modified":"2026-04-21T06:52:45","modified_gmt":"2026-04-21T09:52:45","slug":"motherboard-gigabyte-b760m-ds3h-ax-lga1700-intel-12-13-wifi","status":"publish","type":"product","link":"https:\/\/rms-enlinea.com.ar\/tienda\/producto\/motherboard-gigabyte-b760m-ds3h-ax-lga1700-intel-12-13-wifi\/","title":{"rendered":"Motherboard Gigabyte B760m Ds3h Ax Lga1700 Intel 12 13 Wifi"},"content":{"rendered":"<p>Aplicaciones<\/p>\n<p>PC<br \/>Marca<\/p>\n<p>Gigabyte<br \/>Socket<\/p>\n<p>LGA1700<br \/>Tipo de memoria RAM<\/p>\n<p>DDR4<br \/>Con procesador<\/p>\n<p>No<br \/>L\u00ednea<\/p>\n<p>UD<br \/>Plataforma<\/p>\n<p>Intel<br \/>Condici\u00f3n del \u00edtem<\/p>\n<p>Nuevo<br \/>Capacidad m\u00e1xima soportada de la memoria RAM<\/p>\n<p>128 GB<br \/>Modelo<\/p>\n<p>B760M DS3H AX DDR4<\/p>\n","protected":false},"excerpt":{"rendered":"<p>Aplicaciones PCMarca GigabyteSocket LGA1700Tipo de memoria RAM DDR4Con procesador NoL\u00ednea UDPlataforma IntelCondici\u00f3n del \u00edtem NuevoCapacidad m\u00e1xima soportada de la memoria RAM 128 GBModelo B760M DS3H AX DDR4<\/p>\n","protected":false},"featured_media":13429,"comment_status":"open","ping_status":"closed","template":"","meta":{"_uag_custom_page_level_css":""},"product_brand":[532],"product_cat":[115],"product_tag":[],"class_list":{"0":"post-13428","1":"product","2":"type-product","3":"status-publish","4":"has-post-thumbnail","6":"product_brand-gigabyte","7":"product_cat-mother","9":"first","10":"outofstock","11":"sale","12":"taxable","13":"shipping-taxable","14":"purchasable","15":"product-type-simple"},"uagb_featured_image_src":{"full":["https:\/\/rms-enlinea.com.ar\/wp-content\/uploads\/2025\/06\/D_815713-MLU70378643849_072023-F.jpg",500,356,false],"thumbnail":["https:\/\/rms-enlinea.com.ar\/wp-content\/uploads\/2025\/06\/D_815713-MLU70378643849_072023-F-150x150.jpg",150,150,true],"medium":["https:\/\/rms-enlinea.com.ar\/wp-content\/uploads\/2025\/06\/D_815713-MLU70378643849_072023-F-300x214.jpg",300,214,true],"medium_large":["https:\/\/rms-enlinea.com.ar\/wp-content\/uploads\/2025\/06\/D_815713-MLU70378643849_072023-F.jpg",500,356,false],"large":["https:\/\/rms-enlinea.com.ar\/wp-content\/uploads\/2025\/06\/D_815713-MLU70378643849_072023-F.jpg",500,356,false],"1536x1536":["https:\/\/rms-enlinea.com.ar\/wp-content\/uploads\/2025\/06\/D_815713-MLU70378643849_072023-F.jpg",500,356,false],"2048x2048":["https:\/\/rms-enlinea.com.ar\/wp-content\/uploads\/2025\/06\/D_815713-MLU70378643849_072023-F.jpg",500,356,false],"woocommerce_thumbnail":["https:\/\/rms-enlinea.com.ar\/wp-content\/uploads\/2025\/06\/D_815713-MLU70378643849_072023-F-450x356.jpg",450,356,true],"woocommerce_single":["https:\/\/rms-enlinea.com.ar\/wp-content\/uploads\/2025\/06\/D_815713-MLU70378643849_072023-F.jpg",500,356,false],"woocommerce_gallery_thumbnail":["https:\/\/rms-enlinea.com.ar\/wp-content\/uploads\/2025\/06\/D_815713-MLU70378643849_072023-F-100x100.jpg",100,100,true]},"uagb_author_info":{"display_name":"l0071054","author_link":"https:\/\/rms-enlinea.com.ar\/tienda\/author\/"},"uagb_comment_info":0,"uagb_excerpt":"Aplicaciones PCMarca GigabyteSocket LGA1700Tipo de memoria RAM DDR4Con procesador NoL\u00ednea UDPlataforma IntelCondici\u00f3n del \u00edtem NuevoCapacidad m\u00e1xima soportada de la memoria RAM 128 GBModelo B760M DS3H AX DDR4","_links":{"self":[{"href":"https:\/\/rms-enlinea.com.ar\/tienda\/wp-json\/wp\/v2\/product\/13428","targetHints":{"allow":["GET"]}}],"collection":[{"href":"https:\/\/rms-enlinea.com.ar\/tienda\/wp-json\/wp\/v2\/product"}],"about":[{"href":"https:\/\/rms-enlinea.com.ar\/tienda\/wp-json\/wp\/v2\/types\/product"}],"replies":[{"embeddable":true,"href":"https:\/\/rms-enlinea.com.ar\/tienda\/wp-json\/wp\/v2\/comments?post=13428"}],"wp:featuredmedia":[{"embeddable":true,"href":"https:\/\/rms-enlinea.com.ar\/tienda\/wp-json\/wp\/v2\/media\/13429"}],"wp:attachment":[{"href":"https:\/\/rms-enlinea.com.ar\/tienda\/wp-json\/wp\/v2\/media?parent=13428"}],"wp:term":[{"taxonomy":"product_brand","embeddable":true,"href":"https:\/\/rms-enlinea.com.ar\/tienda\/wp-json\/wp\/v2\/product_brand?post=13428"},{"taxonomy":"product_cat","embeddable":true,"href":"https:\/\/rms-enlinea.com.ar\/tienda\/wp-json\/wp\/v2\/product_cat?post=13428"},{"taxonomy":"product_tag","embeddable":true,"href":"https:\/\/rms-enlinea.com.ar\/tienda\/wp-json\/wp\/v2\/product_tag?post=13428"}],"curies":[{"name":"wp","href":"https:\/\/api.w.org\/{rel}","templated":true}]}}