{"id":14010,"date":"2025-06-12T06:35:59","date_gmt":"2025-06-12T09:35:59","guid":{"rendered":"https:\/\/rms-enlinea.com.ar\/tienda\/producto\/teclado-mouse-logitech-pop-icon-lila-920-013054\/"},"modified":"2026-04-21T07:09:39","modified_gmt":"2026-04-21T10:09:39","slug":"teclado-mouse-logitech-pop-icon-lila-920-013054","status":"publish","type":"product","link":"https:\/\/rms-enlinea.com.ar\/tienda\/producto\/teclado-mouse-logitech-pop-icon-lila-920-013054\/","title":{"rendered":"Teclado + Mouse Logitech Pop Icon Lila 920-013054"},"content":{"rendered":"<p>El teclado y mouse Logitech POP Icon en color lavanda son la combinaci\u00f3n perfecta para quienes buscan un estilo \u00fanico y funcionalidad en su espacio de trabajo. Con un dise\u00f1o atractivo y moderno, este set no solo destaca por su est\u00e9tica, sino tambi\u00e9n por su rendimiento. El teclado cuenta con un layout QWERTY en espa\u00f1ol y un tipo de switch de membrana que proporciona una experiencia de escritura c\u00f3moda y silenciosa.<\/p>\n<p>El mouse \u00f3ptico, tambi\u00e9n en color lavanda, ofrece una resoluci\u00f3n de 400 dpi, ideal para tareas diarias y navegaci\u00f3n fluida. Ambos dispositivos se conectan de manera inal\u00e1mbrica a trav\u00e9s de Bluetooth, lo que permite una mayor libertad de movimiento y una configuraci\u00f3n sencilla. Su compatibilidad con m\u00faltiples sistemas operativos, como Windows, macOS, iOS y Android, asegura que puedas utilizarlos en diferentes dispositivos sin complicaciones.<\/p>\n<p>Con un dise\u00f1o ergon\u00f3mico y ligero, el teclado tiene dimensiones de 32.451 cm de ancho y 13.696 cm de altura, mientras que el mouse es compacto y f\u00e1cil de manejar. Este set es ideal para estudiantes, profesionales y cualquier persona que desee a\u00f1adir un toque de color a su escritorio sin sacrificar la funcionalidad. La combinaci\u00f3n de su dise\u00f1o atractivo y su tecnolog\u00eda avanzada hace que el teclado y mouse Logitech POP Icon sean una excelente elecci\u00f3n para quienes valoran tanto la est\u00e9tica como el rendimiento en su d\u00eda a d\u00eda.<\/p>\n","protected":false},"excerpt":{"rendered":"<p>El teclado y mouse Logitech POP Icon en color lavanda son la combinaci\u00f3n perfecta para quienes buscan un estilo \u00fanico y funcionalidad en su espacio de trabajo. Con un dise\u00f1o atractivo y moderno, este set no solo destaca por su est\u00e9tica, sino tambi\u00e9n por su rendimiento. El teclado cuenta con un layout QWERTY en espa\u00f1ol [&hellip;]<\/p>\n","protected":false},"featured_media":14011,"comment_status":"open","ping_status":"closed","template":"","meta":{"_uag_custom_page_level_css":""},"product_brand":[549],"product_cat":[125],"product_tag":[],"class_list":{"0":"post-14010","1":"product","2":"type-product","3":"status-publish","4":"has-post-thumbnail","6":"product_brand-logitech","7":"product_cat-teclados-y-mouses","9":"first","10":"outofstock","11":"sale","12":"taxable","13":"shipping-taxable","14":"purchasable","15":"product-type-simple"},"uagb_featured_image_src":{"full":["https:\/\/rms-enlinea.com.ar\/wp-content\/uploads\/2025\/06\/D_865118-MLA80718904681_112024-F.jpg",1200,689,false],"thumbnail":["https:\/\/rms-enlinea.com.ar\/wp-content\/uploads\/2025\/06\/D_865118-MLA80718904681_112024-F-150x150.jpg",150,150,true],"medium":["https:\/\/rms-enlinea.com.ar\/wp-content\/uploads\/2025\/06\/D_865118-MLA80718904681_112024-F-300x172.jpg",300,172,true],"medium_large":["https:\/\/rms-enlinea.com.ar\/wp-content\/uploads\/2025\/06\/D_865118-MLA80718904681_112024-F-768x441.jpg",768,441,true],"large":["https:\/\/rms-enlinea.com.ar\/wp-content\/uploads\/2025\/06\/D_865118-MLA80718904681_112024-F-1024x588.jpg",1024,588,true],"1536x1536":["https:\/\/rms-enlinea.com.ar\/wp-content\/uploads\/2025\/06\/D_865118-MLA80718904681_112024-F.jpg",1200,689,false],"2048x2048":["https:\/\/rms-enlinea.com.ar\/wp-content\/uploads\/2025\/06\/D_865118-MLA80718904681_112024-F.jpg",1200,689,false],"woocommerce_thumbnail":["https:\/\/rms-enlinea.com.ar\/wp-content\/uploads\/2025\/06\/D_865118-MLA80718904681_112024-F-450x450.jpg",450,450,true],"woocommerce_single":["https:\/\/rms-enlinea.com.ar\/wp-content\/uploads\/2025\/06\/D_865118-MLA80718904681_112024-F-600x345.jpg",600,345,true],"woocommerce_gallery_thumbnail":["https:\/\/rms-enlinea.com.ar\/wp-content\/uploads\/2025\/06\/D_865118-MLA80718904681_112024-F-100x100.jpg",100,100,true]},"uagb_author_info":{"display_name":"l0071054","author_link":"https:\/\/rms-enlinea.com.ar\/tienda\/author\/"},"uagb_comment_info":0,"uagb_excerpt":"El teclado y mouse Logitech POP Icon en color lavanda son la combinaci\u00f3n perfecta para quienes buscan un estilo \u00fanico y funcionalidad en su espacio de trabajo. Con un dise\u00f1o atractivo y moderno, este set no solo destaca por su est\u00e9tica, sino tambi\u00e9n por su rendimiento. El teclado cuenta con un layout QWERTY en espa\u00f1ol&hellip;","_links":{"self":[{"href":"https:\/\/rms-enlinea.com.ar\/tienda\/wp-json\/wp\/v2\/product\/14010","targetHints":{"allow":["GET"]}}],"collection":[{"href":"https:\/\/rms-enlinea.com.ar\/tienda\/wp-json\/wp\/v2\/product"}],"about":[{"href":"https:\/\/rms-enlinea.com.ar\/tienda\/wp-json\/wp\/v2\/types\/product"}],"replies":[{"embeddable":true,"href":"https:\/\/rms-enlinea.com.ar\/tienda\/wp-json\/wp\/v2\/comments?post=14010"}],"wp:featuredmedia":[{"embeddable":true,"href":"https:\/\/rms-enlinea.com.ar\/tienda\/wp-json\/wp\/v2\/media\/14011"}],"wp:attachment":[{"href":"https:\/\/rms-enlinea.com.ar\/tienda\/wp-json\/wp\/v2\/media?parent=14010"}],"wp:term":[{"taxonomy":"product_brand","embeddable":true,"href":"https:\/\/rms-enlinea.com.ar\/tienda\/wp-json\/wp\/v2\/product_brand?post=14010"},{"taxonomy":"product_cat","embeddable":true,"href":"https:\/\/rms-enlinea.com.ar\/tienda\/wp-json\/wp\/v2\/product_cat?post=14010"},{"taxonomy":"product_tag","embeddable":true,"href":"https:\/\/rms-enlinea.com.ar\/tienda\/wp-json\/wp\/v2\/product_tag?post=14010"}],"curies":[{"name":"wp","href":"https:\/\/api.w.org\/{rel}","templated":true}]}}