{"id":14040,"date":"2025-06-12T06:36:32","date_gmt":"2025-06-12T09:36:32","guid":{"rendered":"https:\/\/rms-enlinea.com.ar\/tienda\/producto\/teclado-mouse-logitech-pop-icon-graphite-920-013052\/"},"modified":"2026-02-18T21:24:46","modified_gmt":"2026-02-19T00:24:46","slug":"teclado-mouse-logitech-pop-icon-graphite-920-013052-2","status":"publish","type":"product","link":"https:\/\/rms-enlinea.com.ar\/tienda\/producto\/teclado-mouse-logitech-pop-icon-graphite-920-013052-2\/","title":{"rendered":"Teclado + Mouse Logitech Pop Icon Graphite 920-013052"},"content":{"rendered":"<p>El teclado y mouse Logitech Pop Icon Graphite 920-013052 son la combinaci\u00f3n perfecta para quienes buscan un dise\u00f1o moderno y funcionalidad excepcional. Con un layout QWERTY en espa\u00f1ol, este teclado de membrana ofrece una experiencia de escritura c\u00f3moda y silenciosa, ideal para largas jornadas de trabajo o estudio. Su conexi\u00f3n Bluetooth garantiza una integraci\u00f3n sencilla con diversos dispositivos, permitiendo un uso vers\u00e1til en m\u00faltiples sistemas operativos.<\/p>\n<p>El mouse \u00f3ptico, con una resoluci\u00f3n de 400 dpi, proporciona un control preciso y fluido, facilitando la navegaci\u00f3n en cualquier entorno digital. Ambos dispositivos cuentan con un elegante acabado en negro, que se adapta a cualquier espacio de trabajo, aportando un toque de sofisticaci\u00f3n. Adem\u00e1s, su dise\u00f1o inal\u00e1mbrico elimina el desorden de cables, brindando mayor libertad de movimiento.<\/p>\n<p>Con un peso ligero y dimensiones compactas, este conjunto es f\u00e1cil de transportar, lo que lo convierte en una opci\u00f3n ideal para quienes trabajan en diferentes lugares. La duraci\u00f3n de la bater\u00eda asegura un rendimiento prolongado, permitiendo que te concentres en tus tareas sin interrupciones. <\/p>\n<p>La Logitech Pop Icon es m\u00e1s que un simple teclado y mouse; es una herramienta que mejora tu productividad y estilo. Ya sea para uso personal o profesional, este conjunto se adapta a tus necesidades, ofreciendo calidad y dise\u00f1o en cada detalle.<\/p>\n","protected":false},"excerpt":{"rendered":"<p>El teclado y mouse Logitech Pop Icon Graphite 920-013052 son la combinaci\u00f3n perfecta para quienes buscan un dise\u00f1o moderno y funcionalidad excepcional. Con un layout QWERTY en espa\u00f1ol, este teclado de membrana ofrece una experiencia de escritura c\u00f3moda y silenciosa, ideal para largas jornadas de trabajo o estudio. Su conexi\u00f3n Bluetooth garantiza una integraci\u00f3n sencilla [&hellip;]<\/p>\n","protected":false},"featured_media":14048,"comment_status":"open","ping_status":"closed","template":"","meta":{"_uag_custom_page_level_css":""},"product_brand":[549],"product_cat":[125],"product_tag":[],"class_list":{"0":"post-14040","1":"product","2":"type-product","3":"status-publish","4":"has-post-thumbnail","6":"product_brand-logitech","7":"product_cat-teclados-y-mouses","9":"first","10":"outofstock","11":"sale","12":"taxable","13":"shipping-taxable","14":"purchasable","15":"product-type-simple"},"uagb_featured_image_src":{"full":["https:\/\/rms-enlinea.com.ar\/wp-content\/uploads\/2025\/06\/D_912511-MLA82112798444_022025-F-1.jpg",1200,689,false],"thumbnail":["https:\/\/rms-enlinea.com.ar\/wp-content\/uploads\/2025\/06\/D_912511-MLA82112798444_022025-F-1-150x150.jpg",150,150,true],"medium":["https:\/\/rms-enlinea.com.ar\/wp-content\/uploads\/2025\/06\/D_912511-MLA82112798444_022025-F-1-300x172.jpg",300,172,true],"medium_large":["https:\/\/rms-enlinea.com.ar\/wp-content\/uploads\/2025\/06\/D_912511-MLA82112798444_022025-F-1-768x441.jpg",768,441,true],"large":["https:\/\/rms-enlinea.com.ar\/wp-content\/uploads\/2025\/06\/D_912511-MLA82112798444_022025-F-1-1024x588.jpg",1024,588,true],"1536x1536":["https:\/\/rms-enlinea.com.ar\/wp-content\/uploads\/2025\/06\/D_912511-MLA82112798444_022025-F-1.jpg",1200,689,false],"2048x2048":["https:\/\/rms-enlinea.com.ar\/wp-content\/uploads\/2025\/06\/D_912511-MLA82112798444_022025-F-1.jpg",1200,689,false],"woocommerce_thumbnail":["https:\/\/rms-enlinea.com.ar\/wp-content\/uploads\/2025\/06\/D_912511-MLA82112798444_022025-F-1-450x450.jpg",450,450,true],"woocommerce_single":["https:\/\/rms-enlinea.com.ar\/wp-content\/uploads\/2025\/06\/D_912511-MLA82112798444_022025-F-1-600x345.jpg",600,345,true],"woocommerce_gallery_thumbnail":["https:\/\/rms-enlinea.com.ar\/wp-content\/uploads\/2025\/06\/D_912511-MLA82112798444_022025-F-1-100x100.jpg",100,100,true]},"uagb_author_info":{"display_name":"l0071054","author_link":"https:\/\/rms-enlinea.com.ar\/tienda\/author\/"},"uagb_comment_info":0,"uagb_excerpt":"El teclado y mouse Logitech Pop Icon Graphite 920-013052 son la combinaci\u00f3n perfecta para quienes buscan un dise\u00f1o moderno y funcionalidad excepcional. Con un layout QWERTY en espa\u00f1ol, este teclado de membrana ofrece una experiencia de escritura c\u00f3moda y silenciosa, ideal para largas jornadas de trabajo o estudio. Su conexi\u00f3n Bluetooth garantiza una integraci\u00f3n sencilla&hellip;","_links":{"self":[{"href":"https:\/\/rms-enlinea.com.ar\/tienda\/wp-json\/wp\/v2\/product\/14040","targetHints":{"allow":["GET"]}}],"collection":[{"href":"https:\/\/rms-enlinea.com.ar\/tienda\/wp-json\/wp\/v2\/product"}],"about":[{"href":"https:\/\/rms-enlinea.com.ar\/tienda\/wp-json\/wp\/v2\/types\/product"}],"replies":[{"embeddable":true,"href":"https:\/\/rms-enlinea.com.ar\/tienda\/wp-json\/wp\/v2\/comments?post=14040"}],"wp:featuredmedia":[{"embeddable":true,"href":"https:\/\/rms-enlinea.com.ar\/tienda\/wp-json\/wp\/v2\/media\/14048"}],"wp:attachment":[{"href":"https:\/\/rms-enlinea.com.ar\/tienda\/wp-json\/wp\/v2\/media?parent=14040"}],"wp:term":[{"taxonomy":"product_brand","embeddable":true,"href":"https:\/\/rms-enlinea.com.ar\/tienda\/wp-json\/wp\/v2\/product_brand?post=14040"},{"taxonomy":"product_cat","embeddable":true,"href":"https:\/\/rms-enlinea.com.ar\/tienda\/wp-json\/wp\/v2\/product_cat?post=14040"},{"taxonomy":"product_tag","embeddable":true,"href":"https:\/\/rms-enlinea.com.ar\/tienda\/wp-json\/wp\/v2\/product_tag?post=14040"}],"curies":[{"name":"wp","href":"https:\/\/api.w.org\/{rel}","templated":true}]}}