{"id":14335,"date":"2025-06-12T06:43:00","date_gmt":"2025-06-12T09:43:00","guid":{"rendered":"https:\/\/rms-enlinea.com.ar\/tienda\/producto\/punto-de-acceso-wifi-exterior-d-link-dap-3666-ac1200-dual-ba\/"},"modified":"2026-03-19T12:12:23","modified_gmt":"2026-03-19T15:12:23","slug":"punto-de-acceso-wifi-exterior-d-link-dap-3666-ac1200-dual-ba","status":"publish","type":"product","link":"https:\/\/rms-enlinea.com.ar\/tienda\/producto\/punto-de-acceso-wifi-exterior-d-link-dap-3666-ac1200-dual-ba\/","title":{"rendered":"Punto De Acceso Wifi Exterior D-link Dap-3666 Ac1200 Dual Ba"},"content":{"rendered":"<p>Listo para WiFi4EU<br \/>\nCumple o supera todos los requisitos de WiFi4EU. Soporta todos los est\u00e1ndares IEEE requeridos. Cumple con Hotspot 2.0 (Wi-Fi CERTIFIED Passpoint\u00ae).<\/p>\n<p>Wi-Fi Wave 2 con direcci\u00f3n de banda<br \/>\nVelocidades inal\u00e1mbricas r\u00e1pidas de hasta 1200 Mbps 1 . Dirige autom\u00e1ticamente el tr\u00e1fico a la banda m\u00e1s r\u00e1pida y menos congestionada.<\/p>\n<p>MU-MIMO y formaci\u00f3n de haces<br \/>\nPermite que varios dispositivos se conecten simult\u00e1neamente para mejorar la eficiencia. Y crea conexiones Wi-Fi altamente espec\u00edficas para un ancho de banda Wi-Fi superior.<\/p>\n<p>M\u00faltiples modos operativos<br \/>\nUtil\u00edcelo como punto de acceso (AP), cliente inal\u00e1mbrico, sistema de distribuci\u00f3n inal\u00e1mbrico (WDS) o sistema de distribuci\u00f3n inal\u00e1mbrico con AP (WDS+AP).<\/p>\n<p>Fuerte seguridad, con gesti\u00f3n de red centralizada.<br \/>\nUtil\u00edcelo como AP independiente o admin\u00edstrelo de forma centralizada mediante el software gratuito Nuclias Connect . Admite WPA2\/WPA, segmentaci\u00f3n de LAN inal\u00e1mbrica y VLAN.<\/p>\n<p>Seguridad de red y privacidad de datos<br \/>\nTodas las comunicaciones a trav\u00e9s del sistema est\u00e1n cifradas. Los datos del usuario nunca salen de su posesi\u00f3n.<\/p>\n<p>Configuraci\u00f3n resistente a la intemperie y de f\u00e1cil montaje<br \/>\nCarcasa IP68 resistente al agua y al polvo. 802.3af Power over Ethernet (PoE) permite implementar el dispositivo con un solo cable y donde no hay tomas de corriente disponibles.<\/p>\n","protected":false},"excerpt":{"rendered":"<p>Listo para WiFi4EU Cumple o supera todos los requisitos de WiFi4EU. Soporta todos los est\u00e1ndares IEEE requeridos. Cumple con Hotspot 2.0 (Wi-Fi CERTIFIED Passpoint\u00ae). Wi-Fi Wave 2 con direcci\u00f3n de banda Velocidades inal\u00e1mbricas r\u00e1pidas de hasta 1200 Mbps 1 . Dirige autom\u00e1ticamente el tr\u00e1fico a la banda m\u00e1s r\u00e1pida y menos congestionada. MU-MIMO y formaci\u00f3n [&hellip;]<\/p>\n","protected":false},"featured_media":14336,"comment_status":"open","ping_status":"closed","template":"","meta":{"_uag_custom_page_level_css":""},"product_brand":[547],"product_cat":[122],"product_tag":[],"class_list":{"0":"post-14335","1":"product","2":"type-product","3":"status-publish","4":"has-post-thumbnail","6":"product_brand-dlink","7":"product_cat-redes-y-conectividad","9":"first","10":"outofstock","11":"sale","12":"taxable","13":"shipping-taxable","14":"purchasable","15":"product-type-simple"},"uagb_featured_image_src":{"full":["https:\/\/rms-enlinea.com.ar\/wp-content\/uploads\/2025\/06\/D_710377-MLA76977717422_062024-F.jpg",1200,611,false],"thumbnail":["https:\/\/rms-enlinea.com.ar\/wp-content\/uploads\/2025\/06\/D_710377-MLA76977717422_062024-F-150x150.jpg",150,150,true],"medium":["https:\/\/rms-enlinea.com.ar\/wp-content\/uploads\/2025\/06\/D_710377-MLA76977717422_062024-F-300x153.jpg",300,153,true],"medium_large":["https:\/\/rms-enlinea.com.ar\/wp-content\/uploads\/2025\/06\/D_710377-MLA76977717422_062024-F-768x391.jpg",768,391,true],"large":["https:\/\/rms-enlinea.com.ar\/wp-content\/uploads\/2025\/06\/D_710377-MLA76977717422_062024-F-1024x521.jpg",1024,521,true],"1536x1536":["https:\/\/rms-enlinea.com.ar\/wp-content\/uploads\/2025\/06\/D_710377-MLA76977717422_062024-F.jpg",1200,611,false],"2048x2048":["https:\/\/rms-enlinea.com.ar\/wp-content\/uploads\/2025\/06\/D_710377-MLA76977717422_062024-F.jpg",1200,611,false],"woocommerce_thumbnail":["https:\/\/rms-enlinea.com.ar\/wp-content\/uploads\/2025\/06\/D_710377-MLA76977717422_062024-F-450x450.jpg",450,450,true],"woocommerce_single":["https:\/\/rms-enlinea.com.ar\/wp-content\/uploads\/2025\/06\/D_710377-MLA76977717422_062024-F-600x306.jpg",600,306,true],"woocommerce_gallery_thumbnail":["https:\/\/rms-enlinea.com.ar\/wp-content\/uploads\/2025\/06\/D_710377-MLA76977717422_062024-F-100x100.jpg",100,100,true]},"uagb_author_info":{"display_name":"l0071054","author_link":"https:\/\/rms-enlinea.com.ar\/tienda\/author\/"},"uagb_comment_info":0,"uagb_excerpt":"Listo para WiFi4EU Cumple o supera todos los requisitos de WiFi4EU. Soporta todos los est\u00e1ndares IEEE requeridos. Cumple con Hotspot 2.0 (Wi-Fi CERTIFIED Passpoint\u00ae). Wi-Fi Wave 2 con direcci\u00f3n de banda Velocidades inal\u00e1mbricas r\u00e1pidas de hasta 1200 Mbps 1 . Dirige autom\u00e1ticamente el tr\u00e1fico a la banda m\u00e1s r\u00e1pida y menos congestionada. MU-MIMO y formaci\u00f3n&hellip;","_links":{"self":[{"href":"https:\/\/rms-enlinea.com.ar\/tienda\/wp-json\/wp\/v2\/product\/14335","targetHints":{"allow":["GET"]}}],"collection":[{"href":"https:\/\/rms-enlinea.com.ar\/tienda\/wp-json\/wp\/v2\/product"}],"about":[{"href":"https:\/\/rms-enlinea.com.ar\/tienda\/wp-json\/wp\/v2\/types\/product"}],"replies":[{"embeddable":true,"href":"https:\/\/rms-enlinea.com.ar\/tienda\/wp-json\/wp\/v2\/comments?post=14335"}],"wp:featuredmedia":[{"embeddable":true,"href":"https:\/\/rms-enlinea.com.ar\/tienda\/wp-json\/wp\/v2\/media\/14336"}],"wp:attachment":[{"href":"https:\/\/rms-enlinea.com.ar\/tienda\/wp-json\/wp\/v2\/media?parent=14335"}],"wp:term":[{"taxonomy":"product_brand","embeddable":true,"href":"https:\/\/rms-enlinea.com.ar\/tienda\/wp-json\/wp\/v2\/product_brand?post=14335"},{"taxonomy":"product_cat","embeddable":true,"href":"https:\/\/rms-enlinea.com.ar\/tienda\/wp-json\/wp\/v2\/product_cat?post=14335"},{"taxonomy":"product_tag","embeddable":true,"href":"https:\/\/rms-enlinea.com.ar\/tienda\/wp-json\/wp\/v2\/product_tag?post=14335"}],"curies":[{"name":"wp","href":"https:\/\/api.w.org\/{rel}","templated":true}]}}