{"id":14786,"date":"2025-06-12T06:52:02","date_gmt":"2025-06-12T09:52:02","guid":{"rendered":"https:\/\/rms-enlinea.com.ar\/tienda\/producto\/monitor-27-benq-gw2780-led-ips-full-hd-5ms-60hz\/"},"modified":"2026-04-21T05:21:46","modified_gmt":"2026-04-21T08:21:46","slug":"monitor-27-benq-gw2780-led-ips-full-hd-5ms-60hz","status":"publish","type":"product","link":"https:\/\/rms-enlinea.com.ar\/tienda\/producto\/monitor-27-benq-gw2780-led-ips-full-hd-5ms-60hz\/","title":{"rendered":"Monitor 27 Benq Gw2780 Led Ips Full Hd 5ms 60hz"},"content":{"rendered":"<p>Modelo alfanum\u00e9rico<\/p>\n<p>GW2780<br \/>Relaci\u00f3n de aspecto<\/p>\n<p>16:9<br \/>Marca<\/p>\n<p>BenQ<br \/>Brillo<\/p>\n<p>250 cd\/m\u00b2<br \/>Conexiones del monitor de la computadora<\/p>\n<p>D-Sub,HDMI 1.4,DisplayPort,Jack 3.5 mm<br \/>Contraste<\/p>\n<p>1000:1<br \/>Resoluci\u00f3n de la pantalla<\/p>\n<p>1920 px x 1080 px<br \/>Tama\u00f1o de la pantalla<\/p>\n<p>27 &#8220;<br \/>Tipo de pantalla<\/p>\n<p>LED<br \/>Altura sin soporte<\/p>\n<p>381 mm<br \/>Altura con soporte<\/p>\n<p>463 mm<br \/>\u00c1ngulo de visi\u00f3n horizontal<\/p>\n<p>178\u00b0<br \/>Cables incluidos<\/p>\n<p>Cable de alimentaci\u00f3n<br \/>Es antirreflejo<\/p>\n<p>S\u00ed<br \/>Es curvo<\/p>\n<p>No<br \/>Es gamer<\/p>\n<p>No<br \/>Es reclinable<\/p>\n<p>S\u00ed<br \/>Es giratorio<\/p>\n<p>S\u00ed<br \/>Largo sin soporte<\/p>\n<p>50 mm<br \/>Largo con soporte<\/p>\n<p>183 mm<br \/>L\u00ednea<\/p>\n<p>Estilizados<br \/>Modelo<\/p>\n<p>GW2780<br \/>Sistemas operativos compatibles<\/p>\n<p>Windows 7,Windows 8,Windows 8.1,Windows 10<br \/>Tipo de panel<\/p>\n<p>IPS<br \/>Frecuencia de actualizaci\u00f3n recomendada<\/p>\n<p>60 Hz<br \/>Tipo de resoluci\u00f3n<\/p>\n<p>Full HD<br \/>Tiempo de respuesta GTG<\/p>\n<p>5 ms<br \/>Cantidad de colores de la pantalla<\/p>\n<p>16.7 millones<br \/>Embalaje del env\u00edo<\/p>\n<p>Auto-despachable<br \/>\u00c1ngulo de visi\u00f3n vertical<\/p>\n<p>178\u00b0<br \/>Voltaje<\/p>\n<p>100V\/240V<br \/>Peso sin soporte<\/p>\n<p>3.92 kg<br \/>Peso con soporte<\/p>\n<p>4.85 kg<br \/>Ancho sin soporte<\/p>\n<p>612 mm<br \/>Ancho con soporte<\/p>\n<p>612 mm<br \/>Con altavoces incorporados<\/p>\n<p>S\u00ed<br \/>Con montaje VESA<\/p>\n<p>S\u00ed<\/p>\n","protected":false},"excerpt":{"rendered":"<p>Modelo alfanum\u00e9rico GW2780Relaci\u00f3n de aspecto 16:9Marca BenQBrillo 250 cd\/m\u00b2Conexiones del monitor de la computadora D-Sub,HDMI 1.4,DisplayPort,Jack 3.5 mmContraste 1000:1Resoluci\u00f3n de la pantalla 1920 px x 1080 pxTama\u00f1o de la pantalla 27 &#8220;Tipo de pantalla LEDAltura sin soporte 381 mmAltura con soporte 463 mm\u00c1ngulo de visi\u00f3n horizontal 178\u00b0Cables incluidos Cable de alimentaci\u00f3nEs antirreflejo S\u00edEs curvo NoEs [&hellip;]<\/p>\n","protected":false},"featured_media":14787,"comment_status":"open","ping_status":"closed","template":"","meta":{"_uag_custom_page_level_css":""},"product_brand":[584],"product_cat":[114],"product_tag":[],"class_list":{"0":"post-14786","1":"product","2":"type-product","3":"status-publish","4":"has-post-thumbnail","6":"product_brand-benq","7":"product_cat-monitores","9":"first","10":"outofstock","11":"sale","12":"taxable","13":"shipping-taxable","14":"purchasable","15":"product-type-simple"},"uagb_featured_image_src":{"full":["https:\/\/rms-enlinea.com.ar\/wp-content\/uploads\/2025\/06\/D_854014-MLA84551841000_052025-F.jpg",1183,918,false],"thumbnail":["https:\/\/rms-enlinea.com.ar\/wp-content\/uploads\/2025\/06\/D_854014-MLA84551841000_052025-F-150x150.jpg",150,150,true],"medium":["https:\/\/rms-enlinea.com.ar\/wp-content\/uploads\/2025\/06\/D_854014-MLA84551841000_052025-F-300x233.jpg",300,233,true],"medium_large":["https:\/\/rms-enlinea.com.ar\/wp-content\/uploads\/2025\/06\/D_854014-MLA84551841000_052025-F-768x596.jpg",768,596,true],"large":["https:\/\/rms-enlinea.com.ar\/wp-content\/uploads\/2025\/06\/D_854014-MLA84551841000_052025-F-1024x795.jpg",1024,795,true],"1536x1536":["https:\/\/rms-enlinea.com.ar\/wp-content\/uploads\/2025\/06\/D_854014-MLA84551841000_052025-F.jpg",1183,918,false],"2048x2048":["https:\/\/rms-enlinea.com.ar\/wp-content\/uploads\/2025\/06\/D_854014-MLA84551841000_052025-F.jpg",1183,918,false],"woocommerce_thumbnail":["https:\/\/rms-enlinea.com.ar\/wp-content\/uploads\/2025\/06\/D_854014-MLA84551841000_052025-F-450x450.jpg",450,450,true],"woocommerce_single":["https:\/\/rms-enlinea.com.ar\/wp-content\/uploads\/2025\/06\/D_854014-MLA84551841000_052025-F-600x466.jpg",600,466,true],"woocommerce_gallery_thumbnail":["https:\/\/rms-enlinea.com.ar\/wp-content\/uploads\/2025\/06\/D_854014-MLA84551841000_052025-F-100x100.jpg",100,100,true]},"uagb_author_info":{"display_name":"l0071054","author_link":"https:\/\/rms-enlinea.com.ar\/tienda\/author\/"},"uagb_comment_info":0,"uagb_excerpt":"Modelo alfanum\u00e9rico GW2780Relaci\u00f3n de aspecto 16:9Marca BenQBrillo 250 cd\/m\u00b2Conexiones del monitor de la computadora D-Sub,HDMI 1.4,DisplayPort,Jack 3.5 mmContraste 1000:1Resoluci\u00f3n de la pantalla 1920 px x 1080 pxTama\u00f1o de la pantalla 27 &#8220;Tipo de pantalla LEDAltura sin soporte 381 mmAltura con soporte 463 mm\u00c1ngulo de visi\u00f3n horizontal 178\u00b0Cables incluidos Cable de alimentaci\u00f3nEs antirreflejo S\u00edEs curvo NoEs&hellip;","_links":{"self":[{"href":"https:\/\/rms-enlinea.com.ar\/tienda\/wp-json\/wp\/v2\/product\/14786","targetHints":{"allow":["GET"]}}],"collection":[{"href":"https:\/\/rms-enlinea.com.ar\/tienda\/wp-json\/wp\/v2\/product"}],"about":[{"href":"https:\/\/rms-enlinea.com.ar\/tienda\/wp-json\/wp\/v2\/types\/product"}],"replies":[{"embeddable":true,"href":"https:\/\/rms-enlinea.com.ar\/tienda\/wp-json\/wp\/v2\/comments?post=14786"}],"wp:featuredmedia":[{"embeddable":true,"href":"https:\/\/rms-enlinea.com.ar\/tienda\/wp-json\/wp\/v2\/media\/14787"}],"wp:attachment":[{"href":"https:\/\/rms-enlinea.com.ar\/tienda\/wp-json\/wp\/v2\/media?parent=14786"}],"wp:term":[{"taxonomy":"product_brand","embeddable":true,"href":"https:\/\/rms-enlinea.com.ar\/tienda\/wp-json\/wp\/v2\/product_brand?post=14786"},{"taxonomy":"product_cat","embeddable":true,"href":"https:\/\/rms-enlinea.com.ar\/tienda\/wp-json\/wp\/v2\/product_cat?post=14786"},{"taxonomy":"product_tag","embeddable":true,"href":"https:\/\/rms-enlinea.com.ar\/tienda\/wp-json\/wp\/v2\/product_tag?post=14786"}],"curies":[{"name":"wp","href":"https:\/\/api.w.org\/{rel}","templated":true}]}}