{"id":14901,"date":"2025-06-12T06:54:17","date_gmt":"2025-06-12T09:54:17","guid":{"rendered":"https:\/\/rms-enlinea.com.ar\/tienda\/producto\/impresora-multifuncion-mono-hp-laserjet-tank-1602w-wifi\/"},"modified":"2026-04-17T20:30:13","modified_gmt":"2026-04-17T23:30:13","slug":"impresora-multifuncion-mono-hp-laserjet-tank-1602w-wifi","status":"publish","type":"product","link":"https:\/\/rms-enlinea.com.ar\/tienda\/producto\/impresora-multifuncion-mono-hp-laserjet-tank-1602w-wifi\/","title":{"rendered":"Impresora Multifunci\u00f3n Mono Hp Laserjet Tank 1602w Wifi"},"content":{"rendered":"<p>La impresora multifunci\u00f3n HP Laserjet Tank 1602w es la soluci\u00f3n ideal para quienes buscan eficiencia y calidad en la impresi\u00f3n. Con tecnolog\u00eda l\u00e1ser y un dise\u00f1o compacto, esta impresora permite realizar tareas de impresi\u00f3n y copia de manera r\u00e1pida y sencilla, todo en un solo dispositivo. Su capacidad de impresi\u00f3n monocrom\u00e1tica asegura documentos n\u00edtidos y profesionales, perfectos para el entorno laboral o acad\u00e9mico.<\/p>\n<p>Con conectividad Wi-Fi, podr\u00e1s imprimir desde cualquier lugar de tu hogar u oficina, facilitando el trabajo en equipo y la gesti\u00f3n de documentos. Adem\u00e1s, cuenta con un puerto USB que permite una conexi\u00f3n directa a dispositivos, brindando mayor versatilidad en su uso. Su dise\u00f1o optimizado no solo ahorra espacio, sino que tambi\u00e9n contribuye a una experiencia de usuario m\u00e1s fluida.<\/p>\n<p>La HP Laserjet Tank 1602w es ideal para usuarios que requieren un alto volumen de impresi\u00f3n sin comprometer la calidad. Su sistema de tanque de tinta permite una mayor eficiencia en el uso de recursos, lo que se traduce en menos interrupciones y un rendimiento constante. Esta impresora es perfecta para peque\u00f1as y medianas empresas, as\u00ed como para estudiantes que necesitan un aliado confiable en sus tareas diarias.<\/p>\n","protected":false},"excerpt":{"rendered":"<p>La impresora multifunci\u00f3n HP Laserjet Tank 1602w es la soluci\u00f3n ideal para quienes buscan eficiencia y calidad en la impresi\u00f3n. Con tecnolog\u00eda l\u00e1ser y un dise\u00f1o compacto, esta impresora permite realizar tareas de impresi\u00f3n y copia de manera r\u00e1pida y sencilla, todo en un solo dispositivo. Su capacidad de impresi\u00f3n monocrom\u00e1tica asegura documentos n\u00edtidos y [&hellip;]<\/p>\n","protected":false},"featured_media":14902,"comment_status":"open","ping_status":"closed","template":"","meta":{"_uag_custom_page_level_css":""},"product_brand":[552],"product_cat":[110],"product_tag":[],"class_list":{"0":"post-14901","1":"product","2":"type-product","3":"status-publish","4":"has-post-thumbnail","6":"product_brand-hp","7":"product_cat-impresoras","9":"first","10":"instock","11":"sale","12":"taxable","13":"shipping-taxable","14":"purchasable","15":"product-type-simple"},"uagb_featured_image_src":{"full":["https:\/\/rms-enlinea.com.ar\/wp-content\/uploads\/2025\/06\/D_665688-MLA83572253333_042025-F.jpg",1048,899,false],"thumbnail":["https:\/\/rms-enlinea.com.ar\/wp-content\/uploads\/2025\/06\/D_665688-MLA83572253333_042025-F-150x150.jpg",150,150,true],"medium":["https:\/\/rms-enlinea.com.ar\/wp-content\/uploads\/2025\/06\/D_665688-MLA83572253333_042025-F-300x257.jpg",300,257,true],"medium_large":["https:\/\/rms-enlinea.com.ar\/wp-content\/uploads\/2025\/06\/D_665688-MLA83572253333_042025-F-768x659.jpg",768,659,true],"large":["https:\/\/rms-enlinea.com.ar\/wp-content\/uploads\/2025\/06\/D_665688-MLA83572253333_042025-F-1024x878.jpg",1024,878,true],"1536x1536":["https:\/\/rms-enlinea.com.ar\/wp-content\/uploads\/2025\/06\/D_665688-MLA83572253333_042025-F.jpg",1048,899,false],"2048x2048":["https:\/\/rms-enlinea.com.ar\/wp-content\/uploads\/2025\/06\/D_665688-MLA83572253333_042025-F.jpg",1048,899,false],"woocommerce_thumbnail":["https:\/\/rms-enlinea.com.ar\/wp-content\/uploads\/2025\/06\/D_665688-MLA83572253333_042025-F-450x450.jpg",450,450,true],"woocommerce_single":["https:\/\/rms-enlinea.com.ar\/wp-content\/uploads\/2025\/06\/D_665688-MLA83572253333_042025-F-600x515.jpg",600,515,true],"woocommerce_gallery_thumbnail":["https:\/\/rms-enlinea.com.ar\/wp-content\/uploads\/2025\/06\/D_665688-MLA83572253333_042025-F-100x100.jpg",100,100,true]},"uagb_author_info":{"display_name":"l0071054","author_link":"https:\/\/rms-enlinea.com.ar\/tienda\/author\/"},"uagb_comment_info":0,"uagb_excerpt":"La impresora multifunci\u00f3n HP Laserjet Tank 1602w es la soluci\u00f3n ideal para quienes buscan eficiencia y calidad en la impresi\u00f3n. Con tecnolog\u00eda l\u00e1ser y un dise\u00f1o compacto, esta impresora permite realizar tareas de impresi\u00f3n y copia de manera r\u00e1pida y sencilla, todo en un solo dispositivo. Su capacidad de impresi\u00f3n monocrom\u00e1tica asegura documentos n\u00edtidos y&hellip;","_links":{"self":[{"href":"https:\/\/rms-enlinea.com.ar\/tienda\/wp-json\/wp\/v2\/product\/14901","targetHints":{"allow":["GET"]}}],"collection":[{"href":"https:\/\/rms-enlinea.com.ar\/tienda\/wp-json\/wp\/v2\/product"}],"about":[{"href":"https:\/\/rms-enlinea.com.ar\/tienda\/wp-json\/wp\/v2\/types\/product"}],"replies":[{"embeddable":true,"href":"https:\/\/rms-enlinea.com.ar\/tienda\/wp-json\/wp\/v2\/comments?post=14901"}],"wp:featuredmedia":[{"embeddable":true,"href":"https:\/\/rms-enlinea.com.ar\/tienda\/wp-json\/wp\/v2\/media\/14902"}],"wp:attachment":[{"href":"https:\/\/rms-enlinea.com.ar\/tienda\/wp-json\/wp\/v2\/media?parent=14901"}],"wp:term":[{"taxonomy":"product_brand","embeddable":true,"href":"https:\/\/rms-enlinea.com.ar\/tienda\/wp-json\/wp\/v2\/product_brand?post=14901"},{"taxonomy":"product_cat","embeddable":true,"href":"https:\/\/rms-enlinea.com.ar\/tienda\/wp-json\/wp\/v2\/product_cat?post=14901"},{"taxonomy":"product_tag","embeddable":true,"href":"https:\/\/rms-enlinea.com.ar\/tienda\/wp-json\/wp\/v2\/product_tag?post=14901"}],"curies":[{"name":"wp","href":"https:\/\/api.w.org\/{rel}","templated":true}]}}