{"id":14936,"date":"2025-06-12T06:55:02","date_gmt":"2025-06-12T09:55:02","guid":{"rendered":"https:\/\/rms-enlinea.com.ar\/tienda\/producto\/hub-adaptador-tp-link-uh3020c-usb-c-3-en-1-hdmi-usb-usb-c\/"},"modified":"2026-03-31T18:02:53","modified_gmt":"2026-03-31T21:02:53","slug":"hub-adaptador-tp-link-uh3020c-usb-c-3-en-1-hdmi-usb-usb-c","status":"publish","type":"product","link":"https:\/\/rms-enlinea.com.ar\/tienda\/producto\/hub-adaptador-tp-link-uh3020c-usb-c-3-en-1-hdmi-usb-usb-c\/","title":{"rendered":"Hub Adaptador Tp-link Uh3020c Usb-c 3 En 1 Hdmi Usb Usb-c"},"content":{"rendered":"<p>HARDWARE<br \/>Connector\t1*USB Tipo-C<br \/>Number of Ports\t3<br \/>Video Interface\t1*HDMI 4K@60Hz<br \/>Power Delivery Interface\t1*PD 100W<br \/>USB Interface\t1*USB Type-A 5Gbps<br \/>OTRO<br \/>Supported Systems\tMac OS, Windows 11\/10\/8.1\/8\/7, Linux, iPadOS, iOS, Android, Chrome OS y Nintendo OS.<br \/>F\u00cdSICO<br \/>Case\tCaja de aleaci\u00f3n de aluminio<br \/>Cable\tCable trenzado de 18 cm<br \/>Dimensiones (An. \u00d7 Pr. \u00d7 Al.)\t52,7 \u00d7 60,5 \u00d7 12,2 mm<br \/>Contenidos del paquete\tUH3020C<br \/>Gu\u00eda r\u00e1pida de instalaci\u00f3n<\/p>\n","protected":false},"excerpt":{"rendered":"<p>HARDWAREConnector 1*USB Tipo-CNumber of Ports 3Video Interface 1*HDMI 4K@60HzPower Delivery Interface 1*PD 100WUSB Interface 1*USB Type-A 5GbpsOTROSupported Systems Mac OS, Windows 11\/10\/8.1\/8\/7, Linux, iPadOS, iOS, Android, Chrome OS y Nintendo OS.F\u00cdSICOCase Caja de aleaci\u00f3n de aluminioCable Cable trenzado de 18 cmDimensiones (An. \u00d7 Pr. \u00d7 Al.) 52,7 \u00d7 60,5 \u00d7 12,2 mmContenidos del paquete UH3020CGu\u00eda [&hellip;]<\/p>\n","protected":false},"featured_media":14937,"comment_status":"open","ping_status":"closed","template":"","meta":{"_uag_custom_page_level_css":""},"product_brand":[546],"product_cat":[122],"product_tag":[],"class_list":{"0":"post-14936","1":"product","2":"type-product","3":"status-publish","4":"has-post-thumbnail","6":"product_brand-tplink","7":"product_cat-redes-y-conectividad","9":"first","10":"outofstock","11":"sale","12":"taxable","13":"shipping-taxable","14":"purchasable","15":"product-type-simple"},"uagb_featured_image_src":{"full":["https:\/\/rms-enlinea.com.ar\/wp-content\/uploads\/2025\/06\/D_980885-MLA84675674722_052025-F.jpg",774,780,false],"thumbnail":["https:\/\/rms-enlinea.com.ar\/wp-content\/uploads\/2025\/06\/D_980885-MLA84675674722_052025-F-150x150.jpg",150,150,true],"medium":["https:\/\/rms-enlinea.com.ar\/wp-content\/uploads\/2025\/06\/D_980885-MLA84675674722_052025-F-298x300.jpg",298,300,true],"medium_large":["https:\/\/rms-enlinea.com.ar\/wp-content\/uploads\/2025\/06\/D_980885-MLA84675674722_052025-F-768x774.jpg",768,774,true],"large":["https:\/\/rms-enlinea.com.ar\/wp-content\/uploads\/2025\/06\/D_980885-MLA84675674722_052025-F.jpg",774,780,false],"1536x1536":["https:\/\/rms-enlinea.com.ar\/wp-content\/uploads\/2025\/06\/D_980885-MLA84675674722_052025-F.jpg",774,780,false],"2048x2048":["https:\/\/rms-enlinea.com.ar\/wp-content\/uploads\/2025\/06\/D_980885-MLA84675674722_052025-F.jpg",774,780,false],"woocommerce_thumbnail":["https:\/\/rms-enlinea.com.ar\/wp-content\/uploads\/2025\/06\/D_980885-MLA84675674722_052025-F-450x450.jpg",450,450,true],"woocommerce_single":["https:\/\/rms-enlinea.com.ar\/wp-content\/uploads\/2025\/06\/D_980885-MLA84675674722_052025-F-600x605.jpg",600,605,true],"woocommerce_gallery_thumbnail":["https:\/\/rms-enlinea.com.ar\/wp-content\/uploads\/2025\/06\/D_980885-MLA84675674722_052025-F-100x100.jpg",100,100,true]},"uagb_author_info":{"display_name":"l0071054","author_link":"https:\/\/rms-enlinea.com.ar\/tienda\/author\/"},"uagb_comment_info":0,"uagb_excerpt":"HARDWAREConnector 1*USB Tipo-CNumber of Ports 3Video Interface 1*HDMI 4K@60HzPower Delivery Interface 1*PD 100WUSB Interface 1*USB Type-A 5GbpsOTROSupported Systems Mac OS, Windows 11\/10\/8.1\/8\/7, Linux, iPadOS, iOS, Android, Chrome OS y Nintendo OS.F\u00cdSICOCase Caja de aleaci\u00f3n de aluminioCable Cable trenzado de 18 cmDimensiones (An. \u00d7 Pr. \u00d7 Al.) 52,7 \u00d7 60,5 \u00d7 12,2 mmContenidos del paquete UH3020CGu\u00eda&hellip;","_links":{"self":[{"href":"https:\/\/rms-enlinea.com.ar\/tienda\/wp-json\/wp\/v2\/product\/14936","targetHints":{"allow":["GET"]}}],"collection":[{"href":"https:\/\/rms-enlinea.com.ar\/tienda\/wp-json\/wp\/v2\/product"}],"about":[{"href":"https:\/\/rms-enlinea.com.ar\/tienda\/wp-json\/wp\/v2\/types\/product"}],"replies":[{"embeddable":true,"href":"https:\/\/rms-enlinea.com.ar\/tienda\/wp-json\/wp\/v2\/comments?post=14936"}],"wp:featuredmedia":[{"embeddable":true,"href":"https:\/\/rms-enlinea.com.ar\/tienda\/wp-json\/wp\/v2\/media\/14937"}],"wp:attachment":[{"href":"https:\/\/rms-enlinea.com.ar\/tienda\/wp-json\/wp\/v2\/media?parent=14936"}],"wp:term":[{"taxonomy":"product_brand","embeddable":true,"href":"https:\/\/rms-enlinea.com.ar\/tienda\/wp-json\/wp\/v2\/product_brand?post=14936"},{"taxonomy":"product_cat","embeddable":true,"href":"https:\/\/rms-enlinea.com.ar\/tienda\/wp-json\/wp\/v2\/product_cat?post=14936"},{"taxonomy":"product_tag","embeddable":true,"href":"https:\/\/rms-enlinea.com.ar\/tienda\/wp-json\/wp\/v2\/product_tag?post=14936"}],"curies":[{"name":"wp","href":"https:\/\/api.w.org\/{rel}","templated":true}]}}