{"id":15025,"date":"2025-06-12T06:56:34","date_gmt":"2025-06-12T09:56:34","guid":{"rendered":"https:\/\/rms-enlinea.com.ar\/tienda\/producto\/monitor-noblex-25-fhd-va-adaptive-sync-sm2500\/"},"modified":"2026-04-02T17:24:24","modified_gmt":"2026-04-02T20:24:24","slug":"monitor-noblex-25-fhd-va-adaptive-sync-sm2500","status":"publish","type":"product","link":"https:\/\/rms-enlinea.com.ar\/tienda\/producto\/monitor-noblex-25-fhd-va-adaptive-sync-sm2500\/","title":{"rendered":"Monitor Noblex 25 Fhd Va Adaptive Sync Sm2500"},"content":{"rendered":"<p>Marca<\/p>\n<p>Noblex<br \/>Tama\u00f1o de la pantalla<\/p>\n<p>25<br \/>Voltaje<\/p>\n<p>220V<br \/>Relaci\u00f3n de aspecto<\/p>\n<p>16:9<br \/>Modelo<\/p>\n<p>NXSM2500<br \/>Tipo de resoluci\u00f3n<\/p>\n<p>Full HD<br \/>Conexiones del monitor de la computadora<\/p>\n<p>HDMI<br \/>Resoluci\u00f3n de la pantalla<\/p>\n<p>1920 px x 1080 px<\/p>\n","protected":false},"excerpt":{"rendered":"<p>Marca NoblexTama\u00f1o de la pantalla 25Voltaje 220VRelaci\u00f3n de aspecto 16:9Modelo NXSM2500Tipo de resoluci\u00f3n Full HDConexiones del monitor de la computadora HDMIResoluci\u00f3n de la pantalla 1920 px x 1080 px<\/p>\n","protected":false},"featured_media":15026,"comment_status":"open","ping_status":"closed","template":"","meta":{"_uag_custom_page_level_css":""},"product_brand":[583],"product_cat":[114],"product_tag":[],"class_list":{"0":"post-15025","1":"product","2":"type-product","3":"status-publish","4":"has-post-thumbnail","6":"product_brand-noblex","7":"product_cat-monitores","9":"first","10":"outofstock","11":"sale","12":"taxable","13":"shipping-taxable","14":"purchasable","15":"product-type-simple"},"uagb_featured_image_src":{"full":["https:\/\/rms-enlinea.com.ar\/wp-content\/uploads\/2025\/06\/D_995008-MLA81853244662_012025-F.jpg",1200,947,false],"thumbnail":["https:\/\/rms-enlinea.com.ar\/wp-content\/uploads\/2025\/06\/D_995008-MLA81853244662_012025-F-150x150.jpg",150,150,true],"medium":["https:\/\/rms-enlinea.com.ar\/wp-content\/uploads\/2025\/06\/D_995008-MLA81853244662_012025-F-300x237.jpg",300,237,true],"medium_large":["https:\/\/rms-enlinea.com.ar\/wp-content\/uploads\/2025\/06\/D_995008-MLA81853244662_012025-F-768x606.jpg",768,606,true],"large":["https:\/\/rms-enlinea.com.ar\/wp-content\/uploads\/2025\/06\/D_995008-MLA81853244662_012025-F-1024x808.jpg",1024,808,true],"1536x1536":["https:\/\/rms-enlinea.com.ar\/wp-content\/uploads\/2025\/06\/D_995008-MLA81853244662_012025-F.jpg",1200,947,false],"2048x2048":["https:\/\/rms-enlinea.com.ar\/wp-content\/uploads\/2025\/06\/D_995008-MLA81853244662_012025-F.jpg",1200,947,false],"woocommerce_thumbnail":["https:\/\/rms-enlinea.com.ar\/wp-content\/uploads\/2025\/06\/D_995008-MLA81853244662_012025-F-450x450.jpg",450,450,true],"woocommerce_single":["https:\/\/rms-enlinea.com.ar\/wp-content\/uploads\/2025\/06\/D_995008-MLA81853244662_012025-F-600x474.jpg",600,474,true],"woocommerce_gallery_thumbnail":["https:\/\/rms-enlinea.com.ar\/wp-content\/uploads\/2025\/06\/D_995008-MLA81853244662_012025-F-100x100.jpg",100,100,true]},"uagb_author_info":{"display_name":"l0071054","author_link":"https:\/\/rms-enlinea.com.ar\/tienda\/author\/"},"uagb_comment_info":0,"uagb_excerpt":"Marca NoblexTama\u00f1o de la pantalla 25Voltaje 220VRelaci\u00f3n de aspecto 16:9Modelo NXSM2500Tipo de resoluci\u00f3n Full HDConexiones del monitor de la computadora HDMIResoluci\u00f3n de la pantalla 1920 px x 1080 px","_links":{"self":[{"href":"https:\/\/rms-enlinea.com.ar\/tienda\/wp-json\/wp\/v2\/product\/15025","targetHints":{"allow":["GET"]}}],"collection":[{"href":"https:\/\/rms-enlinea.com.ar\/tienda\/wp-json\/wp\/v2\/product"}],"about":[{"href":"https:\/\/rms-enlinea.com.ar\/tienda\/wp-json\/wp\/v2\/types\/product"}],"replies":[{"embeddable":true,"href":"https:\/\/rms-enlinea.com.ar\/tienda\/wp-json\/wp\/v2\/comments?post=15025"}],"wp:featuredmedia":[{"embeddable":true,"href":"https:\/\/rms-enlinea.com.ar\/tienda\/wp-json\/wp\/v2\/media\/15026"}],"wp:attachment":[{"href":"https:\/\/rms-enlinea.com.ar\/tienda\/wp-json\/wp\/v2\/media?parent=15025"}],"wp:term":[{"taxonomy":"product_brand","embeddable":true,"href":"https:\/\/rms-enlinea.com.ar\/tienda\/wp-json\/wp\/v2\/product_brand?post=15025"},{"taxonomy":"product_cat","embeddable":true,"href":"https:\/\/rms-enlinea.com.ar\/tienda\/wp-json\/wp\/v2\/product_cat?post=15025"},{"taxonomy":"product_tag","embeddable":true,"href":"https:\/\/rms-enlinea.com.ar\/tienda\/wp-json\/wp\/v2\/product_tag?post=15025"}],"curies":[{"name":"wp","href":"https:\/\/api.w.org\/{rel}","templated":true}]}}