{"id":15131,"date":"2025-06-12T06:58:42","date_gmt":"2025-06-12T09:58:42","guid":{"rendered":"https:\/\/rms-enlinea.com.ar\/tienda\/producto\/fan-cooler-corsair-rs120-max-120mm-pwm-30mm-fan-black\/"},"modified":"2026-04-13T06:50:19","modified_gmt":"2026-04-13T09:50:19","slug":"fan-cooler-corsair-rs120-max-120mm-pwm-30mm-fan-black","status":"publish","type":"product","link":"https:\/\/rms-enlinea.com.ar\/tienda\/producto\/fan-cooler-corsair-rs120-max-120mm-pwm-30mm-fan-black\/","title":{"rendered":"Fan Cooler Corsair Rs120 Max 120mm Pwm 30mm Fan Black"},"content":{"rendered":"<p>El Fan Cooler Corsair RS120 MAX es la soluci\u00f3n ideal para quienes buscan un rendimiento \u00f3ptimo en refrigeraci\u00f3n de sus gabinetes. Con un tama\u00f1o de 120 mm y un dise\u00f1o elegante en color negro, este ventilador combina funcionalidad y est\u00e9tica, perfecto para cualquier configuraci\u00f3n gamer.<\/p>\n<p>Su tecnolog\u00eda PWM permite un control preciso de la velocidad, adapt\u00e1ndose a las necesidades de refrigeraci\u00f3n en tiempo real. Esto no solo mejora la eficiencia del flujo de aire, sino que tambi\u00e9n reduce el ruido, creando un ambiente de trabajo o juego m\u00e1s placentero.<\/p>\n<p>Dise\u00f1ado para maximizar el rendimiento t\u00e9rmico, el Corsair RS120 MAX es compatible con una amplia gama de gabinetes, asegurando que tu sistema se mantenga fresco incluso durante las sesiones m\u00e1s intensas. Su construcci\u00f3n robusta garantiza durabilidad y un funcionamiento confiable a largo plazo.<\/p>\n<p>Mejora la experiencia de tu equipo con este ventilador que no solo optimiza la refrigeraci\u00f3n, sino que tambi\u00e9n a\u00f1ade un toque de estilo a tu configuraci\u00f3n. Con el Fan Cooler Corsair RS120 MAX, cada partida o proyecto se desarrollar\u00e1 en un entorno m\u00e1s eficiente y c\u00f3modo.<\/p>\n","protected":false},"excerpt":{"rendered":"<p>El Fan Cooler Corsair RS120 MAX es la soluci\u00f3n ideal para quienes buscan un rendimiento \u00f3ptimo en refrigeraci\u00f3n de sus gabinetes. Con un tama\u00f1o de 120 mm y un dise\u00f1o elegante en color negro, este ventilador combina funcionalidad y est\u00e9tica, perfecto para cualquier configuraci\u00f3n gamer. Su tecnolog\u00eda PWM permite un control preciso de la velocidad, [&hellip;]<\/p>\n","protected":false},"featured_media":15132,"comment_status":"open","ping_status":"closed","template":"","meta":{"_uag_custom_page_level_css":""},"product_brand":[555],"product_cat":[105],"product_tag":[],"class_list":{"0":"post-15131","1":"product","2":"type-product","3":"status-publish","4":"has-post-thumbnail","6":"product_brand-corsair","7":"product_cat-cooler-y-sistemas-de-refrigeracion","9":"first","10":"outofstock","11":"sale","12":"taxable","13":"shipping-taxable","14":"purchasable","15":"product-type-simple"},"uagb_featured_image_src":{"full":["https:\/\/rms-enlinea.com.ar\/wp-content\/uploads\/2025\/06\/D_980034-MLA82326368741_022025-F.jpg",1079,1200,false],"thumbnail":["https:\/\/rms-enlinea.com.ar\/wp-content\/uploads\/2025\/06\/D_980034-MLA82326368741_022025-F-150x150.jpg",150,150,true],"medium":["https:\/\/rms-enlinea.com.ar\/wp-content\/uploads\/2025\/06\/D_980034-MLA82326368741_022025-F-270x300.jpg",270,300,true],"medium_large":["https:\/\/rms-enlinea.com.ar\/wp-content\/uploads\/2025\/06\/D_980034-MLA82326368741_022025-F-768x854.jpg",768,854,true],"large":["https:\/\/rms-enlinea.com.ar\/wp-content\/uploads\/2025\/06\/D_980034-MLA82326368741_022025-F-921x1024.jpg",921,1024,true],"1536x1536":["https:\/\/rms-enlinea.com.ar\/wp-content\/uploads\/2025\/06\/D_980034-MLA82326368741_022025-F.jpg",1079,1200,false],"2048x2048":["https:\/\/rms-enlinea.com.ar\/wp-content\/uploads\/2025\/06\/D_980034-MLA82326368741_022025-F.jpg",1079,1200,false],"woocommerce_thumbnail":["https:\/\/rms-enlinea.com.ar\/wp-content\/uploads\/2025\/06\/D_980034-MLA82326368741_022025-F-450x450.jpg",450,450,true],"woocommerce_single":["https:\/\/rms-enlinea.com.ar\/wp-content\/uploads\/2025\/06\/D_980034-MLA82326368741_022025-F-600x667.jpg",600,667,true],"woocommerce_gallery_thumbnail":["https:\/\/rms-enlinea.com.ar\/wp-content\/uploads\/2025\/06\/D_980034-MLA82326368741_022025-F-100x100.jpg",100,100,true]},"uagb_author_info":{"display_name":"l0071054","author_link":"https:\/\/rms-enlinea.com.ar\/tienda\/author\/"},"uagb_comment_info":0,"uagb_excerpt":"El Fan Cooler Corsair RS120 MAX es la soluci\u00f3n ideal para quienes buscan un rendimiento \u00f3ptimo en refrigeraci\u00f3n de sus gabinetes. Con un tama\u00f1o de 120 mm y un dise\u00f1o elegante en color negro, este ventilador combina funcionalidad y est\u00e9tica, perfecto para cualquier configuraci\u00f3n gamer. Su tecnolog\u00eda PWM permite un control preciso de la velocidad,&hellip;","_links":{"self":[{"href":"https:\/\/rms-enlinea.com.ar\/tienda\/wp-json\/wp\/v2\/product\/15131","targetHints":{"allow":["GET"]}}],"collection":[{"href":"https:\/\/rms-enlinea.com.ar\/tienda\/wp-json\/wp\/v2\/product"}],"about":[{"href":"https:\/\/rms-enlinea.com.ar\/tienda\/wp-json\/wp\/v2\/types\/product"}],"replies":[{"embeddable":true,"href":"https:\/\/rms-enlinea.com.ar\/tienda\/wp-json\/wp\/v2\/comments?post=15131"}],"wp:featuredmedia":[{"embeddable":true,"href":"https:\/\/rms-enlinea.com.ar\/tienda\/wp-json\/wp\/v2\/media\/15132"}],"wp:attachment":[{"href":"https:\/\/rms-enlinea.com.ar\/tienda\/wp-json\/wp\/v2\/media?parent=15131"}],"wp:term":[{"taxonomy":"product_brand","embeddable":true,"href":"https:\/\/rms-enlinea.com.ar\/tienda\/wp-json\/wp\/v2\/product_brand?post=15131"},{"taxonomy":"product_cat","embeddable":true,"href":"https:\/\/rms-enlinea.com.ar\/tienda\/wp-json\/wp\/v2\/product_cat?post=15131"},{"taxonomy":"product_tag","embeddable":true,"href":"https:\/\/rms-enlinea.com.ar\/tienda\/wp-json\/wp\/v2\/product_tag?post=15131"}],"curies":[{"name":"wp","href":"https:\/\/api.w.org\/{rel}","templated":true}]}}