{"id":15164,"date":"2025-06-12T06:59:23","date_gmt":"2025-06-12T09:59:23","guid":{"rendered":"https:\/\/rms-enlinea.com.ar\/tienda\/producto\/teclado-raptor-fireclaw-m104-mecanico-rgb-sw-red-outemu\/"},"modified":"2026-04-21T05:51:52","modified_gmt":"2026-04-21T08:51:52","slug":"teclado-raptor-fireclaw-m104-mecanico-rgb-sw-red-outemu","status":"publish","type":"product","link":"https:\/\/rms-enlinea.com.ar\/tienda\/producto\/teclado-raptor-fireclaw-m104-mecanico-rgb-sw-red-outemu\/","title":{"rendered":"Teclado Raptor Fireclaw M104 Mecanico Rgb Sw Red Outemu"},"content":{"rendered":"<p>Dimensi\u00f3n\t426 x 121 x 37 mm<br \/>Peso\t730 g<br \/>N\u00famero de teclas\t104 teclas<br \/>IC\t93F93B<br \/>Keycaps\tTapas de inyecci\u00f3n de doble color<br \/>Interruptor\tRED OUTEMU<br \/>Material\tABS<br \/>Longitud del cable\tUSB-Tipo C, cable de PVC de 1,8M (desde PCB)<br \/>Modos de iluminaci\u00f3n\t21 modos Retroiluminaci\u00f3n combinado la tecla FN con la tecla (\/|)<br \/>Vida \u00fatil mec\u00e1nica\tM\u00e1s de 50 millones de veces<br \/>Funci\u00f3n multimedia\tTecla FN con F1 a F12<\/p>\n","protected":false},"excerpt":{"rendered":"<p>Dimensi\u00f3n 426 x 121 x 37 mmPeso 730 gN\u00famero de teclas 104 teclasIC 93F93BKeycaps Tapas de inyecci\u00f3n de doble colorInterruptor RED OUTEMUMaterial ABSLongitud del cable USB-Tipo C, cable de PVC de 1,8M (desde PCB)Modos de iluminaci\u00f3n 21 modos Retroiluminaci\u00f3n combinado la tecla FN con la tecla (\/|)Vida \u00fatil mec\u00e1nica M\u00e1s de 50 millones de vecesFunci\u00f3n [&hellip;]<\/p>\n","protected":false},"featured_media":15165,"comment_status":"open","ping_status":"closed","template":"","meta":{"_uag_custom_page_level_css":""},"product_brand":[565,572],"product_cat":[125],"product_tag":[],"class_list":{"0":"post-15164","1":"product","2":"type-product","3":"status-publish","4":"has-post-thumbnail","6":"product_brand-raptor","7":"product_brand-raptor-gaming","8":"product_cat-teclados-y-mouses","10":"first","11":"outofstock","12":"sale","13":"taxable","14":"shipping-taxable","15":"purchasable","16":"product-type-simple"},"uagb_featured_image_src":{"full":["https:\/\/rms-enlinea.com.ar\/wp-content\/uploads\/2025\/06\/D_996448-MLA83286800625_032025-F.jpg",626,179,false],"thumbnail":["https:\/\/rms-enlinea.com.ar\/wp-content\/uploads\/2025\/06\/D_996448-MLA83286800625_032025-F-150x150.jpg",150,150,true],"medium":["https:\/\/rms-enlinea.com.ar\/wp-content\/uploads\/2025\/06\/D_996448-MLA83286800625_032025-F-300x86.jpg",300,86,true],"medium_large":["https:\/\/rms-enlinea.com.ar\/wp-content\/uploads\/2025\/06\/D_996448-MLA83286800625_032025-F.jpg",626,179,false],"large":["https:\/\/rms-enlinea.com.ar\/wp-content\/uploads\/2025\/06\/D_996448-MLA83286800625_032025-F.jpg",626,179,false],"1536x1536":["https:\/\/rms-enlinea.com.ar\/wp-content\/uploads\/2025\/06\/D_996448-MLA83286800625_032025-F.jpg",626,179,false],"2048x2048":["https:\/\/rms-enlinea.com.ar\/wp-content\/uploads\/2025\/06\/D_996448-MLA83286800625_032025-F.jpg",626,179,false],"woocommerce_thumbnail":["https:\/\/rms-enlinea.com.ar\/wp-content\/uploads\/2025\/06\/D_996448-MLA83286800625_032025-F-450x179.jpg",450,179,true],"woocommerce_single":["https:\/\/rms-enlinea.com.ar\/wp-content\/uploads\/2025\/06\/D_996448-MLA83286800625_032025-F-600x172.jpg",600,172,true],"woocommerce_gallery_thumbnail":["https:\/\/rms-enlinea.com.ar\/wp-content\/uploads\/2025\/06\/D_996448-MLA83286800625_032025-F-100x100.jpg",100,100,true]},"uagb_author_info":{"display_name":"l0071054","author_link":"https:\/\/rms-enlinea.com.ar\/tienda\/author\/"},"uagb_comment_info":0,"uagb_excerpt":"Dimensi\u00f3n 426 x 121 x 37 mmPeso 730 gN\u00famero de teclas 104 teclasIC 93F93BKeycaps Tapas de inyecci\u00f3n de doble colorInterruptor RED OUTEMUMaterial ABSLongitud del cable USB-Tipo C, cable de PVC de 1,8M (desde PCB)Modos de iluminaci\u00f3n 21 modos Retroiluminaci\u00f3n combinado la tecla FN con la tecla (\/|)Vida \u00fatil mec\u00e1nica M\u00e1s de 50 millones de vecesFunci\u00f3n&hellip;","_links":{"self":[{"href":"https:\/\/rms-enlinea.com.ar\/tienda\/wp-json\/wp\/v2\/product\/15164","targetHints":{"allow":["GET"]}}],"collection":[{"href":"https:\/\/rms-enlinea.com.ar\/tienda\/wp-json\/wp\/v2\/product"}],"about":[{"href":"https:\/\/rms-enlinea.com.ar\/tienda\/wp-json\/wp\/v2\/types\/product"}],"replies":[{"embeddable":true,"href":"https:\/\/rms-enlinea.com.ar\/tienda\/wp-json\/wp\/v2\/comments?post=15164"}],"wp:featuredmedia":[{"embeddable":true,"href":"https:\/\/rms-enlinea.com.ar\/tienda\/wp-json\/wp\/v2\/media\/15165"}],"wp:attachment":[{"href":"https:\/\/rms-enlinea.com.ar\/tienda\/wp-json\/wp\/v2\/media?parent=15164"}],"wp:term":[{"taxonomy":"product_brand","embeddable":true,"href":"https:\/\/rms-enlinea.com.ar\/tienda\/wp-json\/wp\/v2\/product_brand?post=15164"},{"taxonomy":"product_cat","embeddable":true,"href":"https:\/\/rms-enlinea.com.ar\/tienda\/wp-json\/wp\/v2\/product_cat?post=15164"},{"taxonomy":"product_tag","embeddable":true,"href":"https:\/\/rms-enlinea.com.ar\/tienda\/wp-json\/wp\/v2\/product_tag?post=15164"}],"curies":[{"name":"wp","href":"https:\/\/api.w.org\/{rel}","templated":true}]}}