{"id":15202,"date":"2025-06-12T07:00:07","date_gmt":"2025-06-12T10:00:07","guid":{"rendered":"https:\/\/rms-enlinea.com.ar\/tienda\/producto\/kit-nvs-2-camaras-ip-wifi-hikvision-4mp-easy-link\/"},"modified":"2026-02-18T19:47:33","modified_gmt":"2026-02-18T22:47:33","slug":"kit-nvs-2-camaras-ip-wifi-hikvision-4mp-easy-link","status":"publish","type":"product","link":"https:\/\/rms-enlinea.com.ar\/tienda\/producto\/kit-nvs-2-camaras-ip-wifi-hikvision-4mp-easy-link\/","title":{"rendered":"Kit Nvs + 2 Camaras Ip Wifi Hikvision 4mp Easy Link"},"content":{"rendered":"<p>El Kit Nvs + 2 C\u00e1maras IP Wifi Hikvision 4MP Easy Link es la soluci\u00f3n ideal para quienes buscan seguridad y tranquilidad en su hogar o negocio. Con una calidad de resoluci\u00f3n de 4MP y un tipo de resoluci\u00f3n 3K, estas c\u00e1maras ofrecen im\u00e1genes n\u00edtidas y detalladas, permitiendo una vigilancia efectiva tanto en interiores como en exteriores.<\/p>\n<p>Dise\u00f1adas para adaptarse a diversas locaciones, las c\u00e1maras pueden ser montadas en pared o techo, brindando flexibilidad en su instalaci\u00f3n. Su conectividad Wi-Fi y Ethernet asegura una f\u00e1cil integraci\u00f3n en cualquier red, mientras que su capacidad motorizada permite un ajuste din\u00e1mico del \u00e1ngulo de visi\u00f3n, garantizando una cobertura completa.<\/p>\n<p>La visi\u00f3n nocturna proporciona seguridad adicional en condiciones de poca luz, asegurando que su propiedad est\u00e9 protegida en todo momento. Con un di\u00e1metro de lente de 2,8 mm, estas c\u00e1maras son perfectas para monitorear \u00e1reas amplias sin perder detalle.<\/p>\n<p>El Kit Nvs + 2 C\u00e1maras IP Wifi Hikvision es la elecci\u00f3n perfecta para quienes valoran la seguridad y desean un sistema de vigilancia confiable y de alta calidad. Mejore su experiencia de monitoreo y mantenga su entorno seguro con esta avanzada tecnolog\u00eda de vigilancia.<\/p>\n","protected":false},"excerpt":{"rendered":"<p>El Kit Nvs + 2 C\u00e1maras IP Wifi Hikvision 4MP Easy Link es la soluci\u00f3n ideal para quienes buscan seguridad y tranquilidad en su hogar o negocio. Con una calidad de resoluci\u00f3n de 4MP y un tipo de resoluci\u00f3n 3K, estas c\u00e1maras ofrecen im\u00e1genes n\u00edtidas y detalladas, permitiendo una vigilancia efectiva tanto en interiores como [&hellip;]<\/p>\n","protected":false},"featured_media":15203,"comment_status":"open","ping_status":"closed","template":"","meta":{"_uag_custom_page_level_css":""},"product_brand":[473],"product_cat":[32],"product_tag":[],"class_list":{"0":"post-15202","1":"product","2":"type-product","3":"status-publish","4":"has-post-thumbnail","6":"product_brand-hikvision","7":"product_cat-seguridad","9":"first","10":"outofstock","11":"sale","12":"taxable","13":"shipping-taxable","14":"purchasable","15":"product-type-simple"},"uagb_featured_image_src":{"full":["https:\/\/rms-enlinea.com.ar\/wp-content\/uploads\/2025\/06\/D_658055-MLA83285846671_032025-F.jpg",803,847,false],"thumbnail":["https:\/\/rms-enlinea.com.ar\/wp-content\/uploads\/2025\/06\/D_658055-MLA83285846671_032025-F-150x150.jpg",150,150,true],"medium":["https:\/\/rms-enlinea.com.ar\/wp-content\/uploads\/2025\/06\/D_658055-MLA83285846671_032025-F-284x300.jpg",284,300,true],"medium_large":["https:\/\/rms-enlinea.com.ar\/wp-content\/uploads\/2025\/06\/D_658055-MLA83285846671_032025-F-768x810.jpg",768,810,true],"large":["https:\/\/rms-enlinea.com.ar\/wp-content\/uploads\/2025\/06\/D_658055-MLA83285846671_032025-F.jpg",803,847,false],"1536x1536":["https:\/\/rms-enlinea.com.ar\/wp-content\/uploads\/2025\/06\/D_658055-MLA83285846671_032025-F.jpg",803,847,false],"2048x2048":["https:\/\/rms-enlinea.com.ar\/wp-content\/uploads\/2025\/06\/D_658055-MLA83285846671_032025-F.jpg",803,847,false],"woocommerce_thumbnail":["https:\/\/rms-enlinea.com.ar\/wp-content\/uploads\/2025\/06\/D_658055-MLA83285846671_032025-F-450x450.jpg",450,450,true],"woocommerce_single":["https:\/\/rms-enlinea.com.ar\/wp-content\/uploads\/2025\/06\/D_658055-MLA83285846671_032025-F-600x633.jpg",600,633,true],"woocommerce_gallery_thumbnail":["https:\/\/rms-enlinea.com.ar\/wp-content\/uploads\/2025\/06\/D_658055-MLA83285846671_032025-F-100x100.jpg",100,100,true]},"uagb_author_info":{"display_name":"l0071054","author_link":"https:\/\/rms-enlinea.com.ar\/tienda\/author\/"},"uagb_comment_info":0,"uagb_excerpt":"El Kit Nvs + 2 C\u00e1maras IP Wifi Hikvision 4MP Easy Link es la soluci\u00f3n ideal para quienes buscan seguridad y tranquilidad en su hogar o negocio. Con una calidad de resoluci\u00f3n de 4MP y un tipo de resoluci\u00f3n 3K, estas c\u00e1maras ofrecen im\u00e1genes n\u00edtidas y detalladas, permitiendo una vigilancia efectiva tanto en interiores como&hellip;","_links":{"self":[{"href":"https:\/\/rms-enlinea.com.ar\/tienda\/wp-json\/wp\/v2\/product\/15202","targetHints":{"allow":["GET"]}}],"collection":[{"href":"https:\/\/rms-enlinea.com.ar\/tienda\/wp-json\/wp\/v2\/product"}],"about":[{"href":"https:\/\/rms-enlinea.com.ar\/tienda\/wp-json\/wp\/v2\/types\/product"}],"replies":[{"embeddable":true,"href":"https:\/\/rms-enlinea.com.ar\/tienda\/wp-json\/wp\/v2\/comments?post=15202"}],"wp:featuredmedia":[{"embeddable":true,"href":"https:\/\/rms-enlinea.com.ar\/tienda\/wp-json\/wp\/v2\/media\/15203"}],"wp:attachment":[{"href":"https:\/\/rms-enlinea.com.ar\/tienda\/wp-json\/wp\/v2\/media?parent=15202"}],"wp:term":[{"taxonomy":"product_brand","embeddable":true,"href":"https:\/\/rms-enlinea.com.ar\/tienda\/wp-json\/wp\/v2\/product_brand?post=15202"},{"taxonomy":"product_cat","embeddable":true,"href":"https:\/\/rms-enlinea.com.ar\/tienda\/wp-json\/wp\/v2\/product_cat?post=15202"},{"taxonomy":"product_tag","embeddable":true,"href":"https:\/\/rms-enlinea.com.ar\/tienda\/wp-json\/wp\/v2\/product_tag?post=15202"}],"curies":[{"name":"wp","href":"https:\/\/api.w.org\/{rel}","templated":true}]}}