{"id":15673,"date":"2025-06-12T07:10:43","date_gmt":"2025-06-12T10:10:43","guid":{"rendered":"https:\/\/rms-enlinea.com.ar\/tienda\/producto\/microfono-corbatero-inalambrico-vhf-skp-vhf-795\/"},"modified":"2026-04-06T12:47:14","modified_gmt":"2026-04-06T15:47:14","slug":"microfono-corbatero-inalambrico-vhf-skp-vhf-795","status":"publish","type":"product","link":"https:\/\/rms-enlinea.com.ar\/tienda\/producto\/microfono-corbatero-inalambrico-vhf-skp-vhf-795\/","title":{"rendered":"Microfono Corbatero Inalambrico Vhf Skp Vhf-795"},"content":{"rendered":"<p>TIPO DE PRODUCTO: MICROFONO CORBATERO<\/p>\n<p>RECEPTOR:<br \/>RELACI\u00d3N SE\u00d1AL \/ RUIDO:> 90DB<br \/>IMAGEN Y RECHAZO ESPURIO:> 80DB<br \/>SENSIBILIDAD DE RECEPCI\u00d3N: 10DBUV SINAD = 30DB<br \/>DE-\u00c9NFASIS: 50US<\/p>\n<p>MANEJO DE MICR\u00d3FONO:<\/p>\n<p>POTENCIA DEL TRANSMISOR: 8.5 MW<br \/>TIPO DE MODULACI\u00d3N: FM, F3F<br \/>DESVIACI\u00d3N M\u00c1XIMA: \u00b1 25 KHZ<br \/>EMISIONES ESPURIAS:> 40DB CON PORTADOR<br \/>USO CONTINUO: 6 HORAS.<\/p>\n<p>RENDIMIENTO INTEGRAL:<\/p>\n<p>FRECUENCIA PORTADORA: VHF 174 ~ 240MHZ (DEPENDE DE LA REGI\u00d3N)<br \/>ESTABILIZACI\u00d3N DE FRECUENCIA: <\u00b1 30PPM<br \/>RANGO DIN\u00c1MICO:> 90DB<br \/>DISTORSI\u00d3N ARM\u00d3NICA TOTAL: <0.5%<br \/>RESPUESTA DE FRECUENCIA: 40HZ-15KHZ \u00b1 3DB<br \/>NIVEL DE SALIDA DE AUDIO: \u00b1 400MV<\/p>\n","protected":false},"excerpt":{"rendered":"<p>TIPO DE PRODUCTO: MICROFONO CORBATERO RECEPTOR:RELACI\u00d3N SE\u00d1AL \/ RUIDO:> 90DBIMAGEN Y RECHAZO ESPURIO:> 80DBSENSIBILIDAD DE RECEPCI\u00d3N: 10DBUV SINAD = 30DBDE-\u00c9NFASIS: 50US MANEJO DE MICR\u00d3FONO: POTENCIA DEL TRANSMISOR: 8.5 MWTIPO DE MODULACI\u00d3N: FM, F3FDESVIACI\u00d3N M\u00c1XIMA: \u00b1 25 KHZEMISIONES ESPURIAS:> 40DB CON PORTADORUSO CONTINUO: 6 HORAS. RENDIMIENTO INTEGRAL: FRECUENCIA PORTADORA: VHF 174 ~ 240MHZ (DEPENDE DE LA [&hellip;]<\/p>\n","protected":false},"featured_media":15674,"comment_status":"open","ping_status":"closed","template":"","meta":{"_uag_custom_page_level_css":""},"product_brand":[],"product_cat":[75],"product_tag":[],"class_list":{"0":"post-15673","1":"product","2":"type-product","3":"status-publish","4":"has-post-thumbnail","6":"product_cat-microfonos","8":"first","9":"instock","10":"sale","11":"taxable","12":"shipping-taxable","13":"purchasable","14":"product-type-simple"},"uagb_featured_image_src":{"full":["https:\/\/rms-enlinea.com.ar\/wp-content\/uploads\/2025\/06\/D_667982-MLA28350664422_102018-F.jpg",1200,1200,false],"thumbnail":["https:\/\/rms-enlinea.com.ar\/wp-content\/uploads\/2025\/06\/D_667982-MLA28350664422_102018-F-150x150.jpg",150,150,true],"medium":["https:\/\/rms-enlinea.com.ar\/wp-content\/uploads\/2025\/06\/D_667982-MLA28350664422_102018-F-300x300.jpg",300,300,true],"medium_large":["https:\/\/rms-enlinea.com.ar\/wp-content\/uploads\/2025\/06\/D_667982-MLA28350664422_102018-F-768x768.jpg",768,768,true],"large":["https:\/\/rms-enlinea.com.ar\/wp-content\/uploads\/2025\/06\/D_667982-MLA28350664422_102018-F-1024x1024.jpg",1024,1024,true],"1536x1536":["https:\/\/rms-enlinea.com.ar\/wp-content\/uploads\/2025\/06\/D_667982-MLA28350664422_102018-F.jpg",1200,1200,false],"2048x2048":["https:\/\/rms-enlinea.com.ar\/wp-content\/uploads\/2025\/06\/D_667982-MLA28350664422_102018-F.jpg",1200,1200,false],"woocommerce_thumbnail":["https:\/\/rms-enlinea.com.ar\/wp-content\/uploads\/2025\/06\/D_667982-MLA28350664422_102018-F-450x450.jpg",450,450,true],"woocommerce_single":["https:\/\/rms-enlinea.com.ar\/wp-content\/uploads\/2025\/06\/D_667982-MLA28350664422_102018-F-600x600.jpg",600,600,true],"woocommerce_gallery_thumbnail":["https:\/\/rms-enlinea.com.ar\/wp-content\/uploads\/2025\/06\/D_667982-MLA28350664422_102018-F-100x100.jpg",100,100,true]},"uagb_author_info":{"display_name":"l0071054","author_link":"https:\/\/rms-enlinea.com.ar\/tienda\/author\/"},"uagb_comment_info":0,"uagb_excerpt":"TIPO DE PRODUCTO: MICROFONO CORBATERO RECEPTOR:RELACI\u00d3N SE\u00d1AL \/ RUIDO:> 90DBIMAGEN Y RECHAZO ESPURIO:> 80DBSENSIBILIDAD DE RECEPCI\u00d3N: 10DBUV SINAD = 30DBDE-\u00c9NFASIS: 50US MANEJO DE MICR\u00d3FONO: POTENCIA DEL TRANSMISOR: 8.5 MWTIPO DE MODULACI\u00d3N: FM, F3FDESVIACI\u00d3N M\u00c1XIMA: \u00b1 25 KHZEMISIONES ESPURIAS:> 40DB CON PORTADORUSO CONTINUO: 6 HORAS. RENDIMIENTO INTEGRAL: FRECUENCIA PORTADORA: VHF 174 ~ 240MHZ (DEPENDE DE LA&hellip;","_links":{"self":[{"href":"https:\/\/rms-enlinea.com.ar\/tienda\/wp-json\/wp\/v2\/product\/15673","targetHints":{"allow":["GET"]}}],"collection":[{"href":"https:\/\/rms-enlinea.com.ar\/tienda\/wp-json\/wp\/v2\/product"}],"about":[{"href":"https:\/\/rms-enlinea.com.ar\/tienda\/wp-json\/wp\/v2\/types\/product"}],"replies":[{"embeddable":true,"href":"https:\/\/rms-enlinea.com.ar\/tienda\/wp-json\/wp\/v2\/comments?post=15673"}],"wp:featuredmedia":[{"embeddable":true,"href":"https:\/\/rms-enlinea.com.ar\/tienda\/wp-json\/wp\/v2\/media\/15674"}],"wp:attachment":[{"href":"https:\/\/rms-enlinea.com.ar\/tienda\/wp-json\/wp\/v2\/media?parent=15673"}],"wp:term":[{"taxonomy":"product_brand","embeddable":true,"href":"https:\/\/rms-enlinea.com.ar\/tienda\/wp-json\/wp\/v2\/product_brand?post=15673"},{"taxonomy":"product_cat","embeddable":true,"href":"https:\/\/rms-enlinea.com.ar\/tienda\/wp-json\/wp\/v2\/product_cat?post=15673"},{"taxonomy":"product_tag","embeddable":true,"href":"https:\/\/rms-enlinea.com.ar\/tienda\/wp-json\/wp\/v2\/product_tag?post=15673"}],"curies":[{"name":"wp","href":"https:\/\/api.w.org\/{rel}","templated":true}]}}