{"id":16021,"date":"2025-06-12T07:18:33","date_gmt":"2025-06-12T10:18:33","guid":{"rendered":"https:\/\/rms-enlinea.com.ar\/tienda\/producto\/microfono-razer-seiren-v3-chroma-rgb-usb-white-edition\/"},"modified":"2026-04-21T04:24:30","modified_gmt":"2026-04-21T07:24:30","slug":"microfono-razer-seiren-v3-chroma-rgb-usb-white-edition","status":"publish","type":"product","link":"https:\/\/rms-enlinea.com.ar\/tienda\/producto\/microfono-razer-seiren-v3-chroma-rgb-usb-white-edition\/","title":{"rendered":"Microfono Razer Seiren V3 Chroma Rgb Usb White Edition"},"content":{"rendered":"<p>Frecuencia de muestreo<br \/>96 kHz<br \/>Tasa de bits\t24 bits<br \/>C\u00e1psulas\tC\u00e1psula de condensador de 16 mm<br \/>Patrones polares\tSupercardioide<br \/>Respuesta de frecuencia<br \/>20 Hz &#8211; 20 kHz<br \/>Potencia requerida\t5 V \/ 500 mA<br \/>Sensibilidad\t-34 dB (1 V\/Pa a 1 kHz)<br \/>Presi\u00f3n sonora m\u00e1xima\t110dB<br \/>Impedancia\tNinguno<br \/>Potencia de salida\tNinguno<br \/>Distorsi\u00f3n arm\u00f3nica total\tNinguno<br \/>Relaci\u00f3n se\u00f1al-ruido\t96 dB (ponderado A)<br \/>Tipo de conexi\u00f3n\tCable USB tipo A a tipo C<br \/>Otros\tNinguno<\/p>\n","protected":false},"excerpt":{"rendered":"<p>Frecuencia de muestreo96 kHzTasa de bits 24 bitsC\u00e1psulas C\u00e1psula de condensador de 16 mmPatrones polares SupercardioideRespuesta de frecuencia20 Hz &#8211; 20 kHzPotencia requerida 5 V \/ 500 mASensibilidad -34 dB (1 V\/Pa a 1 kHz)Presi\u00f3n sonora m\u00e1xima 110dBImpedancia NingunoPotencia de salida NingunoDistorsi\u00f3n arm\u00f3nica total NingunoRelaci\u00f3n se\u00f1al-ruido 96 dB (ponderado A)Tipo de conexi\u00f3n Cable USB tipo [&hellip;]<\/p>\n","protected":false},"featured_media":14715,"comment_status":"open","ping_status":"closed","template":"","meta":{"_uag_custom_page_level_css":""},"product_brand":[559],"product_cat":[113],"product_tag":[],"class_list":{"0":"post-16021","1":"product","2":"type-product","3":"status-publish","4":"has-post-thumbnail","6":"product_brand-razer","7":"product_cat-microfonos-computacion","9":"first","10":"outofstock","11":"sale","12":"taxable","13":"shipping-taxable","14":"purchasable","15":"product-type-simple"},"uagb_featured_image_src":{"full":["https:\/\/rms-enlinea.com.ar\/wp-content\/uploads\/2025\/06\/D_798157-MLU77682712760_072024-F.jpg",515,1199,false],"thumbnail":["https:\/\/rms-enlinea.com.ar\/wp-content\/uploads\/2025\/06\/D_798157-MLU77682712760_072024-F-150x150.jpg",150,150,true],"medium":["https:\/\/rms-enlinea.com.ar\/wp-content\/uploads\/2025\/06\/D_798157-MLU77682712760_072024-F-129x300.jpg",129,300,true],"medium_large":["https:\/\/rms-enlinea.com.ar\/wp-content\/uploads\/2025\/06\/D_798157-MLU77682712760_072024-F.jpg",515,1199,false],"large":["https:\/\/rms-enlinea.com.ar\/wp-content\/uploads\/2025\/06\/D_798157-MLU77682712760_072024-F-440x1024.jpg",440,1024,true],"1536x1536":["https:\/\/rms-enlinea.com.ar\/wp-content\/uploads\/2025\/06\/D_798157-MLU77682712760_072024-F.jpg",515,1199,false],"2048x2048":["https:\/\/rms-enlinea.com.ar\/wp-content\/uploads\/2025\/06\/D_798157-MLU77682712760_072024-F.jpg",515,1199,false],"woocommerce_thumbnail":["https:\/\/rms-enlinea.com.ar\/wp-content\/uploads\/2025\/06\/D_798157-MLU77682712760_072024-F-450x450.jpg",450,450,true],"woocommerce_single":["https:\/\/rms-enlinea.com.ar\/wp-content\/uploads\/2025\/06\/D_798157-MLU77682712760_072024-F.jpg",515,1199,false],"woocommerce_gallery_thumbnail":["https:\/\/rms-enlinea.com.ar\/wp-content\/uploads\/2025\/06\/D_798157-MLU77682712760_072024-F-100x100.jpg",100,100,true]},"uagb_author_info":{"display_name":"l0071054","author_link":"https:\/\/rms-enlinea.com.ar\/tienda\/author\/"},"uagb_comment_info":0,"uagb_excerpt":"Frecuencia de muestreo96 kHzTasa de bits 24 bitsC\u00e1psulas C\u00e1psula de condensador de 16 mmPatrones polares SupercardioideRespuesta de frecuencia20 Hz &#8211; 20 kHzPotencia requerida 5 V \/ 500 mASensibilidad -34 dB (1 V\/Pa a 1 kHz)Presi\u00f3n sonora m\u00e1xima 110dBImpedancia NingunoPotencia de salida NingunoDistorsi\u00f3n arm\u00f3nica total NingunoRelaci\u00f3n se\u00f1al-ruido 96 dB (ponderado A)Tipo de conexi\u00f3n Cable USB tipo&hellip;","_links":{"self":[{"href":"https:\/\/rms-enlinea.com.ar\/tienda\/wp-json\/wp\/v2\/product\/16021","targetHints":{"allow":["GET"]}}],"collection":[{"href":"https:\/\/rms-enlinea.com.ar\/tienda\/wp-json\/wp\/v2\/product"}],"about":[{"href":"https:\/\/rms-enlinea.com.ar\/tienda\/wp-json\/wp\/v2\/types\/product"}],"replies":[{"embeddable":true,"href":"https:\/\/rms-enlinea.com.ar\/tienda\/wp-json\/wp\/v2\/comments?post=16021"}],"wp:featuredmedia":[{"embeddable":true,"href":"https:\/\/rms-enlinea.com.ar\/tienda\/wp-json\/wp\/v2\/media\/14715"}],"wp:attachment":[{"href":"https:\/\/rms-enlinea.com.ar\/tienda\/wp-json\/wp\/v2\/media?parent=16021"}],"wp:term":[{"taxonomy":"product_brand","embeddable":true,"href":"https:\/\/rms-enlinea.com.ar\/tienda\/wp-json\/wp\/v2\/product_brand?post=16021"},{"taxonomy":"product_cat","embeddable":true,"href":"https:\/\/rms-enlinea.com.ar\/tienda\/wp-json\/wp\/v2\/product_cat?post=16021"},{"taxonomy":"product_tag","embeddable":true,"href":"https:\/\/rms-enlinea.com.ar\/tienda\/wp-json\/wp\/v2\/product_tag?post=16021"}],"curies":[{"name":"wp","href":"https:\/\/api.w.org\/{rel}","templated":true}]}}