{"id":16032,"date":"2025-06-12T07:18:56","date_gmt":"2025-06-12T10:18:56","guid":{"rendered":"https:\/\/rms-enlinea.com.ar\/tienda\/producto\/auricular-inalambrico-gamer-razer-blackshark-v2-hyperspeed\/"},"modified":"2026-04-21T05:17:59","modified_gmt":"2026-04-21T08:17:59","slug":"auricular-inalambrico-gamer-razer-blackshark-v2-hyperspeed","status":"publish","type":"product","link":"https:\/\/rms-enlinea.com.ar\/tienda\/producto\/auricular-inalambrico-gamer-razer-blackshark-v2-hyperspeed\/","title":{"rendered":"Auricular Inalambrico Gamer Razer Blackshark V2 Hyperspeed"},"content":{"rendered":"<p>Respuesta de frecuencia<br \/>12 Hz \u2013 28 kHz<br \/>Impedancia\t32 ohmios<br \/>Sensibilidad\t100 dBSPL\/mW a 1 kHz por HATS<br \/>Tipo de controlador\tControlador din\u00e1mico personalizado de 50 mm<br \/>Auriculares<br \/>Almohadillas para los o\u00eddos ovaladas<br \/>Di\u00e1metro interior del auricular\t62 mm x 42 mm \/ 2,44 x 1,65 pulgadas<br \/>Material de las almohadillas para los o\u00eddos\tCojines de espuma viscoel\u00e1stica transpirables<br \/>Cancelaci\u00f3n de ruido\tAislamiento pasivo avanzado del ruido<br \/>Tipo de conexi\u00f3n\t2,4 GHz inal\u00e1mbrico o Bluetooth o USB<br \/>Longitud del cable\t1,8 m\/5,91 pies<br \/>Peso aproximado\tAprox. 280 g\/0,61 libras<br \/>Estilo de micr\u00f3fono\tMicr\u00f3fono de banda s\u00faper ancha Razer\u2122 HyperClear<br \/>Patr\u00f3n de recogida\tUnidireccional<br \/>Respuesta de frecuencia del micr\u00f3fono\t100 Hz \u2013 10 kHz<br \/>Sensibilidad del micr\u00f3fono (@1kHz)\t-42 \u00b1 3 dBV\/PA, 1 kHz<br \/>Codificaci\u00f3n de sonido envolvente virtual\tAudio espacial THX\u00ae<br \/>Control de volumen\tPerilla para subir y bajar el volumen<br \/>Otros controles\tPerilla para subir y bajar el volumen<br \/> \tActivaci\u00f3n y desactivaci\u00f3n del silencio del micr\u00f3fono<br \/> \tBot\u00f3n Razer SmartSwitch<\/p>\n","protected":false},"excerpt":{"rendered":"<p>Respuesta de frecuencia12 Hz \u2013 28 kHzImpedancia 32 ohmiosSensibilidad 100 dBSPL\/mW a 1 kHz por HATSTipo de controlador Controlador din\u00e1mico personalizado de 50 mmAuricularesAlmohadillas para los o\u00eddos ovaladasDi\u00e1metro interior del auricular 62 mm x 42 mm \/ 2,44 x 1,65 pulgadasMaterial de las almohadillas para los o\u00eddos Cojines de espuma viscoel\u00e1stica transpirablesCancelaci\u00f3n de ruido Aislamiento [&hellip;]<\/p>\n","protected":false},"featured_media":16033,"comment_status":"open","ping_status":"closed","template":"","meta":{"_uag_custom_page_level_css":""},"product_brand":[559],"product_cat":[99],"product_tag":[],"class_list":{"0":"post-16032","1":"product","2":"type-product","3":"status-publish","4":"has-post-thumbnail","6":"product_brand-razer","7":"product_cat-auriculares-computacion","9":"first","10":"outofstock","11":"sale","12":"taxable","13":"shipping-taxable","14":"purchasable","15":"product-type-simple"},"uagb_featured_image_src":{"full":["https:\/\/rms-enlinea.com.ar\/wp-content\/uploads\/2025\/06\/D_989323-MLA80362738773_102024-F.jpg",576,515,false],"thumbnail":["https:\/\/rms-enlinea.com.ar\/wp-content\/uploads\/2025\/06\/D_989323-MLA80362738773_102024-F-150x150.jpg",150,150,true],"medium":["https:\/\/rms-enlinea.com.ar\/wp-content\/uploads\/2025\/06\/D_989323-MLA80362738773_102024-F-300x268.jpg",300,268,true],"medium_large":["https:\/\/rms-enlinea.com.ar\/wp-content\/uploads\/2025\/06\/D_989323-MLA80362738773_102024-F.jpg",576,515,false],"large":["https:\/\/rms-enlinea.com.ar\/wp-content\/uploads\/2025\/06\/D_989323-MLA80362738773_102024-F.jpg",576,515,false],"1536x1536":["https:\/\/rms-enlinea.com.ar\/wp-content\/uploads\/2025\/06\/D_989323-MLA80362738773_102024-F.jpg",576,515,false],"2048x2048":["https:\/\/rms-enlinea.com.ar\/wp-content\/uploads\/2025\/06\/D_989323-MLA80362738773_102024-F.jpg",576,515,false],"woocommerce_thumbnail":["https:\/\/rms-enlinea.com.ar\/wp-content\/uploads\/2025\/06\/D_989323-MLA80362738773_102024-F-450x450.jpg",450,450,true],"woocommerce_single":["https:\/\/rms-enlinea.com.ar\/wp-content\/uploads\/2025\/06\/D_989323-MLA80362738773_102024-F.jpg",576,515,false],"woocommerce_gallery_thumbnail":["https:\/\/rms-enlinea.com.ar\/wp-content\/uploads\/2025\/06\/D_989323-MLA80362738773_102024-F-100x100.jpg",100,100,true]},"uagb_author_info":{"display_name":"l0071054","author_link":"https:\/\/rms-enlinea.com.ar\/tienda\/author\/"},"uagb_comment_info":0,"uagb_excerpt":"Respuesta de frecuencia12 Hz \u2013 28 kHzImpedancia 32 ohmiosSensibilidad 100 dBSPL\/mW a 1 kHz por HATSTipo de controlador Controlador din\u00e1mico personalizado de 50 mmAuricularesAlmohadillas para los o\u00eddos ovaladasDi\u00e1metro interior del auricular 62 mm x 42 mm \/ 2,44 x 1,65 pulgadasMaterial de las almohadillas para los o\u00eddos Cojines de espuma viscoel\u00e1stica transpirablesCancelaci\u00f3n de ruido Aislamiento&hellip;","_links":{"self":[{"href":"https:\/\/rms-enlinea.com.ar\/tienda\/wp-json\/wp\/v2\/product\/16032","targetHints":{"allow":["GET"]}}],"collection":[{"href":"https:\/\/rms-enlinea.com.ar\/tienda\/wp-json\/wp\/v2\/product"}],"about":[{"href":"https:\/\/rms-enlinea.com.ar\/tienda\/wp-json\/wp\/v2\/types\/product"}],"replies":[{"embeddable":true,"href":"https:\/\/rms-enlinea.com.ar\/tienda\/wp-json\/wp\/v2\/comments?post=16032"}],"wp:featuredmedia":[{"embeddable":true,"href":"https:\/\/rms-enlinea.com.ar\/tienda\/wp-json\/wp\/v2\/media\/16033"}],"wp:attachment":[{"href":"https:\/\/rms-enlinea.com.ar\/tienda\/wp-json\/wp\/v2\/media?parent=16032"}],"wp:term":[{"taxonomy":"product_brand","embeddable":true,"href":"https:\/\/rms-enlinea.com.ar\/tienda\/wp-json\/wp\/v2\/product_brand?post=16032"},{"taxonomy":"product_cat","embeddable":true,"href":"https:\/\/rms-enlinea.com.ar\/tienda\/wp-json\/wp\/v2\/product_cat?post=16032"},{"taxonomy":"product_tag","embeddable":true,"href":"https:\/\/rms-enlinea.com.ar\/tienda\/wp-json\/wp\/v2\/product_tag?post=16032"}],"curies":[{"name":"wp","href":"https:\/\/api.w.org\/{rel}","templated":true}]}}