{"id":16163,"date":"2025-06-12T07:22:05","date_gmt":"2025-06-12T10:22:05","guid":{"rendered":"https:\/\/rms-enlinea.com.ar\/tienda\/producto\/base-para-notebook-trust-kuzo-cooler-iluminado-gxt-220\/"},"modified":"2026-04-06T13:54:53","modified_gmt":"2026-04-06T16:54:53","slug":"base-para-notebook-trust-kuzo-cooler-iluminado-gxt-220","status":"publish","type":"product","link":"https:\/\/rms-enlinea.com.ar\/tienda\/producto\/base-para-notebook-trust-kuzo-cooler-iluminado-gxt-220\/","title":{"rendered":"Base Para Notebook Trust Kuzo Cooler Iluminado Gxt 220"},"content":{"rendered":"<p>Marca<\/p>\n<p>Trust<br \/>\nCantidad de ventiladores<\/p>\n<p>4<br \/>\nEs gamer<\/p>\n<p>S\u00ed<br \/>\nL\u00ednea<\/p>\n<p>Gamer<br \/>\nTama\u00f1o m\u00e1ximo de la notebook o netbook<\/p>\n<p>3678015 &#8221;<br \/>\nModelo<\/p>\n<p>GXT 278<br \/>\nCantidad de puertos USB<\/p>\n<p>1<br \/>\nMarca<\/p>\n<p>Trust<br \/>\nCantidad de ventiladores<\/p>\n<p>1<br \/>\nEs gamer<\/p>\n<p>S\u00ed<br \/>\nL\u00ednea<\/p>\n<p>Kuzo<br \/>\nTama\u00f1o m\u00e1ximo de la notebook o netbook<\/p>\n<p>17 &#8221;<br \/>\nModelo<\/p>\n<p>GXT 220<br \/>\nCantidad de puertos USB<\/p>\n<p>1<br \/>\nMarca<\/p>\n<p>Trust<br \/>\nCantidad de ventiladores<\/p>\n<p>1<br \/>\nEs gamer<\/p>\n<p>S\u00ed<br \/>\nL\u00ednea<\/p>\n<p>Kuzo<br \/>\nTama\u00f1o m\u00e1ximo de la notebook o netbook<\/p>\n<p>17.3 &#8221;<br \/>\nModelo<\/p>\n<p>GXT 220<br \/>\nCantidad de puertos USB<\/p>\n<p>1<\/p>\n","protected":false},"excerpt":{"rendered":"<p>Marca Trust Cantidad de ventiladores 4 Es gamer S\u00ed L\u00ednea Gamer Tama\u00f1o m\u00e1ximo de la notebook o netbook 3678015 &#8221; Modelo GXT 278 Cantidad de puertos USB 1 Marca Trust Cantidad de ventiladores 1 Es gamer S\u00ed L\u00ednea Kuzo Tama\u00f1o m\u00e1ximo de la notebook o netbook 17 &#8221; Modelo GXT 220 Cantidad de puertos USB [&hellip;]<\/p>\n","protected":false},"featured_media":16164,"comment_status":"open","ping_status":"closed","template":"","meta":{"_uag_custom_page_level_css":""},"product_brand":[542],"product_cat":[116],"product_tag":[],"class_list":{"0":"post-16163","1":"product","2":"type-product","3":"status-publish","4":"has-post-thumbnail","6":"product_brand-trustgaming","7":"product_cat-notebooks-y-tablet","9":"first","10":"outofstock","11":"sale","12":"taxable","13":"shipping-taxable","14":"purchasable","15":"product-type-simple"},"uagb_featured_image_src":{"full":["https:\/\/rms-enlinea.com.ar\/wp-content\/uploads\/2025\/06\/D_911385-MLU72736576310_112023-F.jpg",960,774,false],"thumbnail":["https:\/\/rms-enlinea.com.ar\/wp-content\/uploads\/2025\/06\/D_911385-MLU72736576310_112023-F-150x150.jpg",150,150,true],"medium":["https:\/\/rms-enlinea.com.ar\/wp-content\/uploads\/2025\/06\/D_911385-MLU72736576310_112023-F-300x242.jpg",300,242,true],"medium_large":["https:\/\/rms-enlinea.com.ar\/wp-content\/uploads\/2025\/06\/D_911385-MLU72736576310_112023-F-768x619.jpg",768,619,true],"large":["https:\/\/rms-enlinea.com.ar\/wp-content\/uploads\/2025\/06\/D_911385-MLU72736576310_112023-F.jpg",960,774,false],"1536x1536":["https:\/\/rms-enlinea.com.ar\/wp-content\/uploads\/2025\/06\/D_911385-MLU72736576310_112023-F.jpg",960,774,false],"2048x2048":["https:\/\/rms-enlinea.com.ar\/wp-content\/uploads\/2025\/06\/D_911385-MLU72736576310_112023-F.jpg",960,774,false],"woocommerce_thumbnail":["https:\/\/rms-enlinea.com.ar\/wp-content\/uploads\/2025\/06\/D_911385-MLU72736576310_112023-F-450x450.jpg",450,450,true],"woocommerce_single":["https:\/\/rms-enlinea.com.ar\/wp-content\/uploads\/2025\/06\/D_911385-MLU72736576310_112023-F-600x484.jpg",600,484,true],"woocommerce_gallery_thumbnail":["https:\/\/rms-enlinea.com.ar\/wp-content\/uploads\/2025\/06\/D_911385-MLU72736576310_112023-F-100x100.jpg",100,100,true]},"uagb_author_info":{"display_name":"l0071054","author_link":"https:\/\/rms-enlinea.com.ar\/tienda\/author\/"},"uagb_comment_info":0,"uagb_excerpt":"Marca Trust Cantidad de ventiladores 4 Es gamer S\u00ed L\u00ednea Gamer Tama\u00f1o m\u00e1ximo de la notebook o netbook 3678015 &#8221; Modelo GXT 278 Cantidad de puertos USB 1 Marca Trust Cantidad de ventiladores 1 Es gamer S\u00ed L\u00ednea Kuzo Tama\u00f1o m\u00e1ximo de la notebook o netbook 17 &#8221; Modelo GXT 220 Cantidad de puertos USB&hellip;","_links":{"self":[{"href":"https:\/\/rms-enlinea.com.ar\/tienda\/wp-json\/wp\/v2\/product\/16163","targetHints":{"allow":["GET"]}}],"collection":[{"href":"https:\/\/rms-enlinea.com.ar\/tienda\/wp-json\/wp\/v2\/product"}],"about":[{"href":"https:\/\/rms-enlinea.com.ar\/tienda\/wp-json\/wp\/v2\/types\/product"}],"replies":[{"embeddable":true,"href":"https:\/\/rms-enlinea.com.ar\/tienda\/wp-json\/wp\/v2\/comments?post=16163"}],"wp:featuredmedia":[{"embeddable":true,"href":"https:\/\/rms-enlinea.com.ar\/tienda\/wp-json\/wp\/v2\/media\/16164"}],"wp:attachment":[{"href":"https:\/\/rms-enlinea.com.ar\/tienda\/wp-json\/wp\/v2\/media?parent=16163"}],"wp:term":[{"taxonomy":"product_brand","embeddable":true,"href":"https:\/\/rms-enlinea.com.ar\/tienda\/wp-json\/wp\/v2\/product_brand?post=16163"},{"taxonomy":"product_cat","embeddable":true,"href":"https:\/\/rms-enlinea.com.ar\/tienda\/wp-json\/wp\/v2\/product_cat?post=16163"},{"taxonomy":"product_tag","embeddable":true,"href":"https:\/\/rms-enlinea.com.ar\/tienda\/wp-json\/wp\/v2\/product_tag?post=16163"}],"curies":[{"name":"wp","href":"https:\/\/api.w.org\/{rel}","templated":true}]}}