{"id":16221,"date":"2025-06-12T07:23:27","date_gmt":"2025-06-12T10:23:27","guid":{"rendered":"https:\/\/rms-enlinea.com.ar\/tienda\/producto\/monitor-29-lg-29wq600-w-ultra-wide-wfhd-led-plano\/"},"modified":"2026-04-21T04:28:02","modified_gmt":"2026-04-21T07:28:02","slug":"monitor-29-lg-29wq600-w-ultra-wide-wfhd-led-plano","status":"publish","type":"product","link":"https:\/\/rms-enlinea.com.ar\/tienda\/producto\/monitor-29-lg-29wq600-w-ultra-wide-wfhd-led-plano\/","title":{"rendered":"Monitor 29 LG 29wq600-w Ultra Wide Wfhd Led Plano"},"content":{"rendered":"<p>Tama\u00f1o (pulgadas)\t29&#8243;<br \/>Tama\u00f1o (cm)\t73 cm<br \/>Resoluci\u00f3n\t2560 x1080 (WFHD)<br \/>Tipo de panel\tIPS<br \/>Ratio de Aspecto\t21:09<br \/>Panel Multi\tLGD Module<br \/>Tecnolog\u00eda Retroiluminaci\u00f3n\tLED<br \/>Tipo Retroiluminaci\u00f3n\tEdge<\/p>\n","protected":false},"excerpt":{"rendered":"<p>Tama\u00f1o (pulgadas) 29&#8243;Tama\u00f1o (cm) 73 cmResoluci\u00f3n 2560 x1080 (WFHD)Tipo de panel IPSRatio de Aspecto 21:09Panel Multi LGD ModuleTecnolog\u00eda Retroiluminaci\u00f3n LEDTipo Retroiluminaci\u00f3n Edge<\/p>\n","protected":false},"featured_media":16222,"comment_status":"open","ping_status":"closed","template":"","meta":{"_uag_custom_page_level_css":""},"product_brand":[551],"product_cat":[114],"product_tag":[],"class_list":{"0":"post-16221","1":"product","2":"type-product","3":"status-publish","4":"has-post-thumbnail","6":"product_brand-lg","7":"product_cat-monitores","9":"first","10":"outofstock","11":"sale","12":"taxable","13":"shipping-taxable","14":"purchasable","15":"product-type-simple"},"uagb_featured_image_src":{"full":["https:\/\/rms-enlinea.com.ar\/wp-content\/uploads\/2025\/06\/D_896199-MLA81706360510_012025-F.jpg",1200,723,false],"thumbnail":["https:\/\/rms-enlinea.com.ar\/wp-content\/uploads\/2025\/06\/D_896199-MLA81706360510_012025-F-150x150.jpg",150,150,true],"medium":["https:\/\/rms-enlinea.com.ar\/wp-content\/uploads\/2025\/06\/D_896199-MLA81706360510_012025-F-300x181.jpg",300,181,true],"medium_large":["https:\/\/rms-enlinea.com.ar\/wp-content\/uploads\/2025\/06\/D_896199-MLA81706360510_012025-F-768x463.jpg",768,463,true],"large":["https:\/\/rms-enlinea.com.ar\/wp-content\/uploads\/2025\/06\/D_896199-MLA81706360510_012025-F-1024x617.jpg",1024,617,true],"1536x1536":["https:\/\/rms-enlinea.com.ar\/wp-content\/uploads\/2025\/06\/D_896199-MLA81706360510_012025-F.jpg",1200,723,false],"2048x2048":["https:\/\/rms-enlinea.com.ar\/wp-content\/uploads\/2025\/06\/D_896199-MLA81706360510_012025-F.jpg",1200,723,false],"woocommerce_thumbnail":["https:\/\/rms-enlinea.com.ar\/wp-content\/uploads\/2025\/06\/D_896199-MLA81706360510_012025-F-450x450.jpg",450,450,true],"woocommerce_single":["https:\/\/rms-enlinea.com.ar\/wp-content\/uploads\/2025\/06\/D_896199-MLA81706360510_012025-F-600x362.jpg",600,362,true],"woocommerce_gallery_thumbnail":["https:\/\/rms-enlinea.com.ar\/wp-content\/uploads\/2025\/06\/D_896199-MLA81706360510_012025-F-100x100.jpg",100,100,true]},"uagb_author_info":{"display_name":"l0071054","author_link":"https:\/\/rms-enlinea.com.ar\/tienda\/author\/"},"uagb_comment_info":0,"uagb_excerpt":"Tama\u00f1o (pulgadas) 29&#8243;Tama\u00f1o (cm) 73 cmResoluci\u00f3n 2560 x1080 (WFHD)Tipo de panel IPSRatio de Aspecto 21:09Panel Multi LGD ModuleTecnolog\u00eda Retroiluminaci\u00f3n LEDTipo Retroiluminaci\u00f3n Edge","_links":{"self":[{"href":"https:\/\/rms-enlinea.com.ar\/tienda\/wp-json\/wp\/v2\/product\/16221","targetHints":{"allow":["GET"]}}],"collection":[{"href":"https:\/\/rms-enlinea.com.ar\/tienda\/wp-json\/wp\/v2\/product"}],"about":[{"href":"https:\/\/rms-enlinea.com.ar\/tienda\/wp-json\/wp\/v2\/types\/product"}],"replies":[{"embeddable":true,"href":"https:\/\/rms-enlinea.com.ar\/tienda\/wp-json\/wp\/v2\/comments?post=16221"}],"wp:featuredmedia":[{"embeddable":true,"href":"https:\/\/rms-enlinea.com.ar\/tienda\/wp-json\/wp\/v2\/media\/16222"}],"wp:attachment":[{"href":"https:\/\/rms-enlinea.com.ar\/tienda\/wp-json\/wp\/v2\/media?parent=16221"}],"wp:term":[{"taxonomy":"product_brand","embeddable":true,"href":"https:\/\/rms-enlinea.com.ar\/tienda\/wp-json\/wp\/v2\/product_brand?post=16221"},{"taxonomy":"product_cat","embeddable":true,"href":"https:\/\/rms-enlinea.com.ar\/tienda\/wp-json\/wp\/v2\/product_cat?post=16221"},{"taxonomy":"product_tag","embeddable":true,"href":"https:\/\/rms-enlinea.com.ar\/tienda\/wp-json\/wp\/v2\/product_tag?post=16221"}],"curies":[{"name":"wp","href":"https:\/\/api.w.org\/{rel}","templated":true}]}}