{"id":16297,"date":"2025-06-12T07:24:59","date_gmt":"2025-06-12T10:24:59","guid":{"rendered":"https:\/\/rms-enlinea.com.ar\/tienda\/producto\/teclado-inalambrico-bluetooth-logitech-k650-920-010964\/"},"modified":"2026-04-21T05:27:31","modified_gmt":"2026-04-21T08:27:31","slug":"teclado-inalambrico-bluetooth-logitech-k650-920-010964","status":"publish","type":"product","link":"https:\/\/rms-enlinea.com.ar\/tienda\/producto\/teclado-inalambrico-bluetooth-logitech-k650-920-010964\/","title":{"rendered":"Teclado Inalambrico Bluetooth Logitech K650 920-010964"},"content":{"rendered":"<p>Especificaciones t\u00e9cnicas<br \/>Tipo de conexi\u00f3n<\/p>\n<p>Tecnolog\u00eda inal\u00e1mbrica Bluetooth\u00ae de bajo consumo (Bluetooth 5.1) o receptor USB Logi Bolt.<\/p>\n<p>Radio de acci\u00f3n inal\u00e1mbrico: 10 m <\/p>\n<p>Bater\u00eda<\/p>\n<p>Duraci\u00f3n de bater\u00edas: 36 meses Indicador luminoso<br \/>Indicadores luminosos: bloqueo de may\u00fasculas, tecla de conexi\u00f3n y estado de bater\u00edas<br \/>Software opcional<\/p>\n<p>Compatible con Logi Options+ en macOS 10.15 o posteriores y Windows 10, Windows 11 o posteriores<br \/>Sostenibilidad<\/p>\n<p>Pl\u00e1stico en grafito: 28% de material reciclado posconsumo<\/p>\n<p>Pl\u00e1stico en blanco crudo: 21% de material reciclado posconsumo <\/p>\n<p>Con certificaci\u00f3n Carbon Neutral<\/p>\n","protected":false},"excerpt":{"rendered":"<p>Especificaciones t\u00e9cnicasTipo de conexi\u00f3n Tecnolog\u00eda inal\u00e1mbrica Bluetooth\u00ae de bajo consumo (Bluetooth 5.1) o receptor USB Logi Bolt. Radio de acci\u00f3n inal\u00e1mbrico: 10 m Bater\u00eda Duraci\u00f3n de bater\u00edas: 36 meses Indicador luminosoIndicadores luminosos: bloqueo de may\u00fasculas, tecla de conexi\u00f3n y estado de bater\u00edasSoftware opcional Compatible con Logi Options+ en macOS 10.15 o posteriores y Windows 10, [&hellip;]<\/p>\n","protected":false},"featured_media":16298,"comment_status":"open","ping_status":"closed","template":"","meta":{"_uag_custom_page_level_css":""},"product_brand":[549],"product_cat":[125],"product_tag":[],"class_list":{"0":"post-16297","1":"product","2":"type-product","3":"status-publish","4":"has-post-thumbnail","6":"product_brand-logitech","7":"product_cat-teclados-y-mouses","9":"first","10":"outofstock","11":"sale","12":"taxable","13":"shipping-taxable","14":"purchasable","15":"product-type-simple"},"uagb_featured_image_src":{"full":["https:\/\/rms-enlinea.com.ar\/wp-content\/uploads\/2025\/06\/D_707969-MLB74227165811_012024-F.jpg",1038,436,false],"thumbnail":["https:\/\/rms-enlinea.com.ar\/wp-content\/uploads\/2025\/06\/D_707969-MLB74227165811_012024-F-150x150.jpg",150,150,true],"medium":["https:\/\/rms-enlinea.com.ar\/wp-content\/uploads\/2025\/06\/D_707969-MLB74227165811_012024-F-300x126.jpg",300,126,true],"medium_large":["https:\/\/rms-enlinea.com.ar\/wp-content\/uploads\/2025\/06\/D_707969-MLB74227165811_012024-F-768x323.jpg",768,323,true],"large":["https:\/\/rms-enlinea.com.ar\/wp-content\/uploads\/2025\/06\/D_707969-MLB74227165811_012024-F-1024x430.jpg",1024,430,true],"1536x1536":["https:\/\/rms-enlinea.com.ar\/wp-content\/uploads\/2025\/06\/D_707969-MLB74227165811_012024-F.jpg",1038,436,false],"2048x2048":["https:\/\/rms-enlinea.com.ar\/wp-content\/uploads\/2025\/06\/D_707969-MLB74227165811_012024-F.jpg",1038,436,false],"woocommerce_thumbnail":["https:\/\/rms-enlinea.com.ar\/wp-content\/uploads\/2025\/06\/D_707969-MLB74227165811_012024-F-450x436.jpg",450,436,true],"woocommerce_single":["https:\/\/rms-enlinea.com.ar\/wp-content\/uploads\/2025\/06\/D_707969-MLB74227165811_012024-F-600x252.jpg",600,252,true],"woocommerce_gallery_thumbnail":["https:\/\/rms-enlinea.com.ar\/wp-content\/uploads\/2025\/06\/D_707969-MLB74227165811_012024-F-100x100.jpg",100,100,true]},"uagb_author_info":{"display_name":"l0071054","author_link":"https:\/\/rms-enlinea.com.ar\/tienda\/author\/"},"uagb_comment_info":0,"uagb_excerpt":"Especificaciones t\u00e9cnicasTipo de conexi\u00f3n Tecnolog\u00eda inal\u00e1mbrica Bluetooth\u00ae de bajo consumo (Bluetooth 5.1) o receptor USB Logi Bolt. Radio de acci\u00f3n inal\u00e1mbrico: 10 m Bater\u00eda Duraci\u00f3n de bater\u00edas: 36 meses Indicador luminosoIndicadores luminosos: bloqueo de may\u00fasculas, tecla de conexi\u00f3n y estado de bater\u00edasSoftware opcional Compatible con Logi Options+ en macOS 10.15 o posteriores y Windows 10,&hellip;","_links":{"self":[{"href":"https:\/\/rms-enlinea.com.ar\/tienda\/wp-json\/wp\/v2\/product\/16297","targetHints":{"allow":["GET"]}}],"collection":[{"href":"https:\/\/rms-enlinea.com.ar\/tienda\/wp-json\/wp\/v2\/product"}],"about":[{"href":"https:\/\/rms-enlinea.com.ar\/tienda\/wp-json\/wp\/v2\/types\/product"}],"replies":[{"embeddable":true,"href":"https:\/\/rms-enlinea.com.ar\/tienda\/wp-json\/wp\/v2\/comments?post=16297"}],"wp:featuredmedia":[{"embeddable":true,"href":"https:\/\/rms-enlinea.com.ar\/tienda\/wp-json\/wp\/v2\/media\/16298"}],"wp:attachment":[{"href":"https:\/\/rms-enlinea.com.ar\/tienda\/wp-json\/wp\/v2\/media?parent=16297"}],"wp:term":[{"taxonomy":"product_brand","embeddable":true,"href":"https:\/\/rms-enlinea.com.ar\/tienda\/wp-json\/wp\/v2\/product_brand?post=16297"},{"taxonomy":"product_cat","embeddable":true,"href":"https:\/\/rms-enlinea.com.ar\/tienda\/wp-json\/wp\/v2\/product_cat?post=16297"},{"taxonomy":"product_tag","embeddable":true,"href":"https:\/\/rms-enlinea.com.ar\/tienda\/wp-json\/wp\/v2\/product_tag?post=16297"}],"curies":[{"name":"wp","href":"https:\/\/api.w.org\/{rel}","templated":true}]}}