{"id":16351,"date":"2025-06-12T07:25:59","date_gmt":"2025-06-12T10:25:59","guid":{"rendered":"https:\/\/rms-enlinea.com.ar\/tienda\/producto\/batidora-planetaria-liliana-prettybat-ab909-amasador-700w\/"},"modified":"2026-03-31T17:47:14","modified_gmt":"2026-03-31T20:47:14","slug":"batidora-planetaria-liliana-prettybat-ab909-amasador-700w","status":"publish","type":"product","link":"https:\/\/rms-enlinea.com.ar\/tienda\/producto\/batidora-planetaria-liliana-prettybat-ab909-amasador-700w\/","title":{"rendered":"Batidora Planetaria Liliana Prettybat Ab909 Amasador 700w"},"content":{"rendered":"<p>Accesorios incluidos<\/p>\n<p>Batidor de alambre,Batidor plano,Amasador,Tapa anti salpicaduras<br \/>Modelo alfanum\u00e9rico<\/p>\n<p>AB909<br \/>Capacidades de los bowls<\/p>\n<p>4<br \/>Materiales de los bowls<\/p>\n<p>Acero inoxidable<br \/>Cantidad de bowls<\/p>\n<p>1<br \/>Marca<\/p>\n<p>Liliana<br \/>Funciones<\/p>\n<p>batidor,amasador<br \/>C\u00f3digo universal de producto<\/p>\n<p>7793862010838<br \/>Es industrial<\/p>\n<p>No<br \/>Tipo de batidora<\/p>\n<p>Planetaria<br \/>Modelo<\/p>\n<p>Ab909<br \/>Cantidad de velocidades<\/p>\n<p>3<br \/>Con funci\u00f3n manual<\/p>\n<p>No<br \/>Con funci\u00f3n pulsar<\/p>\n<p>S\u00ed<br \/>Con funci\u00f3n rotatoria<\/p>\n<p>S\u00ed<br \/>Con funci\u00f3n turbo<\/p>\n<p>S\u00ed<\/p>\n","protected":false},"excerpt":{"rendered":"<p>Accesorios incluidos Batidor de alambre,Batidor plano,Amasador,Tapa anti salpicadurasModelo alfanum\u00e9rico AB909Capacidades de los bowls 4Materiales de los bowls Acero inoxidableCantidad de bowls 1Marca LilianaFunciones batidor,amasadorC\u00f3digo universal de producto 7793862010838Es industrial NoTipo de batidora PlanetariaModelo Ab909Cantidad de velocidades 3Con funci\u00f3n manual NoCon funci\u00f3n pulsar S\u00edCon funci\u00f3n rotatoria S\u00edCon funci\u00f3n turbo S\u00ed<\/p>\n","protected":false},"featured_media":16352,"comment_status":"open","ping_status":"closed","template":"","meta":{"_uag_custom_page_level_css":""},"product_brand":[533],"product_cat":[31],"product_tag":[],"class_list":{"0":"post-16351","1":"product","2":"type-product","3":"status-publish","4":"has-post-thumbnail","6":"product_brand-liliana","7":"product_cat-electrodomesticos","9":"first","10":"outofstock","11":"sale","12":"taxable","13":"shipping-taxable","14":"purchasable","15":"product-type-simple"},"uagb_featured_image_src":{"full":["https:\/\/rms-enlinea.com.ar\/wp-content\/uploads\/2025\/06\/D_995922-MLU72824675487_112023-F.jpg",926,1200,false],"thumbnail":["https:\/\/rms-enlinea.com.ar\/wp-content\/uploads\/2025\/06\/D_995922-MLU72824675487_112023-F-150x150.jpg",150,150,true],"medium":["https:\/\/rms-enlinea.com.ar\/wp-content\/uploads\/2025\/06\/D_995922-MLU72824675487_112023-F-232x300.jpg",232,300,true],"medium_large":["https:\/\/rms-enlinea.com.ar\/wp-content\/uploads\/2025\/06\/D_995922-MLU72824675487_112023-F-768x995.jpg",768,995,true],"large":["https:\/\/rms-enlinea.com.ar\/wp-content\/uploads\/2025\/06\/D_995922-MLU72824675487_112023-F-790x1024.jpg",790,1024,true],"1536x1536":["https:\/\/rms-enlinea.com.ar\/wp-content\/uploads\/2025\/06\/D_995922-MLU72824675487_112023-F.jpg",926,1200,false],"2048x2048":["https:\/\/rms-enlinea.com.ar\/wp-content\/uploads\/2025\/06\/D_995922-MLU72824675487_112023-F.jpg",926,1200,false],"woocommerce_thumbnail":["https:\/\/rms-enlinea.com.ar\/wp-content\/uploads\/2025\/06\/D_995922-MLU72824675487_112023-F-450x450.jpg",450,450,true],"woocommerce_single":["https:\/\/rms-enlinea.com.ar\/wp-content\/uploads\/2025\/06\/D_995922-MLU72824675487_112023-F-600x778.jpg",600,778,true],"woocommerce_gallery_thumbnail":["https:\/\/rms-enlinea.com.ar\/wp-content\/uploads\/2025\/06\/D_995922-MLU72824675487_112023-F-100x100.jpg",100,100,true]},"uagb_author_info":{"display_name":"l0071054","author_link":"https:\/\/rms-enlinea.com.ar\/tienda\/author\/"},"uagb_comment_info":0,"uagb_excerpt":"Accesorios incluidos Batidor de alambre,Batidor plano,Amasador,Tapa anti salpicadurasModelo alfanum\u00e9rico AB909Capacidades de los bowls 4Materiales de los bowls Acero inoxidableCantidad de bowls 1Marca LilianaFunciones batidor,amasadorC\u00f3digo universal de producto 7793862010838Es industrial NoTipo de batidora PlanetariaModelo Ab909Cantidad de velocidades 3Con funci\u00f3n manual NoCon funci\u00f3n pulsar S\u00edCon funci\u00f3n rotatoria S\u00edCon funci\u00f3n turbo S\u00ed","_links":{"self":[{"href":"https:\/\/rms-enlinea.com.ar\/tienda\/wp-json\/wp\/v2\/product\/16351","targetHints":{"allow":["GET"]}}],"collection":[{"href":"https:\/\/rms-enlinea.com.ar\/tienda\/wp-json\/wp\/v2\/product"}],"about":[{"href":"https:\/\/rms-enlinea.com.ar\/tienda\/wp-json\/wp\/v2\/types\/product"}],"replies":[{"embeddable":true,"href":"https:\/\/rms-enlinea.com.ar\/tienda\/wp-json\/wp\/v2\/comments?post=16351"}],"wp:featuredmedia":[{"embeddable":true,"href":"https:\/\/rms-enlinea.com.ar\/tienda\/wp-json\/wp\/v2\/media\/16352"}],"wp:attachment":[{"href":"https:\/\/rms-enlinea.com.ar\/tienda\/wp-json\/wp\/v2\/media?parent=16351"}],"wp:term":[{"taxonomy":"product_brand","embeddable":true,"href":"https:\/\/rms-enlinea.com.ar\/tienda\/wp-json\/wp\/v2\/product_brand?post=16351"},{"taxonomy":"product_cat","embeddable":true,"href":"https:\/\/rms-enlinea.com.ar\/tienda\/wp-json\/wp\/v2\/product_cat?post=16351"},{"taxonomy":"product_tag","embeddable":true,"href":"https:\/\/rms-enlinea.com.ar\/tienda\/wp-json\/wp\/v2\/product_tag?post=16351"}],"curies":[{"name":"wp","href":"https:\/\/api.w.org\/{rel}","templated":true}]}}