{"id":16432,"date":"2025-06-12T07:27:44","date_gmt":"2025-06-12T10:27:44","guid":{"rendered":"https:\/\/rms-enlinea.com.ar\/tienda\/producto\/adaptador-mini-display-port-a-hdmi-nisuta-nsmidphdbl\/"},"modified":"2026-04-02T16:29:24","modified_gmt":"2026-04-02T19:29:24","slug":"adaptador-mini-display-port-a-hdmi-nisuta-nsmidphdbl","status":"publish","type":"product","link":"https:\/\/rms-enlinea.com.ar\/tienda\/producto\/adaptador-mini-display-port-a-hdmi-nisuta-nsmidphdbl\/","title":{"rendered":"Adaptador Mini Display Port A Hdmi Nisuta Nsmidphdbl"},"content":{"rendered":"<p>ESTE ES UN DISPOSITIVO ELECTR\u00d3NICO, NO UN SIMPLE CABLE, CON LO CUAL LE RECOMENDAMOS EVITAR CONECTARLO\/DESCONECTARLO CUANDO LA PC Y\/O EL MONITOR EST\u00c9N FUNCIONANDO PARA AS\u00cd EVITAR DA\u00d1AR EL CONVERSOR.<br \/>IDEAL PARA CONECTAR SU PC CON SALIDA MINI DISPLAY A UN MONITOR CON ENTRADA HDMI<br \/>LONGITUD DEL CONVERSOR 15CM<br \/>SOPORTA DISPLAYPORT 1.1A Y SALIDA HDMI 1.3B<br \/>SOPORTA LA RESOLUCI\u00d3N HDMI 1080P<br \/>SOPORTA ANCHO DE BANDA HDMI 225MHZ\/2.25GBPS POR CANAL (6.75GBPS TODOS LOS CANALES)<br \/>SOPORTA PROFUNDIDAD DE COLOR DE 12BIT POR CANAL (36BIT TODOS LOS CANALES).<br \/>SOPORTA AUDIO SIN COMPRIMIR TAL COMO LPCM.<br \/>SOPORTA AUDIO COMPRIMIDO TAL COMO DTS DIGITAL, DOLBY DIGITAL(INCLUYENDO DTS-HD Y DOLBY TRUE HD).<br \/>NO NECESITA ALIMENTACI\u00d3N EXTRA, SE ALIMENTA DESDE EL PUERTO MINI DISPLAY<\/p>\n","protected":false},"excerpt":{"rendered":"<p>ESTE ES UN DISPOSITIVO ELECTR\u00d3NICO, NO UN SIMPLE CABLE, CON LO CUAL LE RECOMENDAMOS EVITAR CONECTARLO\/DESCONECTARLO CUANDO LA PC Y\/O EL MONITOR EST\u00c9N FUNCIONANDO PARA AS\u00cd EVITAR DA\u00d1AR EL CONVERSOR.IDEAL PARA CONECTAR SU PC CON SALIDA MINI DISPLAY A UN MONITOR CON ENTRADA HDMILONGITUD DEL CONVERSOR 15CMSOPORTA DISPLAYPORT 1.1A Y SALIDA HDMI 1.3BSOPORTA LA RESOLUCI\u00d3N [&hellip;]<\/p>\n","protected":false},"featured_media":16433,"comment_status":"open","ping_status":"closed","template":"","meta":{"_uag_custom_page_level_css":""},"product_brand":[],"product_cat":[101],"product_tag":[],"class_list":{"0":"post-16432","1":"product","2":"type-product","3":"status-publish","4":"has-post-thumbnail","6":"product_cat-cables-y-adaptadores","8":"first","9":"instock","10":"sale","11":"taxable","12":"shipping-taxable","13":"purchasable","14":"product-type-simple"},"uagb_featured_image_src":{"full":["https:\/\/rms-enlinea.com.ar\/wp-content\/uploads\/2025\/06\/D_934707-MLA77243524230_072024-F.jpg",787,424,false],"thumbnail":["https:\/\/rms-enlinea.com.ar\/wp-content\/uploads\/2025\/06\/D_934707-MLA77243524230_072024-F-150x150.jpg",150,150,true],"medium":["https:\/\/rms-enlinea.com.ar\/wp-content\/uploads\/2025\/06\/D_934707-MLA77243524230_072024-F-300x162.jpg",300,162,true],"medium_large":["https:\/\/rms-enlinea.com.ar\/wp-content\/uploads\/2025\/06\/D_934707-MLA77243524230_072024-F-768x414.jpg",768,414,true],"large":["https:\/\/rms-enlinea.com.ar\/wp-content\/uploads\/2025\/06\/D_934707-MLA77243524230_072024-F.jpg",787,424,false],"1536x1536":["https:\/\/rms-enlinea.com.ar\/wp-content\/uploads\/2025\/06\/D_934707-MLA77243524230_072024-F.jpg",787,424,false],"2048x2048":["https:\/\/rms-enlinea.com.ar\/wp-content\/uploads\/2025\/06\/D_934707-MLA77243524230_072024-F.jpg",787,424,false],"woocommerce_thumbnail":["https:\/\/rms-enlinea.com.ar\/wp-content\/uploads\/2025\/06\/D_934707-MLA77243524230_072024-F-450x424.jpg",450,424,true],"woocommerce_single":["https:\/\/rms-enlinea.com.ar\/wp-content\/uploads\/2025\/06\/D_934707-MLA77243524230_072024-F-600x323.jpg",600,323,true],"woocommerce_gallery_thumbnail":["https:\/\/rms-enlinea.com.ar\/wp-content\/uploads\/2025\/06\/D_934707-MLA77243524230_072024-F-100x100.jpg",100,100,true]},"uagb_author_info":{"display_name":"l0071054","author_link":"https:\/\/rms-enlinea.com.ar\/tienda\/author\/"},"uagb_comment_info":0,"uagb_excerpt":"ESTE ES UN DISPOSITIVO ELECTR\u00d3NICO, NO UN SIMPLE CABLE, CON LO CUAL LE RECOMENDAMOS EVITAR CONECTARLO\/DESCONECTARLO CUANDO LA PC Y\/O EL MONITOR EST\u00c9N FUNCIONANDO PARA AS\u00cd EVITAR DA\u00d1AR EL CONVERSOR.IDEAL PARA CONECTAR SU PC CON SALIDA MINI DISPLAY A UN MONITOR CON ENTRADA HDMILONGITUD DEL CONVERSOR 15CMSOPORTA DISPLAYPORT 1.1A Y SALIDA HDMI 1.3BSOPORTA LA RESOLUCI\u00d3N&hellip;","_links":{"self":[{"href":"https:\/\/rms-enlinea.com.ar\/tienda\/wp-json\/wp\/v2\/product\/16432","targetHints":{"allow":["GET"]}}],"collection":[{"href":"https:\/\/rms-enlinea.com.ar\/tienda\/wp-json\/wp\/v2\/product"}],"about":[{"href":"https:\/\/rms-enlinea.com.ar\/tienda\/wp-json\/wp\/v2\/types\/product"}],"replies":[{"embeddable":true,"href":"https:\/\/rms-enlinea.com.ar\/tienda\/wp-json\/wp\/v2\/comments?post=16432"}],"wp:featuredmedia":[{"embeddable":true,"href":"https:\/\/rms-enlinea.com.ar\/tienda\/wp-json\/wp\/v2\/media\/16433"}],"wp:attachment":[{"href":"https:\/\/rms-enlinea.com.ar\/tienda\/wp-json\/wp\/v2\/media?parent=16432"}],"wp:term":[{"taxonomy":"product_brand","embeddable":true,"href":"https:\/\/rms-enlinea.com.ar\/tienda\/wp-json\/wp\/v2\/product_brand?post=16432"},{"taxonomy":"product_cat","embeddable":true,"href":"https:\/\/rms-enlinea.com.ar\/tienda\/wp-json\/wp\/v2\/product_cat?post=16432"},{"taxonomy":"product_tag","embeddable":true,"href":"https:\/\/rms-enlinea.com.ar\/tienda\/wp-json\/wp\/v2\/product_tag?post=16432"}],"curies":[{"name":"wp","href":"https:\/\/api.w.org\/{rel}","templated":true}]}}