{"id":17086,"date":"2025-06-12T07:40:23","date_gmt":"2025-06-12T10:40:23","guid":{"rendered":"https:\/\/rms-enlinea.com.ar\/tienda\/producto\/microfono-de-conferencia-genius-mic-100u-usb-cable-2m\/"},"modified":"2026-04-21T05:00:29","modified_gmt":"2026-04-21T08:00:29","slug":"microfono-de-conferencia-genius-mic-100u-usb-cable-2m","status":"publish","type":"product","link":"https:\/\/rms-enlinea.com.ar\/tienda\/producto\/microfono-de-conferencia-genius-mic-100u-usb-cable-2m\/","title":{"rendered":"Microfono De Conferencia Genius Mic-100u Usb Cable 2m"},"content":{"rendered":"<p>CARACTERISTICAS : Genius MIC-100U es un micr\u00f3fono omnidireccional USB de 360\u00b0bueno para peque\u00f1as reuniones de varias personas, clases en l\u00ednea o personales conferencia, Skype, mensajer\u00eda instant\u00e1nea. Sonido claro, tama\u00f1o compacto port\u00e1til y longitud de cable de 2 metros. Simplemente con\u00e9ctelo al puerto USB y luego hable con el lado remoto. MICROFONO Ideal para conferencia de varias personas, omnidireccional de 360\u00b0con distancia de trabajo hasta3 metros REQUSITOS DEL SISTEMA Puerto USB disponible Windows 10, 11 o posterior Mac OS 10.14 o posterior ESPECIFICACIONES DIMENSIONES 62.5 x 62.5 x 20.2 mm PESO Aprox. 122,5 g (Incluye cable)<\/p>\n","protected":false},"excerpt":{"rendered":"<p>CARACTERISTICAS : Genius MIC-100U es un micr\u00f3fono omnidireccional USB de 360\u00b0bueno para peque\u00f1as reuniones de varias personas, clases en l\u00ednea o personales conferencia, Skype, mensajer\u00eda instant\u00e1nea. Sonido claro, tama\u00f1o compacto port\u00e1til y longitud de cable de 2 metros. Simplemente con\u00e9ctelo al puerto USB y luego hable con el lado remoto. MICROFONO Ideal para conferencia de [&hellip;]<\/p>\n","protected":false},"featured_media":17087,"comment_status":"open","ping_status":"closed","template":"","meta":{"_uag_custom_page_level_css":""},"product_brand":[550],"product_cat":[113],"product_tag":[],"class_list":{"0":"post-17086","1":"product","2":"type-product","3":"status-publish","4":"has-post-thumbnail","6":"product_brand-genius","7":"product_cat-microfonos-computacion","9":"first","10":"outofstock","11":"sale","12":"taxable","13":"shipping-taxable","14":"purchasable","15":"product-type-simple"},"uagb_featured_image_src":{"full":["https:\/\/rms-enlinea.com.ar\/wp-content\/uploads\/2025\/06\/D_839519-MLA78510350492_082024-F.jpg",904,607,false],"thumbnail":["https:\/\/rms-enlinea.com.ar\/wp-content\/uploads\/2025\/06\/D_839519-MLA78510350492_082024-F-150x150.jpg",150,150,true],"medium":["https:\/\/rms-enlinea.com.ar\/wp-content\/uploads\/2025\/06\/D_839519-MLA78510350492_082024-F-300x201.jpg",300,201,true],"medium_large":["https:\/\/rms-enlinea.com.ar\/wp-content\/uploads\/2025\/06\/D_839519-MLA78510350492_082024-F-768x516.jpg",768,516,true],"large":["https:\/\/rms-enlinea.com.ar\/wp-content\/uploads\/2025\/06\/D_839519-MLA78510350492_082024-F.jpg",904,607,false],"1536x1536":["https:\/\/rms-enlinea.com.ar\/wp-content\/uploads\/2025\/06\/D_839519-MLA78510350492_082024-F.jpg",904,607,false],"2048x2048":["https:\/\/rms-enlinea.com.ar\/wp-content\/uploads\/2025\/06\/D_839519-MLA78510350492_082024-F.jpg",904,607,false],"woocommerce_thumbnail":["https:\/\/rms-enlinea.com.ar\/wp-content\/uploads\/2025\/06\/D_839519-MLA78510350492_082024-F-450x450.jpg",450,450,true],"woocommerce_single":["https:\/\/rms-enlinea.com.ar\/wp-content\/uploads\/2025\/06\/D_839519-MLA78510350492_082024-F-600x403.jpg",600,403,true],"woocommerce_gallery_thumbnail":["https:\/\/rms-enlinea.com.ar\/wp-content\/uploads\/2025\/06\/D_839519-MLA78510350492_082024-F-100x100.jpg",100,100,true]},"uagb_author_info":{"display_name":"l0071054","author_link":"https:\/\/rms-enlinea.com.ar\/tienda\/author\/"},"uagb_comment_info":0,"uagb_excerpt":"CARACTERISTICAS : Genius MIC-100U es un micr\u00f3fono omnidireccional USB de 360\u00b0bueno para peque\u00f1as reuniones de varias personas, clases en l\u00ednea o personales conferencia, Skype, mensajer\u00eda instant\u00e1nea. Sonido claro, tama\u00f1o compacto port\u00e1til y longitud de cable de 2 metros. Simplemente con\u00e9ctelo al puerto USB y luego hable con el lado remoto. MICROFONO Ideal para conferencia de&hellip;","_links":{"self":[{"href":"https:\/\/rms-enlinea.com.ar\/tienda\/wp-json\/wp\/v2\/product\/17086","targetHints":{"allow":["GET"]}}],"collection":[{"href":"https:\/\/rms-enlinea.com.ar\/tienda\/wp-json\/wp\/v2\/product"}],"about":[{"href":"https:\/\/rms-enlinea.com.ar\/tienda\/wp-json\/wp\/v2\/types\/product"}],"replies":[{"embeddable":true,"href":"https:\/\/rms-enlinea.com.ar\/tienda\/wp-json\/wp\/v2\/comments?post=17086"}],"wp:featuredmedia":[{"embeddable":true,"href":"https:\/\/rms-enlinea.com.ar\/tienda\/wp-json\/wp\/v2\/media\/17087"}],"wp:attachment":[{"href":"https:\/\/rms-enlinea.com.ar\/tienda\/wp-json\/wp\/v2\/media?parent=17086"}],"wp:term":[{"taxonomy":"product_brand","embeddable":true,"href":"https:\/\/rms-enlinea.com.ar\/tienda\/wp-json\/wp\/v2\/product_brand?post=17086"},{"taxonomy":"product_cat","embeddable":true,"href":"https:\/\/rms-enlinea.com.ar\/tienda\/wp-json\/wp\/v2\/product_cat?post=17086"},{"taxonomy":"product_tag","embeddable":true,"href":"https:\/\/rms-enlinea.com.ar\/tienda\/wp-json\/wp\/v2\/product_tag?post=17086"}],"curies":[{"name":"wp","href":"https:\/\/api.w.org\/{rel}","templated":true}]}}