{"id":17092,"date":"2025-06-12T07:40:28","date_gmt":"2025-06-12T10:40:28","guid":{"rendered":"https:\/\/rms-enlinea.com.ar\/tienda\/producto\/base-genius-ajustable-g-stand-m200-fj-color-negro\/"},"modified":"2026-04-21T06:53:00","modified_gmt":"2026-04-21T09:53:00","slug":"base-genius-ajustable-g-stand-m200-fj-color-negro","status":"publish","type":"product","link":"https:\/\/rms-enlinea.com.ar\/tienda\/producto\/base-genius-ajustable-g-stand-m200-fj-color-negro\/","title":{"rendered":"Base Genius Ajustable G-stand M200 Fj Color Negro"},"content":{"rendered":"<p>La ubicaci\u00f3n de tu TV o monitor es de suma importancia ya que, frente a \u00e9l, compartir\u00e1s muchas horas de entretenimiento o trabajo. En tu casa o negocio, aprovecha al m\u00e1ximo el espacio con un soporte que te brinde comodidad. \u00a1Nada mejor que tenerlo a tu alcance!<\/p>\n<p>Adaptable a tus espacios<br \/>\nObten el \u00e1ngulo perfecto con este soporte inclinable y articulado. Podr\u00e1s ajustarlo a la posici\u00f3n m\u00e1s confortable para ver tus contenidos preferidos y ganar espacio.<\/p>\n<p>F\u00e1cil de instalar<br \/>\nLa norma estandarizada VESA permite conocer la distancia que existe entre los orificios de la parte trasera de la pantalla, y as\u00ed poder elegir el soporte que mejor se adapte a esa medida. Este producto cuenta con un montaje variado para que puedas ubicado de manera segura.<\/p>\n","protected":false},"excerpt":{"rendered":"<p>La ubicaci\u00f3n de tu TV o monitor es de suma importancia ya que, frente a \u00e9l, compartir\u00e1s muchas horas de entretenimiento o trabajo. En tu casa o negocio, aprovecha al m\u00e1ximo el espacio con un soporte que te brinde comodidad. \u00a1Nada mejor que tenerlo a tu alcance! Adaptable a tus espacios Obten el \u00e1ngulo perfecto [&hellip;]<\/p>\n","protected":false},"featured_media":17093,"comment_status":"open","ping_status":"closed","template":"","meta":{"_uag_custom_page_level_css":""},"product_brand":[550],"product_cat":[461],"product_tag":[],"class_list":{"0":"post-17092","1":"product","2":"type-product","3":"status-publish","4":"has-post-thumbnail","6":"product_brand-genius","7":"product_cat-soportes-computacion","9":"first","10":"outofstock","11":"sale","12":"taxable","13":"shipping-taxable","14":"purchasable","15":"product-type-simple"},"uagb_featured_image_src":{"full":["https:\/\/rms-enlinea.com.ar\/wp-content\/uploads\/2025\/06\/D_719679-MLU74876437553_032024-F.jpg",1005,670,false],"thumbnail":["https:\/\/rms-enlinea.com.ar\/wp-content\/uploads\/2025\/06\/D_719679-MLU74876437553_032024-F-150x150.jpg",150,150,true],"medium":["https:\/\/rms-enlinea.com.ar\/wp-content\/uploads\/2025\/06\/D_719679-MLU74876437553_032024-F-300x200.jpg",300,200,true],"medium_large":["https:\/\/rms-enlinea.com.ar\/wp-content\/uploads\/2025\/06\/D_719679-MLU74876437553_032024-F-768x512.jpg",768,512,true],"large":["https:\/\/rms-enlinea.com.ar\/wp-content\/uploads\/2025\/06\/D_719679-MLU74876437553_032024-F.jpg",1005,670,false],"1536x1536":["https:\/\/rms-enlinea.com.ar\/wp-content\/uploads\/2025\/06\/D_719679-MLU74876437553_032024-F.jpg",1005,670,false],"2048x2048":["https:\/\/rms-enlinea.com.ar\/wp-content\/uploads\/2025\/06\/D_719679-MLU74876437553_032024-F.jpg",1005,670,false],"woocommerce_thumbnail":["https:\/\/rms-enlinea.com.ar\/wp-content\/uploads\/2025\/06\/D_719679-MLU74876437553_032024-F-450x450.jpg",450,450,true],"woocommerce_single":["https:\/\/rms-enlinea.com.ar\/wp-content\/uploads\/2025\/06\/D_719679-MLU74876437553_032024-F-600x400.jpg",600,400,true],"woocommerce_gallery_thumbnail":["https:\/\/rms-enlinea.com.ar\/wp-content\/uploads\/2025\/06\/D_719679-MLU74876437553_032024-F-100x100.jpg",100,100,true]},"uagb_author_info":{"display_name":"l0071054","author_link":"https:\/\/rms-enlinea.com.ar\/tienda\/author\/"},"uagb_comment_info":0,"uagb_excerpt":"La ubicaci\u00f3n de tu TV o monitor es de suma importancia ya que, frente a \u00e9l, compartir\u00e1s muchas horas de entretenimiento o trabajo. En tu casa o negocio, aprovecha al m\u00e1ximo el espacio con un soporte que te brinde comodidad. \u00a1Nada mejor que tenerlo a tu alcance! Adaptable a tus espacios Obten el \u00e1ngulo perfecto&hellip;","_links":{"self":[{"href":"https:\/\/rms-enlinea.com.ar\/tienda\/wp-json\/wp\/v2\/product\/17092","targetHints":{"allow":["GET"]}}],"collection":[{"href":"https:\/\/rms-enlinea.com.ar\/tienda\/wp-json\/wp\/v2\/product"}],"about":[{"href":"https:\/\/rms-enlinea.com.ar\/tienda\/wp-json\/wp\/v2\/types\/product"}],"replies":[{"embeddable":true,"href":"https:\/\/rms-enlinea.com.ar\/tienda\/wp-json\/wp\/v2\/comments?post=17092"}],"wp:featuredmedia":[{"embeddable":true,"href":"https:\/\/rms-enlinea.com.ar\/tienda\/wp-json\/wp\/v2\/media\/17093"}],"wp:attachment":[{"href":"https:\/\/rms-enlinea.com.ar\/tienda\/wp-json\/wp\/v2\/media?parent=17092"}],"wp:term":[{"taxonomy":"product_brand","embeddable":true,"href":"https:\/\/rms-enlinea.com.ar\/tienda\/wp-json\/wp\/v2\/product_brand?post=17092"},{"taxonomy":"product_cat","embeddable":true,"href":"https:\/\/rms-enlinea.com.ar\/tienda\/wp-json\/wp\/v2\/product_cat?post=17092"},{"taxonomy":"product_tag","embeddable":true,"href":"https:\/\/rms-enlinea.com.ar\/tienda\/wp-json\/wp\/v2\/product_tag?post=17092"}],"curies":[{"name":"wp","href":"https:\/\/api.w.org\/{rel}","templated":true}]}}