{"id":1727,"date":"2025-06-12T02:12:46","date_gmt":"2025-06-12T05:12:46","guid":{"rendered":"https:\/\/rms-enlinea.com.ar\/tienda\/producto\/placa-de-video-sapphire-rx-7600-xt-pulse-gaming-16gb\/"},"modified":"2026-03-31T18:05:43","modified_gmt":"2026-03-31T21:05:43","slug":"placa-de-video-sapphire-rx-7600-xt-pulse-gaming-16gb","status":"publish","type":"product","link":"https:\/\/rms-enlinea.com.ar\/tienda\/producto\/placa-de-video-sapphire-rx-7600-xt-pulse-gaming-16gb\/","title":{"rendered":"Placa De Video Sapphire Rx 7600 Xt Pulse Gaming 16gb"},"content":{"rendered":"<p>GPU\t<br \/>Tarjeta gr\u00e1fica AMD Radeon\u2122 RX 7600 XT<br \/> \tArquitectura AMD RDNA\u2122 3<br \/>Reloj del motor<br \/>Reloj de refuerzo: hasta 2810 MHz<br \/> \tReloj de juego: hasta 2539 MHz<br \/>Procesadores de flujo<br \/>2048<br \/>Unidades de Computaci\u00f3n<br \/>32 CU<br \/>Cach\u00e9 infinito<br \/>32MB<br \/>Aceleradores de rayos<br \/>32<br \/>Acelerador de IA<br \/>64<br \/>Tama\u00f1o de memoria\/bus<br \/>GDDR6 de 16 GB\/128 bits<br \/>Reloj de la memoria<br \/>18 Gbps efectivos<br \/>Pantallas<br \/>M\u00e1ximo 4 pantallas<br \/>Resoluci\u00f3n<br \/>HDMI\u2122: 7680\u00d74320<br \/> \tDisplayPort 2.1: 7680\u00d74320<br \/>Interfaz<br \/>PCI-Express 4.0 x8<br \/>Soporte de BIOS<br \/>UEFI<br \/>\u00cdndice de juegos<br \/>1080P \u00faltimo<br \/>Tipo de enfriador<br \/>2 ventiladores<br \/>Factor de forma<br \/>Ranura 2.2, ATX<br \/>Dimensiones\t250 (largo) x 129,25 (ancho) x 44,56 (alto) mm<br \/>El consumo de energ\u00eda<br \/>Potencia total de la placa de 192 W<\/p>\n","protected":false},"excerpt":{"rendered":"<p>GPU Tarjeta gr\u00e1fica AMD Radeon\u2122 RX 7600 XT Arquitectura AMD RDNA\u2122 3Reloj del motorReloj de refuerzo: hasta 2810 MHz Reloj de juego: hasta 2539 MHzProcesadores de flujo2048Unidades de Computaci\u00f3n32 CUCach\u00e9 infinito32MBAceleradores de rayos32Acelerador de IA64Tama\u00f1o de memoria\/busGDDR6 de 16 GB\/128 bitsReloj de la memoria18 Gbps efectivosPantallasM\u00e1ximo 4 pantallasResoluci\u00f3nHDMI\u2122: 7680\u00d74320 DisplayPort 2.1: 7680\u00d74320InterfazPCI-Express 4.0 x8Soporte de [&hellip;]<\/p>\n","protected":false},"featured_media":1728,"comment_status":"open","ping_status":"closed","template":"","meta":{"_uag_custom_page_level_css":""},"product_brand":[573],"product_cat":[120],"product_tag":[],"class_list":{"0":"post-1727","1":"product","2":"type-product","3":"status-publish","4":"has-post-thumbnail","6":"product_brand-sapphire","7":"product_cat-placas-de-video","9":"first","10":"outofstock","11":"sale","12":"taxable","13":"shipping-taxable","14":"purchasable","15":"product-type-simple"},"uagb_featured_image_src":{"full":["https:\/\/rms-enlinea.com.ar\/wp-content\/uploads\/2025\/06\/D_849564-MLU75298989659_032024-F.jpg",1030,844,false],"thumbnail":["https:\/\/rms-enlinea.com.ar\/wp-content\/uploads\/2025\/06\/D_849564-MLU75298989659_032024-F-150x150.jpg",150,150,true],"medium":["https:\/\/rms-enlinea.com.ar\/wp-content\/uploads\/2025\/06\/D_849564-MLU75298989659_032024-F-300x246.jpg",300,246,true],"medium_large":["https:\/\/rms-enlinea.com.ar\/wp-content\/uploads\/2025\/06\/D_849564-MLU75298989659_032024-F-768x629.jpg",768,629,true],"large":["https:\/\/rms-enlinea.com.ar\/wp-content\/uploads\/2025\/06\/D_849564-MLU75298989659_032024-F-1024x839.jpg",1024,839,true],"1536x1536":["https:\/\/rms-enlinea.com.ar\/wp-content\/uploads\/2025\/06\/D_849564-MLU75298989659_032024-F.jpg",1030,844,false],"2048x2048":["https:\/\/rms-enlinea.com.ar\/wp-content\/uploads\/2025\/06\/D_849564-MLU75298989659_032024-F.jpg",1030,844,false],"woocommerce_thumbnail":["https:\/\/rms-enlinea.com.ar\/wp-content\/uploads\/2025\/06\/D_849564-MLU75298989659_032024-F-450x450.jpg",450,450,true],"woocommerce_single":["https:\/\/rms-enlinea.com.ar\/wp-content\/uploads\/2025\/06\/D_849564-MLU75298989659_032024-F-600x492.jpg",600,492,true],"woocommerce_gallery_thumbnail":["https:\/\/rms-enlinea.com.ar\/wp-content\/uploads\/2025\/06\/D_849564-MLU75298989659_032024-F-100x100.jpg",100,100,true]},"uagb_author_info":{"display_name":"l0071054","author_link":"https:\/\/rms-enlinea.com.ar\/tienda\/author\/"},"uagb_comment_info":0,"uagb_excerpt":"GPU Tarjeta gr\u00e1fica AMD Radeon\u2122 RX 7600 XT Arquitectura AMD RDNA\u2122 3Reloj del motorReloj de refuerzo: hasta 2810 MHz Reloj de juego: hasta 2539 MHzProcesadores de flujo2048Unidades de Computaci\u00f3n32 CUCach\u00e9 infinito32MBAceleradores de rayos32Acelerador de IA64Tama\u00f1o de memoria\/busGDDR6 de 16 GB\/128 bitsReloj de la memoria18 Gbps efectivosPantallasM\u00e1ximo 4 pantallasResoluci\u00f3nHDMI\u2122: 7680\u00d74320 DisplayPort 2.1: 7680\u00d74320InterfazPCI-Express 4.0 x8Soporte de&hellip;","_links":{"self":[{"href":"https:\/\/rms-enlinea.com.ar\/tienda\/wp-json\/wp\/v2\/product\/1727","targetHints":{"allow":["GET"]}}],"collection":[{"href":"https:\/\/rms-enlinea.com.ar\/tienda\/wp-json\/wp\/v2\/product"}],"about":[{"href":"https:\/\/rms-enlinea.com.ar\/tienda\/wp-json\/wp\/v2\/types\/product"}],"replies":[{"embeddable":true,"href":"https:\/\/rms-enlinea.com.ar\/tienda\/wp-json\/wp\/v2\/comments?post=1727"}],"wp:featuredmedia":[{"embeddable":true,"href":"https:\/\/rms-enlinea.com.ar\/tienda\/wp-json\/wp\/v2\/media\/1728"}],"wp:attachment":[{"href":"https:\/\/rms-enlinea.com.ar\/tienda\/wp-json\/wp\/v2\/media?parent=1727"}],"wp:term":[{"taxonomy":"product_brand","embeddable":true,"href":"https:\/\/rms-enlinea.com.ar\/tienda\/wp-json\/wp\/v2\/product_brand?post=1727"},{"taxonomy":"product_cat","embeddable":true,"href":"https:\/\/rms-enlinea.com.ar\/tienda\/wp-json\/wp\/v2\/product_cat?post=1727"},{"taxonomy":"product_tag","embeddable":true,"href":"https:\/\/rms-enlinea.com.ar\/tienda\/wp-json\/wp\/v2\/product_tag?post=1727"}],"curies":[{"name":"wp","href":"https:\/\/api.w.org\/{rel}","templated":true}]}}