{"id":17275,"date":"2025-06-12T07:44:04","date_gmt":"2025-06-12T10:44:04","guid":{"rendered":"https:\/\/rms-enlinea.com.ar\/tienda\/producto\/ki-teclado-y-mouse-tt-esport-challenger-elite-membrana-esp\/"},"modified":"2026-04-03T03:48:20","modified_gmt":"2026-04-03T06:48:20","slug":"ki-teclado-y-mouse-tt-esport-challenger-elite-membrana-esp","status":"publish","type":"product","link":"https:\/\/rms-enlinea.com.ar\/tienda\/producto\/ki-teclado-y-mouse-tt-esport-challenger-elite-membrana-esp\/","title":{"rendered":"Ki Teclado Y Mouse Tt Esport Challenger Elite Membrana Esp"},"content":{"rendered":"<p>Profundidad<\/p>\n<p>0 cm<br \/>Largo<\/p>\n<p>0 cm<br \/>Peso<\/p>\n<p>0 g<br \/>Marca<\/p>\n<p>Tt eSPORTS<br \/>Modelo detallado<\/p>\n<p>elite<br \/>C\u00f3digo universal de producto<\/p>\n<p>4713227522618<br \/>Incluye bater\u00eda<\/p>\n<p>No<br \/>Incluye auriculares<\/p>\n<p>No<br \/>Incluye mouse pad<\/p>\n<p>No<br \/>Incluye parlantes<\/p>\n<p>No<br \/>Es gamer<\/p>\n<p>S\u00ed<br \/>Es teclado para una mano<\/p>\n<p>No<br \/>Es recargable<\/p>\n<p>No<br \/>Es inal\u00e1mbrico<\/p>\n<p>No<br \/>Color de la retroiluminaci\u00f3n del teclado<\/p>\n<p>RGB<br \/>Modelo del teclado<\/p>\n<p>elite<br \/>Modelo<\/p>\n<p>Challenger Elite<br \/>Color de la retroiluminaci\u00f3n del mouse<\/p>\n<p>RGB<br \/>Modelo del mouse<\/p>\n<p>elite<br \/>Resoluci\u00f3n del sensor del mouse<\/p>\n<p>3200 dpi<br \/>Tipo de sensor del mouse<\/p>\n<p>\u00d3ptico<br \/>Tecnolog\u00eda del sensor<\/p>\n<p>pixart 3050<\/p>\n","protected":false},"excerpt":{"rendered":"<p>Profundidad 0 cmLargo 0 cmPeso 0 gMarca Tt eSPORTSModelo detallado eliteC\u00f3digo universal de producto 4713227522618Incluye bater\u00eda NoIncluye auriculares NoIncluye mouse pad NoIncluye parlantes NoEs gamer S\u00edEs teclado para una mano NoEs recargable NoEs inal\u00e1mbrico NoColor de la retroiluminaci\u00f3n del teclado RGBModelo del teclado eliteModelo Challenger EliteColor de la retroiluminaci\u00f3n del mouse RGBModelo del mouse eliteResoluci\u00f3n [&hellip;]<\/p>\n","protected":false},"featured_media":17276,"comment_status":"open","ping_status":"closed","template":"","meta":{"_uag_custom_page_level_css":""},"product_brand":[],"product_cat":[125],"product_tag":[],"class_list":{"0":"post-17275","1":"product","2":"type-product","3":"status-publish","4":"has-post-thumbnail","6":"product_cat-teclados-y-mouses","8":"first","9":"instock","10":"sale","11":"taxable","12":"shipping-taxable","13":"purchasable","14":"product-type-simple"},"uagb_featured_image_src":{"full":["https:\/\/rms-enlinea.com.ar\/wp-content\/uploads\/2025\/06\/D_926744-MLA75997567912_052024-F.jpg",1200,568,false],"thumbnail":["https:\/\/rms-enlinea.com.ar\/wp-content\/uploads\/2025\/06\/D_926744-MLA75997567912_052024-F-150x150.jpg",150,150,true],"medium":["https:\/\/rms-enlinea.com.ar\/wp-content\/uploads\/2025\/06\/D_926744-MLA75997567912_052024-F-300x142.jpg",300,142,true],"medium_large":["https:\/\/rms-enlinea.com.ar\/wp-content\/uploads\/2025\/06\/D_926744-MLA75997567912_052024-F-768x364.jpg",768,364,true],"large":["https:\/\/rms-enlinea.com.ar\/wp-content\/uploads\/2025\/06\/D_926744-MLA75997567912_052024-F-1024x485.jpg",1024,485,true],"1536x1536":["https:\/\/rms-enlinea.com.ar\/wp-content\/uploads\/2025\/06\/D_926744-MLA75997567912_052024-F.jpg",1200,568,false],"2048x2048":["https:\/\/rms-enlinea.com.ar\/wp-content\/uploads\/2025\/06\/D_926744-MLA75997567912_052024-F.jpg",1200,568,false],"woocommerce_thumbnail":["https:\/\/rms-enlinea.com.ar\/wp-content\/uploads\/2025\/06\/D_926744-MLA75997567912_052024-F-450x450.jpg",450,450,true],"woocommerce_single":["https:\/\/rms-enlinea.com.ar\/wp-content\/uploads\/2025\/06\/D_926744-MLA75997567912_052024-F-600x284.jpg",600,284,true],"woocommerce_gallery_thumbnail":["https:\/\/rms-enlinea.com.ar\/wp-content\/uploads\/2025\/06\/D_926744-MLA75997567912_052024-F-100x100.jpg",100,100,true]},"uagb_author_info":{"display_name":"l0071054","author_link":"https:\/\/rms-enlinea.com.ar\/tienda\/author\/"},"uagb_comment_info":0,"uagb_excerpt":"Profundidad 0 cmLargo 0 cmPeso 0 gMarca Tt eSPORTSModelo detallado eliteC\u00f3digo universal de producto 4713227522618Incluye bater\u00eda NoIncluye auriculares NoIncluye mouse pad NoIncluye parlantes NoEs gamer S\u00edEs teclado para una mano NoEs recargable NoEs inal\u00e1mbrico NoColor de la retroiluminaci\u00f3n del teclado RGBModelo del teclado eliteModelo Challenger EliteColor de la retroiluminaci\u00f3n del mouse RGBModelo del mouse eliteResoluci\u00f3n&hellip;","_links":{"self":[{"href":"https:\/\/rms-enlinea.com.ar\/tienda\/wp-json\/wp\/v2\/product\/17275","targetHints":{"allow":["GET"]}}],"collection":[{"href":"https:\/\/rms-enlinea.com.ar\/tienda\/wp-json\/wp\/v2\/product"}],"about":[{"href":"https:\/\/rms-enlinea.com.ar\/tienda\/wp-json\/wp\/v2\/types\/product"}],"replies":[{"embeddable":true,"href":"https:\/\/rms-enlinea.com.ar\/tienda\/wp-json\/wp\/v2\/comments?post=17275"}],"wp:featuredmedia":[{"embeddable":true,"href":"https:\/\/rms-enlinea.com.ar\/tienda\/wp-json\/wp\/v2\/media\/17276"}],"wp:attachment":[{"href":"https:\/\/rms-enlinea.com.ar\/tienda\/wp-json\/wp\/v2\/media?parent=17275"}],"wp:term":[{"taxonomy":"product_brand","embeddable":true,"href":"https:\/\/rms-enlinea.com.ar\/tienda\/wp-json\/wp\/v2\/product_brand?post=17275"},{"taxonomy":"product_cat","embeddable":true,"href":"https:\/\/rms-enlinea.com.ar\/tienda\/wp-json\/wp\/v2\/product_cat?post=17275"},{"taxonomy":"product_tag","embeddable":true,"href":"https:\/\/rms-enlinea.com.ar\/tienda\/wp-json\/wp\/v2\/product_tag?post=17275"}],"curies":[{"name":"wp","href":"https:\/\/api.w.org\/{rel}","templated":true}]}}