{"id":17320,"date":"2025-06-12T07:45:02","date_gmt":"2025-06-12T10:45:02","guid":{"rendered":"https:\/\/rms-enlinea.com.ar\/tienda\/producto\/procesador-intel-core-i5-13400-4-6ghz-c-video-10-nucleos\/"},"modified":"2026-04-21T06:12:04","modified_gmt":"2026-04-21T09:12:04","slug":"procesador-intel-core-i5-13400-4-6ghz-c-video-10-nucleos","status":"publish","type":"product","link":"https:\/\/rms-enlinea.com.ar\/tienda\/producto\/procesador-intel-core-i5-13400-4-6ghz-c-video-10-nucleos\/","title":{"rendered":"Procesador Intel Core I5 13400 4.6ghz C\/video 10 Nucleos"},"content":{"rendered":"<p>N\u00famero de procesador<\/p>\n<p>i5-13400<br \/>\nFrecuencia turbo m\u00e1xima de Efficient-core<\/p>\n<p>3.30 GHz<br \/>\nFrecuencia turbo m\u00e1xima<\/p>\n<p>4,60 GHz<br \/>\nantidad de Performance-cores<\/p>\n<p>6<br \/>\nCantidad de n\u00facleos<\/p>\n<p>10<br \/>\nCantidad de Efficient-cores<\/p>\n<p>4<br \/>\nFrecuencia base de Performance-core<\/p>\n<p>2.50 GHz<br \/>\nFrecuencia base de Efficient-core<\/p>\n<p>1.80 GHz<br \/>\nPotencia turbo m\u00e1xima<\/p>\n<p>154 W<br \/>\nGr\u00e1ficos del procesador<\/p>\n<p>Gr\u00e1ficos UHD Intel 730<br \/>\nCach\u00e9<\/p>\n<p>20 MB Intel Smart Cache<br \/>\nFrecuencia din\u00e1mica m\u00e1xima de gr\u00e1ficos<\/p>\n<p>1.55 GHz<br \/>\nZ\u00f3calos compatibles<\/p>\n<p>FCLGA1700<br \/>\nCach\u00e9 L2 total<\/p>\n<p>9.5 MB<br \/>\nGeneraci\u00f3n<\/p>\n<p>13<br \/>\nPotencia base del procesador<\/p>\n<p>65 W<\/p>\n","protected":false},"excerpt":{"rendered":"<p>N\u00famero de procesador i5-13400 Frecuencia turbo m\u00e1xima de Efficient-core 3.30 GHz Frecuencia turbo m\u00e1xima 4,60 GHz antidad de Performance-cores 6 Cantidad de n\u00facleos 10 Cantidad de Efficient-cores 4 Frecuencia base de Performance-core 2.50 GHz Frecuencia base de Efficient-core 1.80 GHz Potencia turbo m\u00e1xima 154 W Gr\u00e1ficos del procesador Gr\u00e1ficos UHD Intel 730 Cach\u00e9 20 MB [&hellip;]<\/p>\n","protected":false},"featured_media":4699,"comment_status":"open","ping_status":"closed","template":"","meta":{"_uag_custom_page_level_css":""},"product_brand":[],"product_cat":[121],"product_tag":[],"class_list":{"0":"post-17320","1":"product","2":"type-product","3":"status-publish","4":"has-post-thumbnail","6":"product_cat-procesadores-computacion","8":"first","9":"outofstock","10":"sale","11":"taxable","12":"shipping-taxable","13":"purchasable","14":"product-type-simple"},"uagb_featured_image_src":{"full":["https:\/\/rms-enlinea.com.ar\/wp-content\/uploads\/2025\/06\/D_765471-MLU73288102789_122023-F.jpg",734,790,false],"thumbnail":["https:\/\/rms-enlinea.com.ar\/wp-content\/uploads\/2025\/06\/D_765471-MLU73288102789_122023-F-150x150.jpg",150,150,true],"medium":["https:\/\/rms-enlinea.com.ar\/wp-content\/uploads\/2025\/06\/D_765471-MLU73288102789_122023-F-279x300.jpg",279,300,true],"medium_large":["https:\/\/rms-enlinea.com.ar\/wp-content\/uploads\/2025\/06\/D_765471-MLU73288102789_122023-F.jpg",734,790,false],"large":["https:\/\/rms-enlinea.com.ar\/wp-content\/uploads\/2025\/06\/D_765471-MLU73288102789_122023-F.jpg",734,790,false],"1536x1536":["https:\/\/rms-enlinea.com.ar\/wp-content\/uploads\/2025\/06\/D_765471-MLU73288102789_122023-F.jpg",734,790,false],"2048x2048":["https:\/\/rms-enlinea.com.ar\/wp-content\/uploads\/2025\/06\/D_765471-MLU73288102789_122023-F.jpg",734,790,false],"woocommerce_thumbnail":["https:\/\/rms-enlinea.com.ar\/wp-content\/uploads\/2025\/06\/D_765471-MLU73288102789_122023-F-450x450.jpg",450,450,true],"woocommerce_single":["https:\/\/rms-enlinea.com.ar\/wp-content\/uploads\/2025\/06\/D_765471-MLU73288102789_122023-F-600x646.jpg",600,646,true],"woocommerce_gallery_thumbnail":["https:\/\/rms-enlinea.com.ar\/wp-content\/uploads\/2025\/06\/D_765471-MLU73288102789_122023-F-100x100.jpg",100,100,true]},"uagb_author_info":{"display_name":"l0071054","author_link":"https:\/\/rms-enlinea.com.ar\/tienda\/author\/"},"uagb_comment_info":0,"uagb_excerpt":"N\u00famero de procesador i5-13400 Frecuencia turbo m\u00e1xima de Efficient-core 3.30 GHz Frecuencia turbo m\u00e1xima 4,60 GHz antidad de Performance-cores 6 Cantidad de n\u00facleos 10 Cantidad de Efficient-cores 4 Frecuencia base de Performance-core 2.50 GHz Frecuencia base de Efficient-core 1.80 GHz Potencia turbo m\u00e1xima 154 W Gr\u00e1ficos del procesador Gr\u00e1ficos UHD Intel 730 Cach\u00e9 20 MB&hellip;","_links":{"self":[{"href":"https:\/\/rms-enlinea.com.ar\/tienda\/wp-json\/wp\/v2\/product\/17320","targetHints":{"allow":["GET"]}}],"collection":[{"href":"https:\/\/rms-enlinea.com.ar\/tienda\/wp-json\/wp\/v2\/product"}],"about":[{"href":"https:\/\/rms-enlinea.com.ar\/tienda\/wp-json\/wp\/v2\/types\/product"}],"replies":[{"embeddable":true,"href":"https:\/\/rms-enlinea.com.ar\/tienda\/wp-json\/wp\/v2\/comments?post=17320"}],"wp:featuredmedia":[{"embeddable":true,"href":"https:\/\/rms-enlinea.com.ar\/tienda\/wp-json\/wp\/v2\/media\/4699"}],"wp:attachment":[{"href":"https:\/\/rms-enlinea.com.ar\/tienda\/wp-json\/wp\/v2\/media?parent=17320"}],"wp:term":[{"taxonomy":"product_brand","embeddable":true,"href":"https:\/\/rms-enlinea.com.ar\/tienda\/wp-json\/wp\/v2\/product_brand?post=17320"},{"taxonomy":"product_cat","embeddable":true,"href":"https:\/\/rms-enlinea.com.ar\/tienda\/wp-json\/wp\/v2\/product_cat?post=17320"},{"taxonomy":"product_tag","embeddable":true,"href":"https:\/\/rms-enlinea.com.ar\/tienda\/wp-json\/wp\/v2\/product_tag?post=17320"}],"curies":[{"name":"wp","href":"https:\/\/api.w.org\/{rel}","templated":true}]}}