{"id":17502,"date":"2025-06-12T07:49:09","date_gmt":"2025-06-12T10:49:09","guid":{"rendered":"https:\/\/rms-enlinea.com.ar\/tienda\/producto\/procesador-intel-core-i5-10400-con-graficos-6-nucleos-4-3ghz\/"},"modified":"2026-03-31T20:12:17","modified_gmt":"2026-03-31T23:12:17","slug":"procesador-intel-core-i5-10400-con-graficos-6-nucleos-4-3ghz","status":"publish","type":"product","link":"https:\/\/rms-enlinea.com.ar\/tienda\/producto\/procesador-intel-core-i5-10400-con-graficos-6-nucleos-4-3ghz\/","title":{"rendered":"Procesador Intel Core I5 10400 Con Graficos 6 Nucleos 4.3ghz"},"content":{"rendered":"<p>Modelo alfanum\u00e9rico<\/p>\n<p>BX8070110400<br \/>Aplicaci\u00f3n<\/p>\n<p>Computadoras de escritorio<br \/>Arquitectura<\/p>\n<p>Comet Lake<br \/>Marca<\/p>\n<p>Intel<br \/>Cach\u00e9<\/p>\n<p>12 MB<br \/>Z\u00f3calos compatibles<\/p>\n<p>LGA1200<br \/>Cantidad de n\u00facleos de CPU<\/p>\n<p>6<br \/>Cantidad de hilos de CPU<\/p>\n<p>12<br \/>Procesador gr\u00e1fico<\/p>\n<p>Intel UHD Graphics 630<br \/>C\u00f3digo universal de producto<\/p>\n<p>735858446006,5032037187138<br \/>Es compatible con 4K<\/p>\n<p>S\u00ed<br \/>Es gamer<\/p>\n<p>S\u00ed<br \/>Es OEM<\/p>\n<p>No<br \/>Est\u00e1 desbloqueado<\/p>\n<p>S\u00ed<br \/>L\u00ednea<\/p>\n<p>Core i5<br \/>Frecuencia m\u00e1xima de reloj<\/p>\n<p>4.3 GHz<br \/>Tama\u00f1o m\u00e1ximo de memoria RAM soportada<\/p>\n<p>128 GB<br \/>Frecuencia m\u00ednima de reloj<\/p>\n<p>2.9 GHz<br \/>Modelo<\/p>\n<p>i5 10400<br \/>A\u00f1o de lanzamiento<\/p>\n<p>2020<br \/>SKU<\/p>\n<p>BX8070110400<br \/>Tipos de memoria RAM soportadas<\/p>\n<p>DDR4<br \/>Potencia de dise\u00f1o t\u00e9rmico<\/p>\n<p>65 W<br \/>Con hyper-threading<\/p>\n<p>S\u00ed<\/p>\n","protected":false},"excerpt":{"rendered":"<p>Modelo alfanum\u00e9rico BX8070110400Aplicaci\u00f3n Computadoras de escritorioArquitectura Comet LakeMarca IntelCach\u00e9 12 MBZ\u00f3calos compatibles LGA1200Cantidad de n\u00facleos de CPU 6Cantidad de hilos de CPU 12Procesador gr\u00e1fico Intel UHD Graphics 630C\u00f3digo universal de producto 735858446006,5032037187138Es compatible con 4K S\u00edEs gamer S\u00edEs OEM NoEst\u00e1 desbloqueado S\u00edL\u00ednea Core i5Frecuencia m\u00e1xima de reloj 4.3 GHzTama\u00f1o m\u00e1ximo de memoria RAM soportada 128 [&hellip;]<\/p>\n","protected":false},"featured_media":6670,"comment_status":"open","ping_status":"closed","template":"","meta":{"_uag_custom_page_level_css":""},"product_brand":[],"product_cat":[121],"product_tag":[],"class_list":{"0":"post-17502","1":"product","2":"type-product","3":"status-publish","4":"has-post-thumbnail","6":"product_cat-procesadores-computacion","8":"first","9":"outofstock","10":"sale","11":"taxable","12":"shipping-taxable","13":"purchasable","14":"product-type-simple"},"uagb_featured_image_src":{"full":["https:\/\/rms-enlinea.com.ar\/wp-content\/uploads\/2025\/06\/D_612966-MLA42885628349_072020-F.jpg",1125,1200,false],"thumbnail":["https:\/\/rms-enlinea.com.ar\/wp-content\/uploads\/2025\/06\/D_612966-MLA42885628349_072020-F-150x150.jpg",150,150,true],"medium":["https:\/\/rms-enlinea.com.ar\/wp-content\/uploads\/2025\/06\/D_612966-MLA42885628349_072020-F-281x300.jpg",281,300,true],"medium_large":["https:\/\/rms-enlinea.com.ar\/wp-content\/uploads\/2025\/06\/D_612966-MLA42885628349_072020-F-768x819.jpg",768,819,true],"large":["https:\/\/rms-enlinea.com.ar\/wp-content\/uploads\/2025\/06\/D_612966-MLA42885628349_072020-F-960x1024.jpg",960,1024,true],"1536x1536":["https:\/\/rms-enlinea.com.ar\/wp-content\/uploads\/2025\/06\/D_612966-MLA42885628349_072020-F.jpg",1125,1200,false],"2048x2048":["https:\/\/rms-enlinea.com.ar\/wp-content\/uploads\/2025\/06\/D_612966-MLA42885628349_072020-F.jpg",1125,1200,false],"woocommerce_thumbnail":["https:\/\/rms-enlinea.com.ar\/wp-content\/uploads\/2025\/06\/D_612966-MLA42885628349_072020-F-450x450.jpg",450,450,true],"woocommerce_single":["https:\/\/rms-enlinea.com.ar\/wp-content\/uploads\/2025\/06\/D_612966-MLA42885628349_072020-F-600x640.jpg",600,640,true],"woocommerce_gallery_thumbnail":["https:\/\/rms-enlinea.com.ar\/wp-content\/uploads\/2025\/06\/D_612966-MLA42885628349_072020-F-100x100.jpg",100,100,true]},"uagb_author_info":{"display_name":"l0071054","author_link":"https:\/\/rms-enlinea.com.ar\/tienda\/author\/"},"uagb_comment_info":0,"uagb_excerpt":"Modelo alfanum\u00e9rico BX8070110400Aplicaci\u00f3n Computadoras de escritorioArquitectura Comet LakeMarca IntelCach\u00e9 12 MBZ\u00f3calos compatibles LGA1200Cantidad de n\u00facleos de CPU 6Cantidad de hilos de CPU 12Procesador gr\u00e1fico Intel UHD Graphics 630C\u00f3digo universal de producto 735858446006,5032037187138Es compatible con 4K S\u00edEs gamer S\u00edEs OEM NoEst\u00e1 desbloqueado S\u00edL\u00ednea Core i5Frecuencia m\u00e1xima de reloj 4.3 GHzTama\u00f1o m\u00e1ximo de memoria RAM soportada 128&hellip;","_links":{"self":[{"href":"https:\/\/rms-enlinea.com.ar\/tienda\/wp-json\/wp\/v2\/product\/17502","targetHints":{"allow":["GET"]}}],"collection":[{"href":"https:\/\/rms-enlinea.com.ar\/tienda\/wp-json\/wp\/v2\/product"}],"about":[{"href":"https:\/\/rms-enlinea.com.ar\/tienda\/wp-json\/wp\/v2\/types\/product"}],"replies":[{"embeddable":true,"href":"https:\/\/rms-enlinea.com.ar\/tienda\/wp-json\/wp\/v2\/comments?post=17502"}],"wp:featuredmedia":[{"embeddable":true,"href":"https:\/\/rms-enlinea.com.ar\/tienda\/wp-json\/wp\/v2\/media\/6670"}],"wp:attachment":[{"href":"https:\/\/rms-enlinea.com.ar\/tienda\/wp-json\/wp\/v2\/media?parent=17502"}],"wp:term":[{"taxonomy":"product_brand","embeddable":true,"href":"https:\/\/rms-enlinea.com.ar\/tienda\/wp-json\/wp\/v2\/product_brand?post=17502"},{"taxonomy":"product_cat","embeddable":true,"href":"https:\/\/rms-enlinea.com.ar\/tienda\/wp-json\/wp\/v2\/product_cat?post=17502"},{"taxonomy":"product_tag","embeddable":true,"href":"https:\/\/rms-enlinea.com.ar\/tienda\/wp-json\/wp\/v2\/product_tag?post=17502"}],"curies":[{"name":"wp","href":"https:\/\/api.w.org\/{rel}","templated":true}]}}