{"id":17544,"date":"2025-06-12T07:50:06","date_gmt":"2025-06-12T10:50:06","guid":{"rendered":"https:\/\/rms-enlinea.com.ar\/tienda\/producto\/silla-gamer-raidmax-dk-925wt-rgb-reclinable-control-remoto\/"},"modified":"2026-04-06T11:28:20","modified_gmt":"2026-04-06T14:28:20","slug":"silla-gamer-raidmax-dk-925wt-rgb-reclinable-control-remoto","status":"publish","type":"product","link":"https:\/\/rms-enlinea.com.ar\/tienda\/producto\/silla-gamer-raidmax-dk-925wt-rgb-reclinable-control-remoto\/","title":{"rendered":"Silla Gamer Raidmax Dk-925wt Rgb Reclinable Control Remoto"},"content":{"rendered":"<p>Con altura regulable<\/p>\n<p>S\u00ed<br \/>Marca<\/p>\n<p>Raidmax<br \/>Es ergon\u00f3mica<\/p>\n<p>S\u00ed<br \/>Es giratoria<\/p>\n<p>S\u00ed<br \/>Modelo<\/p>\n<p>DK925<br \/>Unidades por pack<\/p>\n<p>1<br \/>Material del tapizado<\/p>\n<p>Cuero sint\u00e9tico<br \/>Con apoyabrazos<\/p>\n<p>S\u00ed<br \/>Con respaldo reclinable<\/p>\n<p>S\u00ed<br \/>Con ruedas<\/p>\n<p>S\u00ed<\/p>\n","protected":false},"excerpt":{"rendered":"<p>Con altura regulable S\u00edMarca RaidmaxEs ergon\u00f3mica S\u00edEs giratoria S\u00edModelo DK925Unidades por pack 1Material del tapizado Cuero sint\u00e9ticoCon apoyabrazos S\u00edCon respaldo reclinable S\u00edCon ruedas S\u00ed<\/p>\n","protected":false},"featured_media":17545,"comment_status":"open","ping_status":"closed","template":"","meta":{"_uag_custom_page_level_css":""},"product_brand":[],"product_cat":[123],"product_tag":[],"class_list":{"0":"post-17544","1":"product","2":"type-product","3":"status-publish","4":"has-post-thumbnail","6":"product_cat-sillas-gamer","8":"first","9":"instock","10":"sale","11":"taxable","12":"shipping-taxable","13":"purchasable","14":"product-type-simple"},"uagb_featured_image_src":{"full":["https:\/\/rms-enlinea.com.ar\/wp-content\/uploads\/2025\/06\/D_619149-MLA84243550311_042025-F.jpg",1200,1200,false],"thumbnail":["https:\/\/rms-enlinea.com.ar\/wp-content\/uploads\/2025\/06\/D_619149-MLA84243550311_042025-F-150x150.jpg",150,150,true],"medium":["https:\/\/rms-enlinea.com.ar\/wp-content\/uploads\/2025\/06\/D_619149-MLA84243550311_042025-F-300x300.jpg",300,300,true],"medium_large":["https:\/\/rms-enlinea.com.ar\/wp-content\/uploads\/2025\/06\/D_619149-MLA84243550311_042025-F-768x768.jpg",768,768,true],"large":["https:\/\/rms-enlinea.com.ar\/wp-content\/uploads\/2025\/06\/D_619149-MLA84243550311_042025-F-1024x1024.jpg",1024,1024,true],"1536x1536":["https:\/\/rms-enlinea.com.ar\/wp-content\/uploads\/2025\/06\/D_619149-MLA84243550311_042025-F.jpg",1200,1200,false],"2048x2048":["https:\/\/rms-enlinea.com.ar\/wp-content\/uploads\/2025\/06\/D_619149-MLA84243550311_042025-F.jpg",1200,1200,false],"woocommerce_thumbnail":["https:\/\/rms-enlinea.com.ar\/wp-content\/uploads\/2025\/06\/D_619149-MLA84243550311_042025-F-450x450.jpg",450,450,true],"woocommerce_single":["https:\/\/rms-enlinea.com.ar\/wp-content\/uploads\/2025\/06\/D_619149-MLA84243550311_042025-F-600x600.jpg",600,600,true],"woocommerce_gallery_thumbnail":["https:\/\/rms-enlinea.com.ar\/wp-content\/uploads\/2025\/06\/D_619149-MLA84243550311_042025-F-100x100.jpg",100,100,true]},"uagb_author_info":{"display_name":"l0071054","author_link":"https:\/\/rms-enlinea.com.ar\/tienda\/author\/"},"uagb_comment_info":0,"uagb_excerpt":"Con altura regulable S\u00edMarca RaidmaxEs ergon\u00f3mica S\u00edEs giratoria S\u00edModelo DK925Unidades por pack 1Material del tapizado Cuero sint\u00e9ticoCon apoyabrazos S\u00edCon respaldo reclinable S\u00edCon ruedas S\u00ed","_links":{"self":[{"href":"https:\/\/rms-enlinea.com.ar\/tienda\/wp-json\/wp\/v2\/product\/17544","targetHints":{"allow":["GET"]}}],"collection":[{"href":"https:\/\/rms-enlinea.com.ar\/tienda\/wp-json\/wp\/v2\/product"}],"about":[{"href":"https:\/\/rms-enlinea.com.ar\/tienda\/wp-json\/wp\/v2\/types\/product"}],"replies":[{"embeddable":true,"href":"https:\/\/rms-enlinea.com.ar\/tienda\/wp-json\/wp\/v2\/comments?post=17544"}],"wp:featuredmedia":[{"embeddable":true,"href":"https:\/\/rms-enlinea.com.ar\/tienda\/wp-json\/wp\/v2\/media\/17545"}],"wp:attachment":[{"href":"https:\/\/rms-enlinea.com.ar\/tienda\/wp-json\/wp\/v2\/media?parent=17544"}],"wp:term":[{"taxonomy":"product_brand","embeddable":true,"href":"https:\/\/rms-enlinea.com.ar\/tienda\/wp-json\/wp\/v2\/product_brand?post=17544"},{"taxonomy":"product_cat","embeddable":true,"href":"https:\/\/rms-enlinea.com.ar\/tienda\/wp-json\/wp\/v2\/product_cat?post=17544"},{"taxonomy":"product_tag","embeddable":true,"href":"https:\/\/rms-enlinea.com.ar\/tienda\/wp-json\/wp\/v2\/product_tag?post=17544"}],"curies":[{"name":"wp","href":"https:\/\/api.w.org\/{rel}","templated":true}]}}