{"id":17641,"date":"2025-06-12T07:52:18","date_gmt":"2025-06-12T10:52:18","guid":{"rendered":"https:\/\/rms-enlinea.com.ar\/tienda\/producto\/memoria-ddr4-8gb-netac-shadow-3200mhz-c16-ntsdd4p32sp-08y\/"},"modified":"2026-05-04T11:32:30","modified_gmt":"2026-05-04T14:32:30","slug":"memoria-ddr4-8gb-netac-shadow-3200mhz-c16-ntsdd4p32sp-08y","status":"publish","type":"product","link":"https:\/\/rms-enlinea.com.ar\/tienda\/producto\/memoria-ddr4-8gb-netac-shadow-3200mhz-c16-ntsdd4p32sp-08y\/","title":{"rendered":"Memoria Ddr4 8gb Netac Shadow 3200mhz C16 Ntsdd4p32sp-08y"},"content":{"rendered":"<p>Aplicaci\u00f3n<\/p>\n<p>Computadoras de escritorio<br \/>Marca<\/p>\n<p>Netac<br \/>Latencia CAS<\/p>\n<p>16<br \/>Capacidad individual<\/p>\n<p>16 GB<br \/>L\u00ednea<\/p>\n<p>Shadow<br \/>Fabricante<\/p>\n<p>Netac<br \/>Formato<\/p>\n<p>DIMM<br \/>M\u00f3dulos de memoria<\/p>\n<p>1<br \/>Tecnolog\u00eda de la memoria<\/p>\n<p>DDR4<br \/>Modelo<\/p>\n<p>NTSDD4P32SP-16Y<br \/>Cantidad de pines<\/p>\n<p>288<br \/>Velocidad<\/p>\n<p>3200 MHz<br \/>Voltaje de alimentaci\u00f3n<\/p>\n<p>1.35V<br \/>Capacidad total<\/p>\n<p>16 GB<br \/>Tasa de transferencia<\/p>\n<p>25600 MB\/s<\/p>\n","protected":false},"excerpt":{"rendered":"<p>Aplicaci\u00f3n Computadoras de escritorioMarca NetacLatencia CAS 16Capacidad individual 16 GBL\u00ednea ShadowFabricante NetacFormato DIMMM\u00f3dulos de memoria 1Tecnolog\u00eda de la memoria DDR4Modelo NTSDD4P32SP-16YCantidad de pines 288Velocidad 3200 MHzVoltaje de alimentaci\u00f3n 1.35VCapacidad total 16 GBTasa de transferencia 25600 MB\/s<\/p>\n","protected":false},"featured_media":17642,"comment_status":"open","ping_status":"closed","template":"","meta":{"_uag_custom_page_level_css":""},"product_brand":[570],"product_cat":[112],"product_tag":[],"class_list":{"0":"post-17641","1":"product","2":"type-product","3":"status-publish","4":"has-post-thumbnail","6":"product_brand-netac","7":"product_cat-mamorias","9":"first","10":"outofstock","11":"sale","12":"taxable","13":"shipping-taxable","14":"purchasable","15":"product-type-simple"},"uagb_featured_image_src":{"full":["https:\/\/rms-enlinea.com.ar\/wp-content\/uploads\/2025\/06\/D_941925-MLA74966220072_032024-F.jpg",974,272,false],"thumbnail":["https:\/\/rms-enlinea.com.ar\/wp-content\/uploads\/2025\/06\/D_941925-MLA74966220072_032024-F-150x150.jpg",150,150,true],"medium":["https:\/\/rms-enlinea.com.ar\/wp-content\/uploads\/2025\/06\/D_941925-MLA74966220072_032024-F-300x84.jpg",300,84,true],"medium_large":["https:\/\/rms-enlinea.com.ar\/wp-content\/uploads\/2025\/06\/D_941925-MLA74966220072_032024-F-768x214.jpg",768,214,true],"large":["https:\/\/rms-enlinea.com.ar\/wp-content\/uploads\/2025\/06\/D_941925-MLA74966220072_032024-F.jpg",974,272,false],"1536x1536":["https:\/\/rms-enlinea.com.ar\/wp-content\/uploads\/2025\/06\/D_941925-MLA74966220072_032024-F.jpg",974,272,false],"2048x2048":["https:\/\/rms-enlinea.com.ar\/wp-content\/uploads\/2025\/06\/D_941925-MLA74966220072_032024-F.jpg",974,272,false],"woocommerce_thumbnail":["https:\/\/rms-enlinea.com.ar\/wp-content\/uploads\/2025\/06\/D_941925-MLA74966220072_032024-F-450x272.jpg",450,272,true],"woocommerce_single":["https:\/\/rms-enlinea.com.ar\/wp-content\/uploads\/2025\/06\/D_941925-MLA74966220072_032024-F-600x168.jpg",600,168,true],"woocommerce_gallery_thumbnail":["https:\/\/rms-enlinea.com.ar\/wp-content\/uploads\/2025\/06\/D_941925-MLA74966220072_032024-F-100x100.jpg",100,100,true]},"uagb_author_info":{"display_name":"l0071054","author_link":"https:\/\/rms-enlinea.com.ar\/tienda\/author\/"},"uagb_comment_info":0,"uagb_excerpt":"Aplicaci\u00f3n Computadoras de escritorioMarca NetacLatencia CAS 16Capacidad individual 16 GBL\u00ednea ShadowFabricante NetacFormato DIMMM\u00f3dulos de memoria 1Tecnolog\u00eda de la memoria DDR4Modelo NTSDD4P32SP-16YCantidad de pines 288Velocidad 3200 MHzVoltaje de alimentaci\u00f3n 1.35VCapacidad total 16 GBTasa de transferencia 25600 MB\/s","_links":{"self":[{"href":"https:\/\/rms-enlinea.com.ar\/tienda\/wp-json\/wp\/v2\/product\/17641","targetHints":{"allow":["GET"]}}],"collection":[{"href":"https:\/\/rms-enlinea.com.ar\/tienda\/wp-json\/wp\/v2\/product"}],"about":[{"href":"https:\/\/rms-enlinea.com.ar\/tienda\/wp-json\/wp\/v2\/types\/product"}],"replies":[{"embeddable":true,"href":"https:\/\/rms-enlinea.com.ar\/tienda\/wp-json\/wp\/v2\/comments?post=17641"}],"wp:featuredmedia":[{"embeddable":true,"href":"https:\/\/rms-enlinea.com.ar\/tienda\/wp-json\/wp\/v2\/media\/17642"}],"wp:attachment":[{"href":"https:\/\/rms-enlinea.com.ar\/tienda\/wp-json\/wp\/v2\/media?parent=17641"}],"wp:term":[{"taxonomy":"product_brand","embeddable":true,"href":"https:\/\/rms-enlinea.com.ar\/tienda\/wp-json\/wp\/v2\/product_brand?post=17641"},{"taxonomy":"product_cat","embeddable":true,"href":"https:\/\/rms-enlinea.com.ar\/tienda\/wp-json\/wp\/v2\/product_cat?post=17641"},{"taxonomy":"product_tag","embeddable":true,"href":"https:\/\/rms-enlinea.com.ar\/tienda\/wp-json\/wp\/v2\/product_tag?post=17641"}],"curies":[{"name":"wp","href":"https:\/\/api.w.org\/{rel}","templated":true}]}}